{"id":13,"date":"2018-05-08T14:32:59","date_gmt":"2018-05-08T14:32:59","guid":{"rendered":"https:\/\/k8s.p4.greenpeace.org\/defaultcontent\/?page_id=13"},"modified":"2021-08-30T11:07:13","modified_gmt":"2021-08-30T14:07:13","slug":"home","status":"publish","type":"page","link":"https:\/\/www.greenpeace.org\/peru\/","title":{"rendered":"Home"},"content":{"rendered":"<p>&nbsp;<\/p>\n<p>&nbsp;<\/p>\n<div data-render=\"planet4-blocks\/columns\" data-attributes=\"{&quot;attributes&quot;:{&quot;columns_block_style&quot;:&quot;icons&quot;,&quot;columns_title&quot;:&quot;Conoce nuestra organizaci\\u00f3n&quot;,&quot;columns_description&quot;:&quot;En Greenpeace tenemos como misi\\u00f3n trabajar por un mundo m\\u00e1s pac\\u00edfico y verde.&quot;,&quot;columns&quot;:[{&quot;title&quot;:&quot;Qui\\u00e9nes somos&quot;,&quot;description&quot;:&quot;Trabajamos para defender el medio ambiente, promover la paz y estimular a las personas para que cambien actitudes y comportamientos que ponen en riesgo a la naturaleza.&quot;,&quot;attachment&quot;:&quot;https:\\\/\\\/www.greenpeace.org\\\/static\\\/planet4-peru-stateless\\\/2018\\\/06\\\/e42569b2-values.png&quot;,&quot;cta_link&quot;:&quot;https:\\\/\\\/www.greenpeace.org\\\/peru\\\/sobre-nosotros\\\/&quot;,&quot;link_new_tab&quot;:false,&quot;cta_text&quot;:&quot;Lee m\\u00e1s&quot;,&quot;attachment_srcset&quot;:false},{&quot;title&quot;:&quot;Nuestros barcos&quot;,&quot;description&quot;:&quot;El Rainbow Warrior, el Esperanza y el Arctic Sunrise son fundamentales para llevar a cabo campa\\u00f1as alrededor del mundo.&quot;,&quot;attachment&quot;:&quot;https:\\\/\\\/www.greenpeace.org\\\/static\\\/planet4-peru-stateless\\\/2018\\\/06\\\/a58ce16f-history-150x150.png&quot;,&quot;cta_link&quot;:&quot;https:\\\/\\\/www.greenpeace.org\\\/peru\\\/nuestros-barcos\\\/&quot;,&quot;link_new_tab&quot;:false,&quot;cta_text&quot;:&quot;Lee m\\u00e1s&quot;,&quot;attachment_srcset&quot;:false},{&quot;title&quot;:&quot;Campa\\u00f1as ganadas&quot;,&quot;description&quot;:&quot;Nos sentimos orgullosos de formar parte de una red global de organizaciones independientes de Greenpeace. Descubre todo lo que logramos.&quot;,&quot;attachment&quot;:&quot;https:\\\/\\\/www.greenpeace.org\\\/static\\\/planet4-peru-stateless\\\/2018\\\/06\\\/47a0b301-organisation.png&quot;,&quot;cta_link&quot;:&quot;https:\\\/\\\/www.greenpeace.org\\\/peru\\\/campanas-ganadas\\\/&quot;,&quot;link_new_tab&quot;:false,&quot;cta_text&quot;:&quot;Lee m\\u00e1s&quot;,&quot;attachment_srcset&quot;:false}],&quot;className&quot;:&quot;is-style-icons&quot;}}\"><\/div>\n<div class=\"wp-block-planet4-blocks-carousel-header\"><div data-hydrate=\"planet4-blocks\/carousel-header\" data-attributes=\"{&quot;carousel_autoplay&quot;:false,&quot;slides&quot;:[{&quot;image&quot;:61,&quot;focal_points&quot;:{&quot;x&quot;:0,&quot;y&quot;:0},&quot;header&quot;:&quot;Clima y Energ\u00eda&quot;,&quot;description&quot;:&quot;El derretimiento de las capas de hielo y los glaciares est\u00e1n subiendo el nivel del mar y poniendo a millones de personas en riesgo.&quot;,&quot;link_text&quot;:&quot;Lee M\u00e1s&quot;,&quot;link_url&quot;:&quot;https:\/\/www.greenpeace.org\/peru\/act\/clima-y-energia\/&quot;,&quot;link_url_new_tab&quot;:false,&quot;image_url&quot;:&quot;https:\/\/www.greenpeace.org\/static\/planet4-peru-stateless\/2018\/05\/0afea1cf-energy.jpg&quot;,&quot;image_srcset&quot;:&quot;https:\/\/www.greenpeace.org\/static\/planet4-peru-stateless\/2018\/05\/0afea1cf-energy-150x150.jpg 150w,https:\/\/www.greenpeace.org\/static\/planet4-peru-stateless\/2018\/05\/0afea1cf-energy-300x200.jpg 300w,https:\/\/www.greenpeace.org\/static\/planet4-peru-stateless\/2018\/05\/0afea1cf-energy-768x512.jpg 768w,https:\/\/www.greenpeace.org\/static\/planet4-peru-stateless\/2018\/05\/0afea1cf-energy-1024x683.jpg 1024w,https:\/\/www.greenpeace.org\/static\/planet4-peru-stateless\/2018\/05\/0afea1cf-energy-2048x1366.jpg 2048w,https:\/\/www.greenpeace.org\/static\/planet4-peru-stateless\/2018\/05\/0afea1cf-energy-510x340.jpg 510w,https:\/\/www.greenpeace.org\/static\/planet4-peru-stateless\/2018\/05\/0afea1cf-energy.jpg 2500w&quot;,&quot;image_alt&quot;:&quot;PS10 Solar Tower Plant in Spain. \u00a9 Markel Redondo \/ Greenpeace&quot;},{&quot;image&quot;:633,&quot;focal_points&quot;:{&quot;x&quot;:0,&quot;y&quot;:0},&quot;header&quot;:&quot;Oc\u00e9anos&quot;,&quot;description&quot;:&quot;Sin los oc\u00e9anos no habr\u00eda vida en la Tierra, es as\u00ed de simple. A pesar de esto, est\u00e1n cada vez m\u00e1s amenazados por los impactos de la actividad humana y el cambio clim\u00e1tico.&quot;,&quot;link_text&quot;:&quot;Lee M\u00e1s&quot;,&quot;link_url&quot;:&quot;https:\/\/www.greenpeace.org\/peru\/oceanos\/&quot;,&quot;link_url_new_tab&quot;:false,&quot;image_url&quot;:&quot;https:\/\/www.greenpeace.org\/static\/planet4-peru-stateless\/2019\/09\/c1a289d5-7bc3b44f-gp0stpsop_high_res.jpg&quot;,&quot;image_srcset&quot;:&quot;https:\/\/www.greenpeace.org\/static\/planet4-peru-stateless\/2019\/09\/c1a289d5-7bc3b44f-gp0stpsop_high_res-150x150.jpg 150w,https:\/\/www.greenpeace.org\/static\/planet4-peru-stateless\/2019\/09\/c1a289d5-7bc3b44f-gp0stpsop_high_res-300x200.jpg 300w,https:\/\/www.greenpeace.org\/static\/planet4-peru-stateless\/2019\/09\/c1a289d5-7bc3b44f-gp0stpsop_high_res-768x512.jpg 768w,https:\/\/www.greenpeace.org\/static\/planet4-peru-stateless\/2019\/09\/c1a289d5-7bc3b44f-gp0stpsop_high_res-1024x683.jpg 1024w,https:\/\/www.greenpeace.org\/static\/planet4-peru-stateless\/2019\/09\/c1a289d5-7bc3b44f-gp0stpsop_high_res-2048x1366.jpg 2048w,https:\/\/www.greenpeace.org\/static\/planet4-peru-stateless\/2019\/09\/c1a289d5-7bc3b44f-gp0stpsop_high_res-510x340.jpg 510w,https:\/\/www.greenpeace.org\/static\/planet4-peru-stateless\/2019\/09\/c1a289d5-7bc3b44f-gp0stpsop_high_res.jpg 5616w&quot;,&quot;image_alt&quot;:&quot;&quot;},{&quot;image&quot;:636,&quot;focal_points&quot;:{&quot;x&quot;:0,&quot;y&quot;:0},&quot;header&quot;:&quot;Contaminaci\u00f3n&quot;,&quot;description&quot;:&quot;Las sustancias t\u00f3xicas pueden estar en nuestro hogar, en la ropa que utilizamos, en aparatos electr\u00f3nicos, cosm\u00e9ticos y hasta en la comida que consumimos.&quot;,&quot;link_text&quot;:&quot;Lee M\u00e1s&quot;,&quot;link_url&quot;:&quot;https:\/\/www.greenpeace.org\/peru\/contaminacion\/&quot;,&quot;link_url_new_tab&quot;:false,&quot;image_url&quot;:&quot;https:\/\/www.greenpeace.org\/static\/planet4-peru-stateless\/2019\/09\/80ebab66-92219091-gp024s5_high_res.jpg&quot;,&quot;image_srcset&quot;:&quot;https:\/\/www.greenpeace.org\/static\/planet4-peru-stateless\/2019\/09\/80ebab66-92219091-gp024s5_high_res-150x150.jpg 150w,https:\/\/www.greenpeace.org\/static\/planet4-peru-stateless\/2019\/09\/80ebab66-92219091-gp024s5_high_res-300x200.jpg 300w,https:\/\/www.greenpeace.org\/static\/planet4-peru-stateless\/2019\/09\/80ebab66-92219091-gp024s5_high_res-768x512.jpg 768w,https:\/\/www.greenpeace.org\/static\/planet4-peru-stateless\/2019\/09\/80ebab66-92219091-gp024s5_high_res-1024x683.jpg 1024w,https:\/\/www.greenpeace.org\/static\/planet4-peru-stateless\/2019\/09\/80ebab66-92219091-gp024s5_high_res-2048x1366.jpg 2048w,https:\/\/www.greenpeace.org\/static\/planet4-peru-stateless\/2019\/09\/80ebab66-92219091-gp024s5_high_res-510x340.jpg 510w,https:\/\/www.greenpeace.org\/static\/planet4-peru-stateless\/2019\/09\/80ebab66-92219091-gp024s5_high_res.jpg 2784w&quot;,&quot;image_alt&quot;:&quot;&quot;},{&quot;image&quot;:639,&quot;focal_points&quot;:{&quot;x&quot;:0,&quot;y&quot;:0},&quot;header&quot;:&quot;Bosques&quot;,&quot;description&quot;:&quot;Los bosques nativos concentran m\u00e1s de la mitad de la biodiversidad terrestre del planeta. Son nuestro patrimonio natural m\u00e1s importante, pero tambi\u00e9n el m\u00e1s amenazado y depredado.&quot;,&quot;link_text&quot;:&quot;Lee M\u00e1s&quot;,&quot;link_url&quot;:&quot;https:\/\/www.greenpeace.org\/peru\/bosques\/&quot;,&quot;link_url_new_tab&quot;:false,&quot;image_url&quot;:&quot;https:\/\/www.greenpeace.org\/static\/planet4-peru-stateless\/2019\/09\/557da225-c0f2fe69-img_1330.jpg&quot;,&quot;image_srcset&quot;:&quot;https:\/\/www.greenpeace.org\/static\/planet4-peru-stateless\/2019\/09\/557da225-c0f2fe69-img_1330-150x150.jpg 150w,https:\/\/www.greenpeace.org\/static\/planet4-peru-stateless\/2019\/09\/557da225-c0f2fe69-img_1330-300x168.jpg 300w,https:\/\/www.greenpeace.org\/static\/planet4-peru-stateless\/2019\/09\/557da225-c0f2fe69-img_1330-768x431.jpg 768w,https:\/\/www.greenpeace.org\/static\/planet4-peru-stateless\/2019\/09\/557da225-c0f2fe69-img_1330-1024x575.jpg 1024w,https:\/\/www.greenpeace.org\/static\/planet4-peru-stateless\/2019\/09\/557da225-c0f2fe69-img_1330-2048x1150.jpg 2048w,https:\/\/www.greenpeace.org\/static\/planet4-peru-stateless\/2019\/09\/557da225-c0f2fe69-img_1330-510x286.jpg 510w,https:\/\/www.greenpeace.org\/static\/planet4-peru-stateless\/2019\/09\/557da225-c0f2fe69-img_1330.jpg 2500w&quot;,&quot;image_alt&quot;:&quot;&quot;}]}\" data-reactroot=\"\"><section class=\"block block-header block-wide carousel-header \"><div class=\"carousel-wrapper-header\"><div class=\"carousel-inner\" role=\"listbox\"><div class=\"carousel-item active\"><div class=\"carousel-item-mask\"><div class=\"background-holder\"><img decoding=\"async\" src=\"https:\/\/www.greenpeace.org\/static\/planet4-peru-stateless\/2018\/05\/0afea1cf-energy.jpg\" style=\"object-position:0% 0%\" srcSet=\"https:\/\/www.greenpeace.org\/static\/planet4-peru-stateless\/2018\/05\/0afea1cf-energy-150x150.jpg 150w,https:\/\/www.greenpeace.org\/static\/planet4-peru-stateless\/2018\/05\/0afea1cf-energy-300x200.jpg 300w,https:\/\/www.greenpeace.org\/static\/planet4-peru-stateless\/2018\/05\/0afea1cf-energy-768x512.jpg 768w,https:\/\/www.greenpeace.org\/static\/planet4-peru-stateless\/2018\/05\/0afea1cf-energy-1024x683.jpg 1024w,https:\/\/www.greenpeace.org\/static\/planet4-peru-stateless\/2018\/05\/0afea1cf-energy-2048x1366.jpg 2048w,https:\/\/www.greenpeace.org\/static\/planet4-peru-stateless\/2018\/05\/0afea1cf-energy-510x340.jpg 510w,https:\/\/www.greenpeace.org\/static\/planet4-peru-stateless\/2018\/05\/0afea1cf-energy.jpg 2500w\" alt=\"PS10 Solar Tower Plant in Spain. \u00a9 Markel Redondo \/ Greenpeace\"\/><\/div><div class=\"carousel-caption\"><div class=\"caption-overlay\"><\/div><div class=\"container main-header\"><div class=\"carousel-captions-wrapper\"><h1>Clima y Energ\u00eda<\/h1><p>El derretimiento de las capas de hielo y los glaciares est\u00e1n subiendo el nivel del mar y poniendo a millones de personas en riesgo.<\/p><\/div><div class=\"col-xs-12 col-sm-8 col-md-4 action-button\"><a href=\"https:\/\/www.greenpeace.org\/peru\/act\/clima-y-energia\/\" target=\"_self\" class=\"btn btn-primary btn-block\" data-ga-category=\"Carousel Header\" data-ga-action=\"Call to Action\" rel=\"noopener noreferrer\"><span>Lee M\u00e1s<\/span><\/a><\/div><\/div><\/div><\/div><\/div><div class=\"carousel-item \"><div class=\"carousel-item-mask\"><div class=\"background-holder\"><img decoding=\"async\" src=\"https:\/\/www.greenpeace.org\/static\/planet4-peru-stateless\/2018\/05\/0afea1cf-energy.jpg\" style=\"object-position:0% 0%\" srcSet=\"https:\/\/www.greenpeace.org\/static\/planet4-peru-stateless\/2018\/05\/0afea1cf-energy-150x150.jpg 150w,https:\/\/www.greenpeace.org\/static\/planet4-peru-stateless\/2018\/05\/0afea1cf-energy-300x200.jpg 300w,https:\/\/www.greenpeace.org\/static\/planet4-peru-stateless\/2018\/05\/0afea1cf-energy-768x512.jpg 768w,https:\/\/www.greenpeace.org\/static\/planet4-peru-stateless\/2018\/05\/0afea1cf-energy-1024x683.jpg 1024w,https:\/\/www.greenpeace.org\/static\/planet4-peru-stateless\/2018\/05\/0afea1cf-energy-2048x1366.jpg 2048w,https:\/\/www.greenpeace.org\/static\/planet4-peru-stateless\/2018\/05\/0afea1cf-energy-510x340.jpg 510w,https:\/\/www.greenpeace.org\/static\/planet4-peru-stateless\/2018\/05\/0afea1cf-energy.jpg 2500w\" alt=\"PS10 Solar Tower Plant in Spain. \u00a9 Markel Redondo \/ Greenpeace\"\/><\/div><div class=\"carousel-caption\"><div class=\"caption-overlay\"><\/div><div class=\"container main-header\"><div class=\"carousel-captions-wrapper\"><h1>Oc\u00e9anos<\/h1><p>Sin los oc\u00e9anos no habr\u00eda vida en la Tierra, es as\u00ed de simple. A pesar de esto, est\u00e1n cada vez m\u00e1s amenazados por los impactos de la actividad humana y el cambio clim\u00e1tico.<\/p><\/div><div class=\"col-xs-12 col-sm-8 col-md-4 action-button\"><a href=\"https:\/\/www.greenpeace.org\/peru\/oceanos\/\" target=\"_self\" class=\"btn btn-primary btn-block\" data-ga-category=\"Carousel Header\" data-ga-action=\"Call to Action\" rel=\"noopener noreferrer\"><span>Lee M\u00e1s<\/span><\/a><\/div><\/div><\/div><\/div><\/div><div class=\"carousel-item \"><div class=\"carousel-item-mask\"><div class=\"background-holder\"><img decoding=\"async\" src=\"https:\/\/www.greenpeace.org\/static\/planet4-peru-stateless\/2018\/05\/0afea1cf-energy.jpg\" style=\"object-position:0% 0%\" srcSet=\"https:\/\/www.greenpeace.org\/static\/planet4-peru-stateless\/2018\/05\/0afea1cf-energy-150x150.jpg 150w,https:\/\/www.greenpeace.org\/static\/planet4-peru-stateless\/2018\/05\/0afea1cf-energy-300x200.jpg 300w,https:\/\/www.greenpeace.org\/static\/planet4-peru-stateless\/2018\/05\/0afea1cf-energy-768x512.jpg 768w,https:\/\/www.greenpeace.org\/static\/planet4-peru-stateless\/2018\/05\/0afea1cf-energy-1024x683.jpg 1024w,https:\/\/www.greenpeace.org\/static\/planet4-peru-stateless\/2018\/05\/0afea1cf-energy-2048x1366.jpg 2048w,https:\/\/www.greenpeace.org\/static\/planet4-peru-stateless\/2018\/05\/0afea1cf-energy-510x340.jpg 510w,https:\/\/www.greenpeace.org\/static\/planet4-peru-stateless\/2018\/05\/0afea1cf-energy.jpg 2500w\" alt=\"PS10 Solar Tower Plant in Spain. \u00a9 Markel Redondo \/ Greenpeace\"\/><\/div><div class=\"carousel-caption\"><div class=\"caption-overlay\"><\/div><div class=\"container main-header\"><div class=\"carousel-captions-wrapper\"><h1>Contaminaci\u00f3n<\/h1><p>Las sustancias t\u00f3xicas pueden estar en nuestro hogar, en la ropa que utilizamos, en aparatos electr\u00f3nicos, cosm\u00e9ticos y hasta en la comida que consumimos.<\/p><\/div><div class=\"col-xs-12 col-sm-8 col-md-4 action-button\"><a href=\"https:\/\/www.greenpeace.org\/peru\/contaminacion\/\" target=\"_self\" class=\"btn btn-primary btn-block\" data-ga-category=\"Carousel Header\" data-ga-action=\"Call to Action\" rel=\"noopener noreferrer\"><span>Lee M\u00e1s<\/span><\/a><\/div><\/div><\/div><\/div><\/div><div class=\"carousel-item \"><div class=\"carousel-item-mask\"><div class=\"background-holder\"><img decoding=\"async\" src=\"https:\/\/www.greenpeace.org\/static\/planet4-peru-stateless\/2018\/05\/0afea1cf-energy.jpg\" style=\"object-position:0% 0%\" srcSet=\"https:\/\/www.greenpeace.org\/static\/planet4-peru-stateless\/2018\/05\/0afea1cf-energy-150x150.jpg 150w,https:\/\/www.greenpeace.org\/static\/planet4-peru-stateless\/2018\/05\/0afea1cf-energy-300x200.jpg 300w,https:\/\/www.greenpeace.org\/static\/planet4-peru-stateless\/2018\/05\/0afea1cf-energy-768x512.jpg 768w,https:\/\/www.greenpeace.org\/static\/planet4-peru-stateless\/2018\/05\/0afea1cf-energy-1024x683.jpg 1024w,https:\/\/www.greenpeace.org\/static\/planet4-peru-stateless\/2018\/05\/0afea1cf-energy-2048x1366.jpg 2048w,https:\/\/www.greenpeace.org\/static\/planet4-peru-stateless\/2018\/05\/0afea1cf-energy-510x340.jpg 510w,https:\/\/www.greenpeace.org\/static\/planet4-peru-stateless\/2018\/05\/0afea1cf-energy.jpg 2500w\" alt=\"PS10 Solar Tower Plant in Spain. \u00a9 Markel Redondo \/ Greenpeace\"\/><\/div><div class=\"carousel-caption\"><div class=\"caption-overlay\"><\/div><div class=\"container main-header\"><div class=\"carousel-captions-wrapper\"><h1>Bosques<\/h1><p>Los bosques nativos concentran m\u00e1s de la mitad de la biodiversidad terrestre del planeta. Son nuestro patrimonio natural m\u00e1s importante, pero tambi\u00e9n el m\u00e1s amenazado y depredado.<\/p><\/div><div class=\"col-xs-12 col-sm-8 col-md-4 action-button\"><a href=\"https:\/\/www.greenpeace.org\/peru\/bosques\/\" target=\"_self\" class=\"btn btn-primary btn-block\" data-ga-category=\"Carousel Header\" data-ga-action=\"Call to Action\" rel=\"noopener noreferrer\"><span>Lee M\u00e1s<\/span><\/a><\/div><\/div><\/div><\/div><\/div><button class=\"carousel-control-prev\" role=\"button\"><span class=\"carousel-control-prev-icon\" aria-hidden=\"true\"><i><\/i><\/span><span class=\"visually-hidden\">Previous<\/span><\/button><button class=\"carousel-control-next\" role=\"button\"><span class=\"carousel-control-next-icon\" aria-hidden=\"true\"><i><\/i><\/span><span class=\"visually-hidden\">Next<\/span><\/button><div class=\"carousel-indicators-wrapper\"><div class=\"container\"><div class=\"row\"><div class=\"col\"><ol class=\"carousel-indicators\"><li class=\"active\"><\/li><li class=\"\"><\/li><li class=\"\"><\/li><li class=\"\"><\/li><\/ol><\/div><\/div><\/div><\/div><\/div><\/div><\/section><\/div><\/div>\n","protected":false},"excerpt":{"rendered":"<p>&nbsp; &nbsp;<\/p>\n","protected":false},"author":1,"featured_media":0,"parent":0,"menu_order":0,"comment_status":"closed","ping_status":"closed","template":"","meta":{"ep_exclude_from_search":false,"p4_hide_page_title_checkbox":"","p4_title":"","p4_subtitle":"","p4_description":"","background_image_id":"","background_image":"","p4_button_title":"","p4_button_link":"","p4_button_link_checkbox":"","p4_og_title":"","p4_og_description":"","p4_og_image":"","p4_og_image_id":"","p4_seo_canonical_url":"","p4_campaign_name":"not set","p4_local_project":"not set","p4_basket_name":"not set","p4_department":"","footnotes":""},"categories":[],"tags":[],"class_list":["post-13","page","type-page","status-publish","hentry"],"_links":{"self":[{"href":"https:\/\/www.greenpeace.org\/peru\/wp-json\/wp\/v2\/pages\/13","targetHints":{"allow":["GET"]}}],"collection":[{"href":"https:\/\/www.greenpeace.org\/peru\/wp-json\/wp\/v2\/pages"}],"about":[{"href":"https:\/\/www.greenpeace.org\/peru\/wp-json\/wp\/v2\/types\/page"}],"author":[{"embeddable":true,"href":"https:\/\/www.greenpeace.org\/peru\/wp-json\/wp\/v2\/users\/1"}],"replies":[{"embeddable":true,"href":"https:\/\/www.greenpeace.org\/peru\/wp-json\/wp\/v2\/comments?post=13"}],"version-history":[{"count":19,"href":"https:\/\/www.greenpeace.org\/peru\/wp-json\/wp\/v2\/pages\/13\/revisions"}],"predecessor-version":[{"id":737,"href":"https:\/\/www.greenpeace.org\/peru\/wp-json\/wp\/v2\/pages\/13\/revisions\/737"}],"wp:attachment":[{"href":"https:\/\/www.greenpeace.org\/peru\/wp-json\/wp\/v2\/media?parent=13"}],"wp:term":[{"taxonomy":"category","embeddable":true,"href":"https:\/\/www.greenpeace.org\/peru\/wp-json\/wp\/v2\/categories?post=13"},{"taxonomy":"post_tag","embeddable":true,"href":"https:\/\/www.greenpeace.org\/peru\/wp-json\/wp\/v2\/tags?post=13"}],"curies":[{"name":"wp","href":"https:\/\/api.w.org\/{rel}","templated":true}]}}