{"id":2482,"date":"2019-06-18T17:42:00","date_gmt":"2019-06-18T15:42:00","guid":{"rendered":"https:\/\/master.k8s.p4.greenpeace.org\/poland\/?page_id=2482"},"modified":"2026-04-08T10:55:45","modified_gmt":"2026-04-08T08:55:45","slug":"dzialaj-dla-puszczy","status":"publish","type":"page","link":"https:\/\/www.greenpeace.org\/poland\/dzialaj-old\/dzialaj-dla-puszczy\/","title":{"rendered":"Dzia\u0142aj dla Puszczy Bia\u0142owieskiej!"},"content":{"rendered":"\n                \n                <div class=\"wp-block-group alignfull is-layout-flow wp-block-group-is-layout-flow\">\n                \n                <div class=\"wp-block-group container is-layout-flow wp-block-group-is-layout-flow\">\n                \n                <div class=\"wp-block-media-text alignfull has-media-on-the-right is-stacked-on-mobile is-pattern-p4-page-header is-style-parallax\">\n\n                <div class=\"wp-block-media-text__content\">\n                    <div class=\"wp-block-group is-layout-flow wp-block-group-is-layout-flow\">\n                    \n                        <h1 class=\"wp-block-heading has-white-background-color has-background\">\n                            Puszcza Bia\u0142owieska zn\u00f3w jest zagro\u017cona!\n                        <\/h1>\n                    <\/div>\n                \n\n                \n                        <p style=\"font-size:1.25rem\">\n                            Wszystkie r\u0119ce na pok\u0142ad. Nadszed\u0142 kolejny trudny moment dla Puszczy Bia\u0142owieskiej. Po miesi\u0105cach wzgl\u0119dnego spokoju przed Puszcz\u0105 stan\u0119\u0142o ogromne ryzyko &#8211; rozdzielenia jej na dwie cz\u0119\u015bci przez budow\u0119 sze\u015bciometrowego muru zwie\u0144czonego drutem kolczastym w samym jej sercu. Naukowcy m\u00f3wi\u0105 jednog\u0142o\u015bnie: dla emblematycznych ssak\u00f3w Puszczy to katastrofa, a rysie mog\u0105 przez o ca\u0142kiem znikn\u0105\u0107 z tego wyj\u0105tkowego lasu. Aby nie dopu\u015bci\u0107 do zniszczenia Puszczy, musimy dzia\u0142a\u0107 razem &#8211; zosta\u0144 Obro\u0144c\u0105 \/ Obro\u0144czyni\u0105 Puszczy. Poni\u017cej dowiesz si\u0119 jak.\n                        <\/p>\n                    \n\n                \n                        <div class=\"wp-block-buttons is-layout-flex wp-block-buttons-is-layout-flex\">\n                            \n                        <\/div>\n                        <div class=\"wp-block-button is-style-cta\">\n                            <a class=\"wp-block-button__link wp-element-button\" href=\"https:\/\/dzialaj.greenpeace.pl\/nie-dla-muru?utm_source=GPPL&#038;utm_medium=strona\" target=\"_blank\" rel=\"noreferrer noopener\">\n                                Podpisz: NIE murowi przez serce Puszczy!\n                            <\/a>\n                        <\/div>\n                    \n\n                <\/div>\n                <figure class=\"wp-block-media-text__media\">\n                    <img loading=\"lazy\" decoding=\"async\" width=\"5184\" height=\"3456\"\n                        src=\"https:\/\/www.greenpeace.org\/static\/planet4-poland-stateless\/2019\/06\/7fbe2b54-1605-00326c-adamlawnik.jpg\"\n                        alt=\"\"\n                        sizes=\"auto, (min-width: 601px) 50vw, 100vw\" srcset=\"https:\/\/www.greenpeace.org\/static\/planet4-poland-stateless\/2019\/06\/7fbe2b54-1605-00326c-adamlawnik.jpg 5184w, https:\/\/www.greenpeace.org\/static\/planet4-poland-stateless\/2019\/06\/7fbe2b54-1605-00326c-adamlawnik-300x200.jpg 300w, https:\/\/www.greenpeace.org\/static\/planet4-poland-stateless\/2019\/06\/7fbe2b54-1605-00326c-adamlawnik-768x512.jpg 768w, https:\/\/www.greenpeace.org\/static\/planet4-poland-stateless\/2019\/06\/7fbe2b54-1605-00326c-adamlawnik-1024x683.jpg 1024w, https:\/\/www.greenpeace.org\/static\/planet4-poland-stateless\/2019\/06\/7fbe2b54-1605-00326c-adamlawnik-2048x1366.jpg 2048w, https:\/\/www.greenpeace.org\/static\/planet4-poland-stateless\/2019\/06\/7fbe2b54-1605-00326c-adamlawnik-510x340.jpg 510w\" class=\"wp-image-2480 size-full\"\n                    \/>\n                <\/figure>\n                <\/div>\n                \n                <\/div>\n                \n                <\/div>\n                \n                <div data-render=\"planet4-blocks\/columns\" data-attributes=\"{&quot;attributes&quot;:{&quot;columns_title&quot;:&quot;Ka\\u017cdy i ka\\u017cda z nas mo\\u017ce pom\\u00f3\\u0107 chroni\\u0107 Puszcz\\u0119!&quot;,&quot;columns&quot;:[{&quot;title&quot;:&quot;Podpisz apel&quot;,&quot;description&quot;:&quot;Podpisz apel o rozszerzenie Bia\\u0142owieskiego Parku Narodowego na ca\\u0142y obszar Puszczy: &lt;a href=&#039;https:\\\/\\\/kochampuszcze.pl&#039;&gt;kochampuszcze.pl&lt;\\\/a&gt; - do\\u0142\\u0105cz do ponad 200 tysi\\u0119cy os\\u00f3b, kt\\u00f3re ju\\u017c to zrobi\\u0142y.&quot;,&quot;cta_link&quot;:&quot;https:\\\/\\\/kochampuszcze.pl&quot;,&quot;cta_text&quot;:&quot;Podpisz!&quot;},{&quot;title&quot;:&quot;Anga\\u017cuj si\\u0119 w dyskusje o Puszczy&quot;,&quot;description&quot;:&quot;Podczas spotka\\u0144 z przyjaci\\u00f3\\u0142mi, rodzin\\u0105, w pracy i na uczelni, m\\u00f3w, \\u017ce zale\\u017cy Ci na dzikiej, nie ci\\u0119tej i nie sadzonej Puszczy. Je\\u015bli potrzebujesz wi\\u0119cej informacji na temat Puszczy, mo\\u017cesz je znale\\u017a\\u0107 &lt;a href=&#039;https:\\\/\\\/kochampuszcze.pl\\\/informacje&#039;&gt;&lt;strong&gt;tutaj&lt;\\\/strong&gt;&lt;\\\/a&gt;.&quot;,&quot;cta_link&quot;:&quot;https:\\\/\\\/kochampuszcze.pl\\\/informacje&quot;,&quot;cta_text&quot;:&quot;Poczytaj o Puszczy&quot;},{&quot;title&quot;:&quot;Internet to si\\u0142a&quot;,&quot;description&quot;:&quot;Poka\\u017cmy, jak wielu jest mi\\u0142o\\u015bnik\\u00f3w i mi\\u0142o\\u015bniczek t\\u0119tni\\u0105cej \\u017cyciem i dzikiej Puszczy Bia\\u0142owieskiej. \\u015aled\\u017a profile organizacji chroni\\u0105cych Puszcz\\u0119, komentuj i udost\\u0119pniaj posty i tweety dotycz\\u0105ce ochrony Puszczy Bia\\u0142owieskiej i poszerzenia parku narodowego na ca\\u0142y jej teren.&quot;,&quot;cta_link&quot;:&quot;https:\\\/\\\/www.facebook.com\\\/greenpeacepl\\\/&quot;,&quot;cta_text&quot;:&quot;Obserwuj nas na Facebooku&quot;},{&quot;title&quot;:&quot;Poka\\u017c swoje poparcie&quot;,&quot;description&quot;:&quot;Poka\\u017c swoje wsparcie dla Puszczy, przypinaj\\u0105c sobie zielon\\u0105 wst\\u0105\\u017ck\\u0119 w widocznym miejscu na ubraniu, torbie, plecaku itp. Tweetuj lub wrzucaj na Instagrama posty z tagiem #kochampuszcze i #cppn.&quot;,&quot;cta_link&quot;:&quot;https:\\\/\\\/twitter.com\\\/home?status=To%20wstyd,%20%C5%BCe%20nie%20ca%C5%82a%20polska%20cz%C4%99%C5%9B%C4%87%20Puszczy%20Bia%C5%82owieskiej%20jest%20chroniona%20jako%20park%20narodowy.%20Ca%C5%82a%20Puszcza%20parkiem%20narodowym!%20https%3A\\\/\\\/kochampuszcze.pl%20%23cppn%20%23kochampuszcze%20&quot;,&quot;cta_text&quot;:&quot;Wy\\u015blij tweet&quot;}],&quot;className&quot;:&quot;is-style-no_image&quot;,&quot;columns_block_style&quot;:&quot;no_image&quot;}}\"><\/div>\n        <div class=\"wp-block-query actions-list p4-query-loop is-custom-layout-actions-list is-custom-layout-grid is-layout-flex wp-block-query-is-layout-flex\"><h2 class=\"wp-block-heading\"><\/h2>\n        <p style=\"margin-top: 24px; margin-bottom: 32px;\"><\/p>\n        \n        <ul class=\"wp-block-post-template is-layout-flow wp-block-post-template-is-layout-flow\"><li class=\"wp-block-post post-31434 page type-page status-publish has-post-thumbnail hentry category-przyroda tag-puszcza-bialowieska\">\n                <figure class=\"wp-block-post-featured-image\"><img loading=\"lazy\" decoding=\"async\" width=\"1920\" height=\"800\" src=\"https:\/\/www.greenpeace.org\/static\/planet4-poland-stateless\/2022\/01\/58c477c8-mur-w-puszczy.jpg\" class=\"attachment-post-thumbnail size-post-thumbnail wp-post-image wp-stateless-item\" alt=\"\" style=\"object-fit:cover;\" srcset=\"https:\/\/www.greenpeace.org\/static\/planet4-poland-stateless\/2022\/01\/58c477c8-mur-w-puszczy.jpg 1920w, https:\/\/www.greenpeace.org\/static\/planet4-poland-stateless\/2022\/01\/58c477c8-mur-w-puszczy-500x208.jpg 500w, https:\/\/www.greenpeace.org\/static\/planet4-poland-stateless\/2022\/01\/58c477c8-mur-w-puszczy-1024x427.jpg 1024w, https:\/\/www.greenpeace.org\/static\/planet4-poland-stateless\/2022\/01\/58c477c8-mur-w-puszczy-768x320.jpg 768w, https:\/\/www.greenpeace.org\/static\/planet4-poland-stateless\/2022\/01\/58c477c8-mur-w-puszczy-1536x640.jpg 1536w, https:\/\/www.greenpeace.org\/static\/planet4-poland-stateless\/2022\/01\/58c477c8-mur-w-puszczy-510x213.jpg 510w\" sizes=\"auto, (max-width: 1920px) 100vw, 1920px\" data-image-size=\"post-thumbnail\" data-stateless-media-bucket=\"planet4-poland-stateless\" data-stateless-media-name=\"2022\/01\/58c477c8-mur-w-puszczy.jpg\" \/><\/figure>\n                \n                <div class=\"wp-block-group group-stretched-link is-layout-flow wp-block-group-is-layout-flow\"><div class=\"wp-block-post-terms\">Przyroda<\/div>\n                <h3 class=\"wp-block-post-title\"><a href=\"https:\/\/www.greenpeace.org\/poland\/dzialaj-old\/podpisz-nie-dla-muru-przez-serce-puszczy\/\" target=\"_self\" >Podpisz: NIE dla muru przez serce Puszczy!<\/a><\/h3>\n                <div class=\"wp-block-post-excerpt\"><p class=\"wp-block-post-excerpt__excerpt\">Ruszy\u0142a budowa sze\u015bciometrowego muru w samym sercu Puszczy. Podpisz apel do Komisji Europejskiej o zatrzymanie tej katastrofalnej inwestycji! <\/p><\/div><\/div>\n                \n                \n        <div class=\"wp-block-group read-more-nav is-layout-flow wp-block-group-is-layout-flow\"><a href=\"https:\/\/www.greenpeace.org\/poland\/dzialaj-old\/podpisz-nie-dla-muru-przez-serce-puszczy\/\" class=\"btn btn-primary btn-small\" aria-label=\"Dzia\u0142aj!\">Dzia\u0142aj!<\/a>\n        \n        \n        <\/div>\n        \n                <\/li><li class=\"wp-block-post post-3103 page type-page status-publish has-post-thumbnail hentry category-przyroda tag-puszcza-bialowieska tag-lasy\">\n                <figure class=\"wp-block-post-featured-image\"><img loading=\"lazy\" decoding=\"async\" width=\"5184\" height=\"3456\" src=\"https:\/\/www.greenpeace.org\/static\/planet4-poland-stateless\/2019\/06\/7fbe2b54-1605-00326c-adamlawnik.jpg\" class=\"attachment-post-thumbnail size-post-thumbnail wp-post-image wp-stateless-item\" alt=\"Puszcza Bia\u0142owieska\" style=\"object-fit:cover;\" srcset=\"https:\/\/www.greenpeace.org\/static\/planet4-poland-stateless\/2019\/06\/7fbe2b54-1605-00326c-adamlawnik.jpg 5184w, https:\/\/www.greenpeace.org\/static\/planet4-poland-stateless\/2019\/06\/7fbe2b54-1605-00326c-adamlawnik-300x200.jpg 300w, https:\/\/www.greenpeace.org\/static\/planet4-poland-stateless\/2019\/06\/7fbe2b54-1605-00326c-adamlawnik-768x512.jpg 768w, https:\/\/www.greenpeace.org\/static\/planet4-poland-stateless\/2019\/06\/7fbe2b54-1605-00326c-adamlawnik-1024x683.jpg 1024w, https:\/\/www.greenpeace.org\/static\/planet4-poland-stateless\/2019\/06\/7fbe2b54-1605-00326c-adamlawnik-2048x1366.jpg 2048w, https:\/\/www.greenpeace.org\/static\/planet4-poland-stateless\/2019\/06\/7fbe2b54-1605-00326c-adamlawnik-510x340.jpg 510w\" sizes=\"auto, (max-width: 5184px) 100vw, 5184px\" data-image-size=\"post-thumbnail\" data-stateless-media-bucket=\"planet4-poland-stateless\" data-stateless-media-name=\"2019\/06\/7fbe2b54-1605-00326c-adamlawnik.jpg\" \/><\/figure>\n                \n                <div class=\"wp-block-group group-stretched-link is-layout-flow wp-block-group-is-layout-flow\"><div class=\"wp-block-post-terms\">Przyroda<\/div>\n                <h3 class=\"wp-block-post-title\"><a href=\"https:\/\/www.greenpeace.org\/poland\/dzialaj-old\/podpisz-cala-puszcza-parkiem-narodowym\/\" target=\"_self\" >Podpisz: Ca\u0142a Puszcza Parkiem Narodowym<\/a><\/h3>\n                <div class=\"wp-block-post-excerpt\"><p class=\"wp-block-post-excerpt__excerpt\">Podpisz apel o obj\u0119cie ca\u0142ej Puszczy Bia\u0142owieskiej najwy\u017csz\u0105 form\u0105 ochrony, jak\u0105 jest park narodowy. <\/p><\/div><\/div>\n                \n                \n        <div class=\"wp-block-group read-more-nav is-layout-flow wp-block-group-is-layout-flow\"><a href=\"https:\/\/www.greenpeace.org\/poland\/dzialaj-old\/podpisz-cala-puszcza-parkiem-narodowym\/\" class=\"btn btn-primary btn-small\" aria-label=\"Dzia\u0142aj!\">Dzia\u0142aj!<\/a>\n        \n        \n        <\/div>\n        \n                <\/li><li class=\"wp-block-post post-2962 page type-page status-publish has-post-thumbnail hentry category-przyroda tag-lasy tag-puszcza-bialowieska tag-dzialaj tag-karpaty\">\n                <figure class=\"wp-block-post-featured-image\"><img loading=\"lazy\" decoding=\"async\" width=\"2560\" height=\"1707\" src=\"https:\/\/www.greenpeace.org\/static\/planet4-poland-stateless\/2021\/11\/5d972764-gp0strcba_high_res-scaled.jpg\" class=\"attachment-post-thumbnail size-post-thumbnail wp-post-image wp-stateless-item\" alt=\"\" style=\"object-fit:cover;\" srcset=\"https:\/\/www.greenpeace.org\/static\/planet4-poland-stateless\/2021\/11\/5d972764-gp0strcba_high_res-scaled.jpg 2560w, https:\/\/www.greenpeace.org\/static\/planet4-poland-stateless\/2021\/11\/5d972764-gp0strcba_high_res-300x200.jpg 300w, https:\/\/www.greenpeace.org\/static\/planet4-poland-stateless\/2021\/11\/5d972764-gp0strcba_high_res-1024x683.jpg 1024w, https:\/\/www.greenpeace.org\/static\/planet4-poland-stateless\/2021\/11\/5d972764-gp0strcba_high_res-768x512.jpg 768w, https:\/\/www.greenpeace.org\/static\/planet4-poland-stateless\/2021\/11\/5d972764-gp0strcba_high_res-1536x1024.jpg 1536w, https:\/\/www.greenpeace.org\/static\/planet4-poland-stateless\/2021\/11\/5d972764-gp0strcba_high_res-2048x1366.jpg 2048w, https:\/\/www.greenpeace.org\/static\/planet4-poland-stateless\/2021\/11\/5d972764-gp0strcba_high_res-510x340.jpg 510w\" sizes=\"auto, (max-width: 2560px) 100vw, 2560px\" data-image-size=\"post-thumbnail\" data-stateless-media-bucket=\"planet4-poland-stateless\" data-stateless-media-name=\"2021\/11\/5d972764-gp0strcba_high_res-scaled.jpg\" \/><\/figure>\n                \n                <div class=\"wp-block-group group-stretched-link is-layout-flow wp-block-group-is-layout-flow\"><div class=\"wp-block-post-terms\">Przyroda<\/div>\n                <h3 class=\"wp-block-post-title\"><a href=\"https:\/\/www.greenpeace.org\/poland\/dzialaj-old\/wesprzyj-ochrone-puszczy-bialowieskiej\/\" target=\"_self\" >Wesprzyj ochron\u0119 ostatnich dzikich las\u00f3w<\/a><\/h3>\n                <div class=\"wp-block-post-excerpt\"><p class=\"wp-block-post-excerpt__excerpt\">Chro\u0144 z nami Puszcz\u0119 Bia\u0142owiesk\u0105, lasy Karpat i inne stare i cenne przyrodniczo lasy w Polsce i na \u015bwiecie! <\/p><\/div><\/div>\n                \n                \n        <div class=\"wp-block-group read-more-nav is-layout-flow wp-block-group-is-layout-flow\"><a href=\"https:\/\/www.greenpeace.org\/poland\/dzialaj-old\/wesprzyj-ochrone-puszczy-bialowieskiej\/\" class=\"btn btn-primary btn-small\" aria-label=\"Wesprzyj!\">Wesprzyj!<\/a>\n        \n        \n        <\/div>\n        \n                <\/li><\/ul>\n        \n<div class=\"wp-block-buttons carousel-controls is-horizontal is-content-justification-space-between is-nowrap is-layout-flex wp-container-core-buttons-is-layout-044bd602 wp-block-buttons-is-layout-flex\">\n            <div class=\"wp-block-button carousel-control-prev\"><button type=\"button\" class=\"wp-block-button__link wp-element-button\">Wstecz<\/button><\/div>\n        \n\n            <div class=\"wp-block-button carousel-control-next\"><button type=\"button\" class=\"wp-block-button__link wp-element-button\">Dalej<\/button><\/div>\n        <\/div>\n\n        \n<div class=\"wp-block-buttons load-more-actions-container is-content-justification-center is-layout-flex wp-container-core-buttons-is-layout-16018d1d wp-block-buttons-is-layout-flex\">\n                <div class=\"wp-block-button is-style-secondary\"><button type=\"button\" class=\"wp-block-button__link wp-element-button\">Poka\u017c wi\u0119cej<\/button><\/div>\n            \n<\/div>\n<\/div>\n        ","protected":false},"excerpt":{"rendered":"","protected":false},"author":25,"featured_media":29706,"parent":9,"menu_order":0,"comment_status":"closed","ping_status":"closed","template":"","meta":{"ep_exclude_from_search":false,"p4_hide_page_title_checkbox":"on","p4_title":"","p4_subtitle":"","p4_description":"","background_image_id":"","background_image":"","p4_button_title":"","p4_button_link":"","p4_button_link_checkbox":"","p4_og_title":"","p4_og_description":"","p4_og_image":"","p4_og_image_id":"","p4_seo_canonical_url":"","p4_campaign_name":"not set","p4_local_project":"not set","p4_basket_name":"not set","p4_department":"","footnotes":""},"categories":[3],"tags":[19,22,23],"class_list":["post-2482","page","type-page","status-publish","has-post-thumbnail","hentry","category-przyroda","tag-lasy","tag-puszcza-bialowieska","tag-dzialaj"],"_links":{"self":[{"href":"https:\/\/www.greenpeace.org\/poland\/wp-json\/wp\/v2\/pages\/2482","targetHints":{"allow":["GET"]}}],"collection":[{"href":"https:\/\/www.greenpeace.org\/poland\/wp-json\/wp\/v2\/pages"}],"about":[{"href":"https:\/\/www.greenpeace.org\/poland\/wp-json\/wp\/v2\/types\/page"}],"author":[{"embeddable":true,"href":"https:\/\/www.greenpeace.org\/poland\/wp-json\/wp\/v2\/users\/25"}],"replies":[{"embeddable":true,"href":"https:\/\/www.greenpeace.org\/poland\/wp-json\/wp\/v2\/comments?post=2482"}],"version-history":[{"count":20,"href":"https:\/\/www.greenpeace.org\/poland\/wp-json\/wp\/v2\/pages\/2482\/revisions"}],"predecessor-version":[{"id":39998,"href":"https:\/\/www.greenpeace.org\/poland\/wp-json\/wp\/v2\/pages\/2482\/revisions\/39998"}],"up":[{"embeddable":true,"href":"https:\/\/www.greenpeace.org\/poland\/wp-json\/wp\/v2\/pages\/9"}],"wp:featuredmedia":[{"embeddable":true,"href":"https:\/\/www.greenpeace.org\/poland\/wp-json\/wp\/v2\/media\/29706"}],"wp:attachment":[{"href":"https:\/\/www.greenpeace.org\/poland\/wp-json\/wp\/v2\/media?parent=2482"}],"wp:term":[{"taxonomy":"category","embeddable":true,"href":"https:\/\/www.greenpeace.org\/poland\/wp-json\/wp\/v2\/categories?post=2482"},{"taxonomy":"post_tag","embeddable":true,"href":"https:\/\/www.greenpeace.org\/poland\/wp-json\/wp\/v2\/tags?post=2482"}],"curies":[{"name":"wp","href":"https:\/\/api.w.org\/{rel}","templated":true}]}}