{"id":29417,"date":"2020-09-19T13:18:34","date_gmt":"2020-09-19T11:18:34","guid":{"rendered":"https:\/\/www.greenpeace.org\/poland\/?page_id=29417"},"modified":"2025-06-23T16:42:12","modified_gmt":"2025-06-23T14:42:12","slug":"adoptuj-pszczole","status":"publish","type":"page","link":"https:\/\/www.greenpeace.org\/poland\/dzialaj-old\/adoptuj-pszczole\/","title":{"rendered":"We\u017a udzia\u0142 w akcji &#8222;Adoptuj Pszczo\u0142\u0119&#8221;"},"content":{"rendered":"\n                \n                <div class=\"wp-block-group alignfull is-layout-flow wp-block-group-is-layout-flow\">\n                \n                <div class=\"wp-block-group container is-layout-flow wp-block-group-is-layout-flow\">\n                \n                <div class=\"wp-block-media-text alignfull has-media-on-the-right is-stacked-on-mobile is-pattern-p4-page-header is-style-parallax\">\n\n                <div class=\"wp-block-media-text__content\">\n                    <div class=\"wp-block-group is-layout-flow wp-block-group-is-layout-flow\">\n                    \n                        <h1 class=\"wp-block-heading has-white-background-color has-background\">\n                            Wesprzyj ochron\u0119 pszcz\u00f3\u0142\n                        <\/h1>\n                    <\/div>\n                \n\n                \n                        <p style=\"font-size:1.25rem\">\n                            We\u017a udzia\u0142 w najstarszej i najfajniejszej akcji pomocy pszczo\u0142om, w kt\u00f3rej od ponad 10 lat dziesi\u0105tki tysi\u0119cy os\u00f3b staj\u0105 sie pszczelimi bohaterami i bohaterkami ratuj\u0105c owady zapylaj\u0105ce!\n                        <\/p>\n                    \n\n                \n                        <div class=\"wp-block-buttons is-layout-flex wp-block-buttons-is-layout-flex\">\n                            \n                        <\/div>\n                        <div class=\"wp-block-button is-style-cta\">\n                            <a class=\"wp-block-button__link wp-element-button\" href=\"https:\/\/greenpeace.pl\/recurring\/pszczoly\/index.php?stage=stage2&#038;campaign=bees&#038;fundraiser=gppl\" target=\"_blank\" rel=\"noreferrer noopener\">\n                                Wesprzyj\n                            <\/a>\n                        <\/div>\n                    \n\n                <\/div>\n                <figure class=\"wp-block-media-text__media\">\n                    <img loading=\"lazy\" decoding=\"async\" width=\"2048\" height=\"1365\"\n                        src=\"https:\/\/www.greenpeace.org\/static\/planet4-poland-stateless\/2019\/06\/a2642ce1-37423730592_891c2d67d2_k.jpg\"\n                        alt=\"\"\n                        sizes=\"auto, (min-width: 601px) 50vw, 100vw\" srcset=\"https:\/\/www.greenpeace.org\/static\/planet4-poland-stateless\/2019\/06\/a2642ce1-37423730592_891c2d67d2_k.jpg 2048w, https:\/\/www.greenpeace.org\/static\/planet4-poland-stateless\/2019\/06\/a2642ce1-37423730592_891c2d67d2_k-300x200.jpg 300w, https:\/\/www.greenpeace.org\/static\/planet4-poland-stateless\/2019\/06\/a2642ce1-37423730592_891c2d67d2_k-768x512.jpg 768w, https:\/\/www.greenpeace.org\/static\/planet4-poland-stateless\/2019\/06\/a2642ce1-37423730592_891c2d67d2_k-1024x683.jpg 1024w, https:\/\/www.greenpeace.org\/static\/planet4-poland-stateless\/2019\/06\/a2642ce1-37423730592_891c2d67d2_k-510x340.jpg 510w\" class=\"wp-image-696 size-full\"\n                    \/>\n                <\/figure>\n                <\/div>\n                \n                <\/div>\n                \n                <\/div>\n                \n                ","protected":false},"excerpt":{"rendered":"<p>We\u017a udzia\u0142 w najstarszej i najfajniejszej akcji pomocy pszczo\u0142om, w kt\u00f3rej od ponad 10 lat dziesi\u0105tki tysi\u0119cy os\u00f3b staj\u0105 sie pszczelimi bohaterami i bohaterkami ratuj\u0105c owady zapylaj\u0105ce!<\/p>\n","protected":false},"author":25,"featured_media":32876,"parent":9,"menu_order":0,"comment_status":"closed","ping_status":"closed","template":"","meta":{"ep_exclude_from_search":false,"p4_hide_page_title_checkbox":"on","p4_title":"","p4_subtitle":"","p4_description":"","background_image_id":"","background_image":"","p4_button_title":"","p4_button_link":"","p4_button_link_checkbox":"","p4_og_title":"","p4_og_description":"","p4_og_image":"","p4_og_image_id":"","p4_seo_canonical_url":"","p4_campaign_name":"not set","p4_local_project":"not set","p4_basket_name":"not set","p4_department":"","footnotes":""},"categories":[4],"tags":[23,28],"class_list":["post-29417","page","type-page","status-publish","has-post-thumbnail","hentry","category-rolnictwo","tag-dzialaj","tag-pszczoly"],"_links":{"self":[{"href":"https:\/\/www.greenpeace.org\/poland\/wp-json\/wp\/v2\/pages\/29417","targetHints":{"allow":["GET"]}}],"collection":[{"href":"https:\/\/www.greenpeace.org\/poland\/wp-json\/wp\/v2\/pages"}],"about":[{"href":"https:\/\/www.greenpeace.org\/poland\/wp-json\/wp\/v2\/types\/page"}],"author":[{"embeddable":true,"href":"https:\/\/www.greenpeace.org\/poland\/wp-json\/wp\/v2\/users\/25"}],"replies":[{"embeddable":true,"href":"https:\/\/www.greenpeace.org\/poland\/wp-json\/wp\/v2\/comments?post=29417"}],"version-history":[{"count":5,"href":"https:\/\/www.greenpeace.org\/poland\/wp-json\/wp\/v2\/pages\/29417\/revisions"}],"predecessor-version":[{"id":36964,"href":"https:\/\/www.greenpeace.org\/poland\/wp-json\/wp\/v2\/pages\/29417\/revisions\/36964"}],"up":[{"embeddable":true,"href":"https:\/\/www.greenpeace.org\/poland\/wp-json\/wp\/v2\/pages\/9"}],"wp:featuredmedia":[{"embeddable":true,"href":"https:\/\/www.greenpeace.org\/poland\/wp-json\/wp\/v2\/media\/32876"}],"wp:attachment":[{"href":"https:\/\/www.greenpeace.org\/poland\/wp-json\/wp\/v2\/media?parent=29417"}],"wp:term":[{"taxonomy":"category","embeddable":true,"href":"https:\/\/www.greenpeace.org\/poland\/wp-json\/wp\/v2\/categories?post=29417"},{"taxonomy":"post_tag","embeddable":true,"href":"https:\/\/www.greenpeace.org\/poland\/wp-json\/wp\/v2\/tags?post=29417"}],"curies":[{"name":"wp","href":"https:\/\/api.w.org\/{rel}","templated":true}]}}