{"id":31207,"date":"2022-12-05T12:40:39","date_gmt":"2022-12-05T10:40:39","guid":{"rendered":"https:\/\/www.greenpeace.org\/poland\/?page_id=31207"},"modified":"2024-12-05T14:41:22","modified_gmt":"2024-12-05T12:41:22","slug":"przewodnik-pakowania-w-stylu-zero-waste","status":"publish","type":"page","link":"https:\/\/www.greenpeace.org\/poland\/dzialaj-old\/przewodnik-pakowania-w-stylu-zero-waste\/","title":{"rendered":"Przewodnik pakowania prezent\u00f3w w duchu zero-waste"},"content":{"rendered":"\n\n<div class=\"wp-block-group alignfull is-style-space-evenly is-layout-flow wp-block-group-is-layout-flow\" style=\"padding-top:12px;padding-bottom:12px\">\n<div class=\"wp-block-group container is-layout-flow wp-block-group-is-layout-flow\">\n<div class=\"wp-block-media-text alignfull has-media-on-the-right is-stacked-on-mobile is-vertically-aligned-center is-pattern-p4-page-header is-style-parallax\"><div class=\"wp-block-media-text__content\">\n<div class=\"wp-block-group is-layout-flow wp-block-group-is-layout-flow\">\n<h1 class=\"wp-block-heading has-white-background-color has-background\">Przewodnik pakowania prezent\u00f3w w duchu zero-waste<\/h1>\n<\/div>\n\n\n\n<p style=\"font-size:27px\"><strong>Czy wiesz, \u017ce wi\u0119kszo\u015b\u0107 papier\u00f3w do pakowania prezent\u00f3w jest wykonana z trudnych do recyklingowania, zmieszanych materia\u0142\u00f3w, kt\u00f3re trafiaj\u0105 prosto na wysypiska i nigdy nie zostaj\u0105 przetworzone?<\/strong><\/p>\n<\/div><figure class=\"wp-block-media-text__media\"><img loading=\"lazy\" decoding=\"async\" width=\"940\" height=\"600\" src=\"https:\/\/www.greenpeace.org\/static\/planet4-poland-stateless\/2021\/12\/b98fbebe-untitled-design-7.jpg\" alt=\"\" sizes=\"auto, (min-width: 601px) 50vw, 100vw\" srcset=\"https:\/\/www.greenpeace.org\/static\/planet4-poland-stateless\/2021\/12\/b98fbebe-untitled-design-7.jpg 940w, https:\/\/www.greenpeace.org\/static\/planet4-poland-stateless\/2021\/12\/b98fbebe-untitled-design-7-500x319.jpg 500w, https:\/\/www.greenpeace.org\/static\/planet4-poland-stateless\/2021\/12\/b98fbebe-untitled-design-7-768x490.jpg 768w, https:\/\/www.greenpeace.org\/static\/planet4-poland-stateless\/2021\/12\/b98fbebe-untitled-design-7-510x326.jpg 510w\" class=\"wp-image-31234 size-full\"\/><\/figure><\/div>\n<\/div>\n<\/div>\n\n\n<p>W czasie \u015bwi\u0105t obj\u0119to\u015b\u0107 generowanych przez nas odpad\u00f3w wzrasta o co najmniej 25% &#8211; nie b\u0119dzie to wielka niespodzianka dla os\u00f3b, kt\u00f3re wychodz\u0105 na spacer w pierwszy dzie\u0144 odbioru \u015bmieci po \u015bwi\u0119tach.&nbsp;Chodniki staj\u0105 si\u0119 tras\u0105 z przeszkodami, po kt\u00f3rej musimy przedziera\u0107 si\u0119 pomi\u0119dzy przepe\u0142nionymi \u015bmietnikami, niemal eksploduj\u0105cymi od zu\u017cytych papier\u00f3w, wst\u0105\u017cek i opakowa\u0144.&nbsp;<\/p>\n\n<p>Dla wszystkich, kt\u00f3rzy w te \u015bwi\u0119ta chc\u0105 zredukowa\u0107 ilo\u015b\u0107 produkowanych przez siebie odpad\u00f3w, pakowanie prezent\u00f3w to dobre miejsce, by zacz\u0105\u0107. Przedstawiamy wam kilka technik, kt\u00f3re zrewolucjonizuj\u0105 wasze my\u015blenie o pakowaniu prezent\u00f3w w stylu zero-waste.&nbsp;<\/p>\n\n<h2 class=\"wp-block-heading\">8 pomys\u0142\u00f3w na eko-pakowanie:<\/h2>\n\n\n<div class=\"wp-block-group alignwide is-vertical is-content-justification-center is-layout-flex wp-container-core-group-is-layout-4b2eccd6 wp-block-group-is-layout-flex\">\n<div class=\"wp-block-media-text alignwide has-media-on-the-right is-stacked-on-mobile\"><div class=\"wp-block-media-text__content\">\n<h2 class=\"wp-block-heading\">1. Furoshiki &#8211; japo\u0144ska sztuka pakowania w tkaniny<\/h2>\n\n\n\n<p>Japo\u0144ska technika pakowania w tkaniny to dobry spos\u00f3b na prezenty we wszystkich kszta\u0142tach i wymiarach. Ale pami\u0119taj, \u017ce odpady tekstylne, szczeg\u00f3lnie z tkanin syntetycznych, to powa\u017cny problem. Dlatego nie kupuj specjalnie nowych materia\u0142\u00f3w, a wybierz co\u015b, co ju\u017c masz (np. stare koszulki, apaszki, serwety), ewentualnie p\u00f3jd\u017a do lokalnego lumpeksu. Jedn\u0105 z technik sk\u0142adania Furoshiki mo\u017cesz znale\u017a\u0107 tutaj. A z poni\u017cszej grafiki nauczysz si\u0119 jeszcze innych z technik, na ka\u017cd\u0105 okazj\u0119:<\/p>\n\n\n\n<div class=\"wp-block-buttons is-layout-flex wp-block-buttons-is-layout-flex\"><\/div>\n<\/div><figure class=\"wp-block-media-text__media\"><img loading=\"lazy\" decoding=\"async\" width=\"940\" height=\"600\" src=\"https:\/\/www.greenpeace.org\/static\/planet4-poland-stateless\/2021\/12\/ccc59cde-untitled-design.jpg\" alt=\"\" sizes=\"auto, (min-width: 1600px) calc((1320px - 24px) \/ 2),(min-width: 1200px) calc((1140px - 24px) \/ 2),(min-width: 992px) calc((960px - 24px) \/ 2),(min-width: 768px) calc((720px - 24px) \/ 2),(min-width: 601px) calc((540px - 24px) \/ 2),(min-width: 577px) calc((540px - 24px) \/ 1), calc(100vw - 24px)\" srcset=\"https:\/\/www.greenpeace.org\/static\/planet4-poland-stateless\/2021\/12\/ccc59cde-untitled-design.jpg 940w, https:\/\/www.greenpeace.org\/static\/planet4-poland-stateless\/2021\/12\/ccc59cde-untitled-design-500x319.jpg 500w, https:\/\/www.greenpeace.org\/static\/planet4-poland-stateless\/2021\/12\/ccc59cde-untitled-design-768x490.jpg 768w, https:\/\/www.greenpeace.org\/static\/planet4-poland-stateless\/2021\/12\/ccc59cde-untitled-design-510x326.jpg 510w\" class=\"wp-image-31208 size-full\"\/><\/figure><\/div>\n\n\n\n<figure class=\"wp-block-image size-full\"><img loading=\"lazy\" decoding=\"async\" width=\"800\" height=\"800\" src=\"https:\/\/www.greenpeace.org\/static\/planet4-poland-stateless\/2021\/12\/dd7ae5a1-furoshiki.gif\" alt=\"\" class=\"wp-image-31211\"\/><\/figure>\n<\/div>\n\n\n\n\n<div class=\"wp-block-media-text alignwide is-stacked-on-mobile\"><figure class=\"wp-block-media-text__media\"><img loading=\"lazy\" decoding=\"async\" width=\"900\" height=\"598\" src=\"https:\/\/www.greenpeace.org\/static\/planet4-poland-stateless\/2023\/12\/96cf1679-eko-prezent.jpg\" alt=\"\" sizes=\"auto, (min-width: 1600px) calc((1320px - 24px) \/ 2),(min-width: 1200px) calc((1140px - 24px) \/ 2),(min-width: 992px) calc((960px - 24px) \/ 2),(min-width: 768px) calc((720px - 24px) \/ 2),(min-width: 601px) calc((540px - 24px) \/ 2),(min-width: 577px) calc((540px - 24px) \/ 1), calc(100vw - 24px)\" srcset=\"https:\/\/www.greenpeace.org\/static\/planet4-poland-stateless\/2023\/12\/96cf1679-eko-prezent.jpg 900w, https:\/\/www.greenpeace.org\/static\/planet4-poland-stateless\/2023\/12\/96cf1679-eko-prezent-500x332.jpg 500w, https:\/\/www.greenpeace.org\/static\/planet4-poland-stateless\/2023\/12\/96cf1679-eko-prezent-768x510.jpg 768w, https:\/\/www.greenpeace.org\/static\/planet4-poland-stateless\/2023\/12\/96cf1679-eko-prezent-510x340.jpg 510w\" class=\"wp-image-33958 size-full\"\/><\/figure><div class=\"wp-block-media-text__content\">\n<h2 class=\"wp-block-heading\">2. Nie u\u017cywaj ta\u015bmy klej\u0105cej (bo nie musisz)<\/h2>\n\n\n\n<p>Wi\u0119kszo\u015b\u0107 z nas jest przyzwyczajona, \u017ce ta\u015bma klej\u0105ca to podstawa przy pakowaniu prezent\u00f3w. A co, je\u015bli powiemy ci, \u017ce wcale jej nie potrzebujesz?<\/p>\n\n\n\n<p>R\u00f3wnie proste (a mo\u017ce nawet prostsze) jest zapakowanie prezentu tak samo, jakby\u015bmy chcieli u\u017cy\u0107 ta\u015bmy, a nast\u0119pnie obwi\u0105zanie go sznurkiem lub wst\u0105\u017ck\u0105. Najlepiej tak\u0105, kt\u00f3r\u0105 ju\u017c posiadasz &#8211; mo\u017ce tasiemka, kt\u00f3re zalega przy przyborach do szycia, w\u0142\u00f3czka, kt\u00f3ra zosta\u0142a po rob\u00f3tce (mo\u017cesz te\u017c spru\u0107 stary sweter!) albo klasyczny sznurek bawe\u0142niany lub konopny? A je\u015bli mimo to czujesz, \u017ce musisz u\u017cy\u0107 ta\u015bmy, wypr\u00f3buj ozdobn\u0105 papierow\u0105 ta\u015bm\u0119 typu \u201cwashi\u201d. Mo\u017cesz j\u0105 kupi\u0107 online lub coraz cz\u0119\u015bciej nawet w mniejszych sklepach papierniczych czy pasmanteriach.<\/p>\n\n\n\n<div class=\"wp-block-buttons is-layout-flex wp-block-buttons-is-layout-flex\"><\/div>\n<\/div><\/div>\n\n\n\n<div class=\"wp-block-media-text alignwide has-media-on-the-right is-stacked-on-mobile\"><div class=\"wp-block-media-text__content\">\n<h2 class=\"wp-block-heading\">3. Skorzystaj z tego, co oferuje natura<\/h2>\n\n\n\n<p>Olej plastikowe kokardki czy wst\u0105\u017cki i p\u00f3jd\u017a na poszukiwanie li\u015bci, ma\u0142ych szyszek lub iglastych ga\u0142\u0105zek! Ususz plastry pomara\u0144czy lub cytryny, poszukaj, czy w szufladach kuchennych nie zalegaj\u0105 ci stare laski cynamonu lub gwiazdki go\u017adzik\u00f3w. Mog\u0105 by\u0107 pi\u0119kn\u0105 ozdob\u0105, kt\u00f3ra po rozpakowaniu nie b\u0119dzie dodatkowo za\u015bmieca\u0107 Ziemi.&nbsp;<\/p>\n\n\n\n<div class=\"wp-block-buttons is-layout-flex wp-block-buttons-is-layout-flex\"><\/div>\n<\/div><figure class=\"wp-block-media-text__media\"><img loading=\"lazy\" decoding=\"async\" width=\"940\" height=\"600\" src=\"https:\/\/www.greenpeace.org\/static\/planet4-poland-stateless\/2021\/12\/60dd179e-untitled-design-3.jpg\" alt=\"\" sizes=\"auto, (min-width: 1600px) calc((1320px - 24px) \/ 2),(min-width: 1200px) calc((1140px - 24px) \/ 2),(min-width: 992px) calc((960px - 24px) \/ 2),(min-width: 768px) calc((720px - 24px) \/ 2),(min-width: 601px) calc((540px - 24px) \/ 2),(min-width: 577px) calc((540px - 24px) \/ 1), calc(100vw - 24px)\" srcset=\"https:\/\/www.greenpeace.org\/static\/planet4-poland-stateless\/2021\/12\/60dd179e-untitled-design-3.jpg 940w, https:\/\/www.greenpeace.org\/static\/planet4-poland-stateless\/2021\/12\/60dd179e-untitled-design-3-500x319.jpg 500w, https:\/\/www.greenpeace.org\/static\/planet4-poland-stateless\/2021\/12\/60dd179e-untitled-design-3-768x490.jpg 768w, https:\/\/www.greenpeace.org\/static\/planet4-poland-stateless\/2021\/12\/60dd179e-untitled-design-3-510x326.jpg 510w\" class=\"wp-image-31215 size-full\"\/><\/figure><\/div>\n\n\n\n<div class=\"wp-block-media-text alignwide is-stacked-on-mobile\"><figure class=\"wp-block-media-text__media\"><img loading=\"lazy\" decoding=\"async\" width=\"499\" height=\"332\" src=\"https:\/\/www.greenpeace.org\/static\/planet4-poland-stateless\/2021\/12\/2ec78023-mapka.png\" alt=\"\" sizes=\"auto, (min-width: 1600px) calc((1320px - 24px) \/ 2),(min-width: 1200px) calc((1140px - 24px) \/ 2),(min-width: 992px) calc((960px - 24px) \/ 2),(min-width: 768px) calc((720px - 24px) \/ 2),(min-width: 601px) calc((540px - 24px) \/ 2),(min-width: 577px) calc((540px - 24px) \/ 1), calc(100vw - 24px)\" srcset=\"\" class=\"wp-image-31225 size-full\"\/><\/figure><div class=\"wp-block-media-text__content\">\n<h2 class=\"wp-block-heading\">4. Wykorzystaj stare mapy<\/h2>\n\n\n\n<p>Mo\u017ce masz w domu nieu\u017cywane ju\u017c stare mapy? Je\u015bli z nich nie korzystasz, ani nie masz nikogo, komu mo\u017cesz je przekaza\u0107, wykorzystaj je do opakowania prezent\u00f3w \u015bwi\u0105tecznych. Taki prezent b\u0119dzie si\u0119 zdecydowanie pozytywnie wyr\u00f3\u017cnia\u0142. \u015awietny pomys\u0142 dla bliskiej osoby, kt\u00f3ra lubi podr\u00f3\u017ce. Mo\u017cesz je wykorzysta\u0107 jako papier pakowy lub &#8211; je\u015bli s\u0105 wydrukowane na grubszym papierze &#8211; zrobi\u0107 z nich pude\u0142ka na prezent. <\/p>\n\n\n\n<div class=\"wp-block-buttons is-layout-flex wp-block-buttons-is-layout-flex\"><\/div>\n<\/div><\/div>\n\n\n\n<div class=\"wp-block-media-text alignwide has-media-on-the-right is-stacked-on-mobile\"><div class=\"wp-block-media-text__content\">\n<h2 class=\"wp-block-heading\">5. Wykorzystaj gazety i czasopisma<\/h2>\n\n\n\n<p>Nawet wi\u0119cej miejsca w domu ni\u017c stare mapy, mog\u0105 nam zajmowa\u0107 sterty gazet i czasopism. Je r\u00f3wnie\u017c mo\u017cesz u\u017cy\u0107 do pakowania! Ich b\u0142yszcz\u0105ce wyko\u0144czenie i kolorowe obrazki sprawi\u0105, \u017ce prezenty b\u0119d\u0105 wygl\u0105da\u0142y stylowo. Mapy i czasopisma nadaj\u0105 si\u0119 nie tylko do opakowania prezent\u00f3w, ale tak\u017ce do ich ozdoby! <a href=\"https:\/\/www.papernstitchblog.com\/tutorial-how-to-make-a-bow-out-of-recycled-magazines\/\">Tutaj<\/a> i <a href=\"https:\/\/www.handimania.com\/diy\/magazine-page-gift-bow.html\">tutaj<\/a> znajdziesz kilka instrukcji. <a href=\"https:\/\/www.nanowosmieci.pl\/torebka-na-prezent\/\">Tutaj<\/a> znajdziesz opis krok po kroku, jak stworzy\u0107 eleganck\u0105 torebk\u0119 na prezent z makulatury.<\/p>\n\n\n\n<div class=\"wp-block-buttons is-layout-flex wp-block-buttons-is-layout-flex\"><\/div>\n<\/div><figure class=\"wp-block-media-text__media\"><img loading=\"lazy\" decoding=\"async\" width=\"940\" height=\"600\" src=\"https:\/\/www.greenpeace.org\/static\/planet4-poland-stateless\/2021\/12\/ba112528-untitled-design-5.jpg\" alt=\"\" sizes=\"auto, (min-width: 1600px) calc((1320px - 24px) \/ 2),(min-width: 1200px) calc((1140px - 24px) \/ 2),(min-width: 992px) calc((960px - 24px) \/ 2),(min-width: 768px) calc((720px - 24px) \/ 2),(min-width: 601px) calc((540px - 24px) \/ 2),(min-width: 577px) calc((540px - 24px) \/ 1), calc(100vw - 24px)\" srcset=\"https:\/\/www.greenpeace.org\/static\/planet4-poland-stateless\/2021\/12\/ba112528-untitled-design-5.jpg 940w, https:\/\/www.greenpeace.org\/static\/planet4-poland-stateless\/2021\/12\/ba112528-untitled-design-5-500x319.jpg 500w, https:\/\/www.greenpeace.org\/static\/planet4-poland-stateless\/2021\/12\/ba112528-untitled-design-5-768x490.jpg 768w, https:\/\/www.greenpeace.org\/static\/planet4-poland-stateless\/2021\/12\/ba112528-untitled-design-5-510x326.jpg 510w\" class=\"wp-image-31226 size-full\"\/><\/figure><\/div>\n\n\n\n<div class=\"wp-block-media-text alignwide is-stacked-on-mobile\"><figure class=\"wp-block-media-text__media\"><img loading=\"lazy\" decoding=\"async\" width=\"940\" height=\"600\" src=\"https:\/\/www.greenpeace.org\/static\/planet4-poland-stateless\/2021\/12\/b98fbebe-untitled-design-7.jpg\" alt=\"\" sizes=\"auto, (min-width: 1600px) calc((1320px - 24px) \/ 2),(min-width: 1200px) calc((1140px - 24px) \/ 2),(min-width: 992px) calc((960px - 24px) \/ 2),(min-width: 768px) calc((720px - 24px) \/ 2),(min-width: 601px) calc((540px - 24px) \/ 2),(min-width: 577px) calc((540px - 24px) \/ 1), calc(100vw - 24px)\" srcset=\"https:\/\/www.greenpeace.org\/static\/planet4-poland-stateless\/2021\/12\/b98fbebe-untitled-design-7.jpg 940w, https:\/\/www.greenpeace.org\/static\/planet4-poland-stateless\/2021\/12\/b98fbebe-untitled-design-7-500x319.jpg 500w, https:\/\/www.greenpeace.org\/static\/planet4-poland-stateless\/2021\/12\/b98fbebe-untitled-design-7-768x490.jpg 768w, https:\/\/www.greenpeace.org\/static\/planet4-poland-stateless\/2021\/12\/b98fbebe-untitled-design-7-510x326.jpg 510w\" class=\"wp-image-31234 size-full\"\/><\/figure><div class=\"wp-block-media-text__content\">\n<h2 class=\"wp-block-heading\">6. Wykorzystaj nieu\u017cywane ju\u017c t-shirty, koszule, prze\u015bcierad\u0142a<\/h2>\n\n\n\n<p>Stare t-shirty s\u0105 \u015bwietne do spania w nich, ale r\u00f3wnie dobrze mog\u0105 si\u0119 sprawdzi\u0107 jako nietypowe opakowanie na prezent. Co wi\u0119cej, by zapakowa\u0107 prezent w koszul\u0119 nie potrzebujesz \u017cadnych dodatkowych przybor\u00f3w! Mo\u017cesz te\u017c wykorzysta\u0107 stare prze\u015bcierad\u0142a lub poszewki.<\/p>\n\n\n\n<p>Tutaj znajdziesz instrukcj\u0119, jak to zapakowa\u0107 prezent w koszul\u0119:&nbsp;<a href=\"https:\/\/youtu.be\/0xeONM3THi4\">youtu.be\/0xeONM3THi4<\/a><\/p>\n\n\n\n<div class=\"wp-block-buttons is-layout-flex wp-block-buttons-is-layout-flex\"><\/div>\n<\/div><\/div>\n\n\n\n<div class=\"wp-block-media-text alignwide has-media-on-the-right is-stacked-on-mobile\"><div class=\"wp-block-media-text__content\">\n<h2 class=\"wp-block-heading\">7. Zr\u00f3b torby na prezenty z kartonowych opakowa\u0144<\/h2>\n\n\n\n<p>P\u0142atki to cz\u0119sty pomys\u0142 na \u015bniadanie. A co zrobi\u0107 z pude\u0142kiem po p\u0142atkach? Mo\u017cna oczywi\u015bcie podda\u0107 recyklingowi, ale mo\u017cna te\u017c udekorowa\u0107 i u\u017cy\u0107 jako torb\u0119 na prezent! <a href=\"https:\/\/www.thecentsiblelife.com\/handmade-gift-bags\/\">Tutaj<\/a> mo\u017cesz zobaczy\u0107, jak to zrobi\u0107.<\/p>\n\n\n\n<div class=\"wp-block-buttons is-layout-flex wp-block-buttons-is-layout-flex\"><\/div>\n<\/div><figure class=\"wp-block-media-text__media\"><img loading=\"lazy\" decoding=\"async\" width=\"940\" height=\"600\" src=\"https:\/\/www.greenpeace.org\/static\/planet4-poland-stateless\/2021\/12\/1c7640bc-untitled-design-8.jpg\" alt=\"\" sizes=\"auto, (min-width: 1600px) calc((1320px - 24px) \/ 2),(min-width: 1200px) calc((1140px - 24px) \/ 2),(min-width: 992px) calc((960px - 24px) \/ 2),(min-width: 768px) calc((720px - 24px) \/ 2),(min-width: 601px) calc((540px - 24px) \/ 2),(min-width: 577px) calc((540px - 24px) \/ 1), calc(100vw - 24px)\" srcset=\"https:\/\/www.greenpeace.org\/static\/planet4-poland-stateless\/2021\/12\/1c7640bc-untitled-design-8.jpg 940w, https:\/\/www.greenpeace.org\/static\/planet4-poland-stateless\/2021\/12\/1c7640bc-untitled-design-8-500x319.jpg 500w, https:\/\/www.greenpeace.org\/static\/planet4-poland-stateless\/2021\/12\/1c7640bc-untitled-design-8-768x490.jpg 768w, https:\/\/www.greenpeace.org\/static\/planet4-poland-stateless\/2021\/12\/1c7640bc-untitled-design-8-510x326.jpg 510w\" class=\"wp-image-31237 size-full\"\/><\/figure><\/div>\n\n\n\n<div class=\"wp-block-media-text alignwide is-stacked-on-mobile\"><figure class=\"wp-block-media-text__media\"><img loading=\"lazy\" decoding=\"async\" width=\"940\" height=\"600\" src=\"https:\/\/www.greenpeace.org\/static\/planet4-poland-stateless\/2021\/12\/924ca005-untitled-design-9.jpg\" alt=\"\" sizes=\"auto, (min-width: 1600px) calc((1320px - 24px) \/ 2),(min-width: 1200px) calc((1140px - 24px) \/ 2),(min-width: 992px) calc((960px - 24px) \/ 2),(min-width: 768px) calc((720px - 24px) \/ 2),(min-width: 601px) calc((540px - 24px) \/ 2),(min-width: 577px) calc((540px - 24px) \/ 1), calc(100vw - 24px)\" srcset=\"https:\/\/www.greenpeace.org\/static\/planet4-poland-stateless\/2021\/12\/924ca005-untitled-design-9.jpg 940w, https:\/\/www.greenpeace.org\/static\/planet4-poland-stateless\/2021\/12\/924ca005-untitled-design-9-500x319.jpg 500w, https:\/\/www.greenpeace.org\/static\/planet4-poland-stateless\/2021\/12\/924ca005-untitled-design-9-768x490.jpg 768w, https:\/\/www.greenpeace.org\/static\/planet4-poland-stateless\/2021\/12\/924ca005-untitled-design-9-510x326.jpg 510w\" class=\"wp-image-31238 size-full\"\/><\/figure><div class=\"wp-block-media-text__content\">\n<h2 class=\"wp-block-heading\">8. Imienne etykietki z poczt\u00f3wek lub karton\u00f3w<\/h2>\n\n\n\n<p>Masz w domu stare, niezapisane kartki pocztowe? U\u017cyj ich ponownie jako imienne etykiety do\u0142\u0105czone do prezent\u00f3w. Etykiety mo\u017cesz zrobi\u0107 r\u00f3wnie\u017c ze zu\u017cytych opakowa\u0144 tekturowych i karton\u00f3w. W wersji mini potrzebujesz tylko no\u017cyczek i ew. dziurkacza \ud83d\ude42<\/p>\n\n\n\n<div class=\"wp-block-buttons is-layout-flex wp-block-buttons-is-layout-flex\"><\/div>\n<\/div><\/div>\n\n\n\n<h3 class=\"wp-block-heading has-text-align-center has-green-500-background-color has-background\">Korzystaj z tego, co ju\u017c masz w domu! \ud83d\ude42<\/h3>\n\n<p class=\"has-text-align-center\">Zbieraj torby, wst\u0105\u017cki i inne elementy z prezent\u00f3w, kt\u00f3re do Ciebie trafi\u0142y i puszczaj je dalej w \u015bwiat. Torby prezentowe, wst\u0105\u017cki i kokardki, w kt\u00f3rych otrzymujesz prezenty, nie musz\u0105 by\u0107 jednorazowe!<\/p>\n\n<hr class=\"wp-block-separator has-css-opacity\"\/>\n\n<h2 class=\"wp-block-heading\"><\/h2>\n\n<div class=\"wp-block-group is-vertical is-content-justification-center is-layout-flex wp-container-core-group-is-layout-4b2eccd6 wp-block-group-is-layout-flex\">\n<h2 class=\"wp-block-heading has-text-align-center\">Zobacz te\u017c:<\/h2>\n\n\n\n<div class=\"wp-block-columns is-layout-flex wp-container-core-columns-is-layout-9d6595d7 wp-block-columns-is-layout-flex\">\n<div class=\"wp-block-column is-layout-flow wp-block-column-is-layout-flow\">\n<figure class=\"wp-block-image size-full\"><a href=\"https:\/\/www.greenpeace.org\/poland\/roslinne-przepisy-na-pyszne-swieta\/\"><img loading=\"lazy\" decoding=\"async\" width=\"900\" height=\"350\" src=\"https:\/\/www.greenpeace.org\/static\/planet4-poland-stateless\/2023\/12\/63fd862b-przepisy-banner.png\" alt=\"\" class=\"wp-image-34033\" srcset=\"https:\/\/www.greenpeace.org\/static\/planet4-poland-stateless\/2023\/12\/63fd862b-przepisy-banner.png 900w, https:\/\/www.greenpeace.org\/static\/planet4-poland-stateless\/2023\/12\/63fd862b-przepisy-banner-500x194.png 500w, https:\/\/www.greenpeace.org\/static\/planet4-poland-stateless\/2023\/12\/63fd862b-przepisy-banner-768x299.png 768w, https:\/\/www.greenpeace.org\/static\/planet4-poland-stateless\/2023\/12\/63fd862b-przepisy-banner-510x198.png 510w\" sizes=\"auto, (max-width: 900px) 100vw, 900px\" \/><\/a><\/figure>\n<\/div>\n\n\n\n<div class=\"wp-block-column is-layout-flow wp-block-column-is-layout-flow\">\n<figure class=\"wp-block-image size-full\"><a href=\"https:\/\/www.greenpeace.org\/poland\/poradnik-swiateczny-jaka-choinka-jest-eko\/\"><img loading=\"lazy\" decoding=\"async\" width=\"900\" height=\"350\" src=\"https:\/\/www.greenpeace.org\/static\/planet4-poland-stateless\/2021\/12\/a4e57e8e-choinka-mail.jpg\" title=\"Choinka\" alt=\"\" class=\"wp-image-31346\" srcset=\"https:\/\/www.greenpeace.org\/static\/planet4-poland-stateless\/2021\/12\/a4e57e8e-choinka-mail.jpg 900w, https:\/\/www.greenpeace.org\/static\/planet4-poland-stateless\/2021\/12\/a4e57e8e-choinka-mail-500x194.jpg 500w, https:\/\/www.greenpeace.org\/static\/planet4-poland-stateless\/2021\/12\/a4e57e8e-choinka-mail-768x299.jpg 768w, https:\/\/www.greenpeace.org\/static\/planet4-poland-stateless\/2021\/12\/a4e57e8e-choinka-mail-510x198.jpg 510w\" sizes=\"auto, (max-width: 900px) 100vw, 900px\" \/><\/a><\/figure>\n<\/div>\n<\/div>\n<\/div>\n\n\n<div class=\"wp-block-media-text alignwide is-stacked-on-mobile\"><figure class=\"wp-block-media-text__media\"><a href=\"https:\/\/www.greenpeace.org\/poland\/prezentownik\/\"><img loading=\"lazy\" decoding=\"async\" width=\"1000\" height=\"667\" src=\"https:\/\/www.greenpeace.org\/static\/planet4-poland-stateless\/2023\/11\/9ed04aec-prezentownik.jpg\" alt=\"\" sizes=\"auto, (min-width: 1600px) calc((1320px - 24px) \/ 2),(min-width: 1200px) calc((1140px - 24px) \/ 2),(min-width: 992px) calc((960px - 24px) \/ 2),(min-width: 768px) calc((720px - 24px) \/ 2),(min-width: 601px) calc((540px - 24px) \/ 2),(min-width: 577px) calc((540px - 24px) \/ 1), calc(100vw - 24px)\" srcset=\"https:\/\/www.greenpeace.org\/static\/planet4-poland-stateless\/2023\/11\/9ed04aec-prezentownik.jpg 1000w, https:\/\/www.greenpeace.org\/static\/planet4-poland-stateless\/2023\/11\/9ed04aec-prezentownik-500x334.jpg 500w, https:\/\/www.greenpeace.org\/static\/planet4-poland-stateless\/2023\/11\/9ed04aec-prezentownik-768x512.jpg 768w, https:\/\/www.greenpeace.org\/static\/planet4-poland-stateless\/2023\/11\/9ed04aec-prezentownik-510x340.jpg 510w\" class=\"wp-image-33861 size-full\"\/><\/a><\/figure><div class=\"wp-block-media-text__content\">\n<h2 class=\"wp-block-heading\">Wesprzyj ochron\u0119 przyrody i wybierz jeden z prezent\u00f3w w podzi\u0119kowaniu <\/h2>\n\n\n\n<p>Szukasz upominku dla siebie lub kogo\u015b bliskiego, kt\u00f3ry jednocze\u015bnie wesprze wa\u017cn\u0105 spraw\u0119? Mamy dla Ciebie super propozycj\u0119 do\u0142\u0105czenia do fantastycznych os\u00f3b wspieraj\u0105cych nasze dzia\u0142ania niewielkimi, regularnymi darowiznami.&nbsp;<strong>W podzi\u0119kowaniu za Twoje wsparcie otrzymasz prezent<\/strong>! Mo\u017cesz wybra\u0107 jedn\u0105 z czterech propozycji, kt\u00f3re nie tylko sprawi\u0105 rado\u015b\u0107 Tobie lub obdarowanej osobie, ale r\u00f3wnie\u017c pozwol\u0105 nam dzia\u0142a\u0107 na rzecz planety. <\/p>\n\n\n\n<div class=\"wp-block-buttons is-layout-flex wp-block-buttons-is-layout-flex\">\n<div class=\"wp-block-button is-style-cta\"><a class=\"wp-block-button__link wp-element-button\" href=\"https:\/\/www.greenpeace.org\/poland\/prezentownik\/\">Wspieram!<\/a><\/div>\n<\/div>\n<\/div><\/div>\n\n","protected":false},"excerpt":{"rendered":"<p>Poznaj proste metody na efektowne pakowanie prezent\u00f3w bez produkowania zb\u0119dnych \u015bmieci!<\/p>\n","protected":false},"author":25,"featured_media":31208,"parent":9,"menu_order":0,"comment_status":"closed","ping_status":"closed","template":"","meta":{"ep_exclude_from_search":false,"p4_hide_page_title_checkbox":"on","p4_title":"","p4_subtitle":"","p4_description":"","background_image_id":"","background_image":"","p4_button_title":"","p4_button_link":"","p4_button_link_checkbox":"","p4_og_title":"Pakuj prezenty w duchu zero-waste","p4_og_description":"Zobacz nasz przewodnik ","p4_og_image":"https:\/\/www.greenpeace.org\/static\/planet4-poland-stateless\/2021\/12\/b98fbebe-untitled-design-7.jpg","p4_og_image_id":"31234","p4_seo_canonical_url":"","p4_campaign_name":"not set","p4_local_project":"not set","p4_basket_name":"Plastics","p4_department":"","footnotes":""},"categories":[3],"tags":[8,23],"class_list":["post-31207","page","type-page","status-publish","has-post-thumbnail","hentry","category-przyroda","tag-plastik","tag-dzialaj"],"_links":{"self":[{"href":"https:\/\/www.greenpeace.org\/poland\/wp-json\/wp\/v2\/pages\/31207","targetHints":{"allow":["GET"]}}],"collection":[{"href":"https:\/\/www.greenpeace.org\/poland\/wp-json\/wp\/v2\/pages"}],"about":[{"href":"https:\/\/www.greenpeace.org\/poland\/wp-json\/wp\/v2\/types\/page"}],"author":[{"embeddable":true,"href":"https:\/\/www.greenpeace.org\/poland\/wp-json\/wp\/v2\/users\/25"}],"replies":[{"embeddable":true,"href":"https:\/\/www.greenpeace.org\/poland\/wp-json\/wp\/v2\/comments?post=31207"}],"version-history":[{"count":20,"href":"https:\/\/www.greenpeace.org\/poland\/wp-json\/wp\/v2\/pages\/31207\/revisions"}],"predecessor-version":[{"id":35797,"href":"https:\/\/www.greenpeace.org\/poland\/wp-json\/wp\/v2\/pages\/31207\/revisions\/35797"}],"up":[{"embeddable":true,"href":"https:\/\/www.greenpeace.org\/poland\/wp-json\/wp\/v2\/pages\/9"}],"wp:featuredmedia":[{"embeddable":true,"href":"https:\/\/www.greenpeace.org\/poland\/wp-json\/wp\/v2\/media\/31208"}],"wp:attachment":[{"href":"https:\/\/www.greenpeace.org\/poland\/wp-json\/wp\/v2\/media?parent=31207"}],"wp:term":[{"taxonomy":"category","embeddable":true,"href":"https:\/\/www.greenpeace.org\/poland\/wp-json\/wp\/v2\/categories?post=31207"},{"taxonomy":"post_tag","embeddable":true,"href":"https:\/\/www.greenpeace.org\/poland\/wp-json\/wp\/v2\/tags?post=31207"}],"curies":[{"name":"wp","href":"https:\/\/api.w.org\/{rel}","templated":true}]}}