{"id":34335,"date":"2024-03-20T14:28:46","date_gmt":"2024-03-20T12:28:46","guid":{"rendered":"https:\/\/www.greenpeace.org\/poland\/?page_id=34335"},"modified":"2024-03-20T14:46:07","modified_gmt":"2024-03-20T12:46:07","slug":"wycinkomierz","status":"publish","type":"page","link":"https:\/\/www.greenpeace.org\/poland\/wycinkomierz\/","title":{"rendered":"Wycinkomierz"},"content":{"rendered":"\n<div class=\"wp-block-columns alignfull are-vertically-aligned-center has-grey-900-background-color has-background is-layout-flex wp-container-core-columns-is-layout-9d6595d7 wp-block-columns-is-layout-flex\">\n<div class=\"wp-block-column is-vertically-aligned-center is-layout-flow wp-block-column-is-layout-flow\" style=\"flex-basis:100%\">\n<h2 class=\"wp-block-heading has-text-align-center has-white-color has-grey-900-background-color has-text-color has-background has-link-color wp-elements-fd71a97e4f645c6dab6720695a0d28a2\" style=\"text-transform:uppercase\">codziennie 5800 tir\u00f3w pe\u0142nych drewna wyje\u017cd\u017ca z polskich las\u00f3w <\/h2>\n\n\n\n<script src=\"https:\/\/bogini.greenpeace.pl\/wycinki\/wycinkomierz.js\"><\/script>\n\n\n\n<div style=\"height:30px\" aria-hidden=\"true\" class=\"wp-block-spacer\"><\/div>\n\n\n\n<div class=\"wp-block-buttons is-layout-flex wp-block-buttons-is-layout-flex\">\n<div class=\"wp-block-button has-custom-font-size is-style-cta has-large-font-size\"><a class=\"wp-block-button__link wp-element-button\" href=\"https:\/\/www.greenpeace.org\/poland\/dowiedz-sie\/przyroda\/lasy\/5800-tirow-pelnych-drzew-dziennie\/\">DOWIEDZ SI\u0118 WI\u0118CEJ \u00bb<\/a><\/div>\n<\/div>\n<\/div>\n<\/div>\n","protected":false},"excerpt":{"rendered":"<p>codziennie 5800 tir\u00f3w pe\u0142nych drewna wyje\u017cd\u017ca z polskich las\u00f3w<\/p>\n","protected":false},"author":25,"featured_media":34306,"parent":0,"menu_order":0,"comment_status":"closed","ping_status":"closed","template":"","meta":{"ep_exclude_from_search":false,"p4_hide_page_title_checkbox":"on","p4_title":"","p4_subtitle":"","p4_description":"","background_image_id":"","background_image":"","p4_button_title":"","p4_button_link":"","p4_button_link_checkbox":"","p4_og_title":"","p4_og_description":"","p4_og_image":"","p4_og_image_id":"","p4_seo_canonical_url":"","p4_campaign_name":"","p4_local_project":"","p4_basket_name":"","p4_department":"","footnotes":""},"categories":[3],"tags":[19],"class_list":["post-34335","page","type-page","status-publish","has-post-thumbnail","hentry","category-przyroda","tag-lasy"],"_links":{"self":[{"href":"https:\/\/www.greenpeace.org\/poland\/wp-json\/wp\/v2\/pages\/34335","targetHints":{"allow":["GET"]}}],"collection":[{"href":"https:\/\/www.greenpeace.org\/poland\/wp-json\/wp\/v2\/pages"}],"about":[{"href":"https:\/\/www.greenpeace.org\/poland\/wp-json\/wp\/v2\/types\/page"}],"author":[{"embeddable":true,"href":"https:\/\/www.greenpeace.org\/poland\/wp-json\/wp\/v2\/users\/25"}],"replies":[{"embeddable":true,"href":"https:\/\/www.greenpeace.org\/poland\/wp-json\/wp\/v2\/comments?post=34335"}],"version-history":[{"count":8,"href":"https:\/\/www.greenpeace.org\/poland\/wp-json\/wp\/v2\/pages\/34335\/revisions"}],"predecessor-version":[{"id":34343,"href":"https:\/\/www.greenpeace.org\/poland\/wp-json\/wp\/v2\/pages\/34335\/revisions\/34343"}],"wp:featuredmedia":[{"embeddable":true,"href":"https:\/\/www.greenpeace.org\/poland\/wp-json\/wp\/v2\/media\/34306"}],"wp:attachment":[{"href":"https:\/\/www.greenpeace.org\/poland\/wp-json\/wp\/v2\/media?parent=34335"}],"wp:term":[{"taxonomy":"category","embeddable":true,"href":"https:\/\/www.greenpeace.org\/poland\/wp-json\/wp\/v2\/categories?post=34335"},{"taxonomy":"post_tag","embeddable":true,"href":"https:\/\/www.greenpeace.org\/poland\/wp-json\/wp\/v2\/tags?post=34335"}],"curies":[{"name":"wp","href":"https:\/\/api.w.org\/{rel}","templated":true}]}}