{"id":743,"date":"2019-06-13T13:46:06","date_gmt":"2019-06-13T11:46:06","guid":{"rendered":"https:\/\/master.k8s.p4.greenpeace.org\/poland\/?page_id=743"},"modified":"2025-08-09T22:41:00","modified_gmt":"2025-08-09T20:41:00","slug":"zielony-formularz-greenpeace","status":"publish","type":"page","link":"https:\/\/www.greenpeace.org\/poland\/zielony-formularz-greenpeace\/","title":{"rendered":"Zielony formularz Greenpeace"},"content":{"rendered":"\n\n<div class=\"wp-block-group alignfull is-layout-flow wp-block-group-is-layout-flow\" style=\"padding-top:0;padding-bottom:0\">\n<div class=\"wp-block-group container is-layout-flow wp-block-group-is-layout-flow\" style=\"padding-top:0;padding-bottom:0\">\n<div class=\"wp-block-media-text alignfull has-media-on-the-right is-stacked-on-mobile is-image-fill-element is-pattern-p4-page-header is-style-parallax\"><div class=\"wp-block-media-text__content\">\n<div class=\"wp-block-group is-layout-flow wp-block-group-is-layout-flow\">\n<h1 class=\"wp-block-heading has-white-background-color has-background\">Wspieranie Greenpeace przez tzw. zielony formularz<\/h1>\n<\/div>\n\n\n\n<p style=\"font-size:1.25rem\">Na ulicach i osiedlach polskich miast mo\u017cna spotka\u0107 osoby, kt\u00f3rych praca polega na poszukiwaniu os\u00f3b gotowych do wspierania dzia\u0142a\u0144 Greenpeace regularnymi darowiznami.&nbsp;To fundraiserzy i fundraiserki Greenpeace.<\/p>\n\n\n\n<p style=\"font-size:1.25rem\">Razem z osobami zainteresowanymi comiesi\u0119cznymi dotacjami dla Greenpeace wype\u0142niaj\u0105 druk polecenia zap\u0142aty, czyli tzw. zielony formularz.<\/p>\n<\/div><figure class=\"wp-block-media-text__media\"><img loading=\"lazy\" decoding=\"async\" width=\"1000\" height=\"666\" src=\"https:\/\/www.greenpeace.org\/static\/planet4-poland-stateless\/2025\/07\/8b8407b0-fundraiserka-greenpeace-2.jpg\" alt=\"\" sizes=\"auto, (min-width: 601px) 50vw, 100vw\" srcset=\"https:\/\/www.greenpeace.org\/static\/planet4-poland-stateless\/2025\/07\/8b8407b0-fundraiserka-greenpeace-2.jpg 1000w, https:\/\/www.greenpeace.org\/static\/planet4-poland-stateless\/2025\/07\/8b8407b0-fundraiserka-greenpeace-2-500x333.jpg 500w, https:\/\/www.greenpeace.org\/static\/planet4-poland-stateless\/2025\/07\/8b8407b0-fundraiserka-greenpeace-2-768x511.jpg 768w, https:\/\/www.greenpeace.org\/static\/planet4-poland-stateless\/2025\/07\/8b8407b0-fundraiserka-greenpeace-2-510x340.jpg 510w\" class=\"wp-image-37458 size-full\" style=\"object-position:50% 50%\"\/><\/figure><\/div>\n<\/div>\n<\/div>\n\n\n<div class=\"wp-block-group has-beige-100-background-color has-background is-vertical is-layout-flex wp-container-core-group-is-layout-96c7c2d2 wp-block-group-is-layout-flex\" style=\"padding-top:var(--wp--preset--spacing--50);padding-right:var(--wp--preset--spacing--40);padding-bottom:var(--wp--preset--spacing--50);padding-left:var(--wp--preset--spacing--40)\">\n<h3 class=\"wp-block-heading\">Plusy wspierania poprzez zielony formularz polecenia zap\u0142aty:<\/h3>\n\n\n\n<p><\/p>\n\n\n\n<ul style=\"font-size:1.2rem\" class=\"wp-block-list\">\n<li>Poprawno\u015b\u0107 dzia\u0142ania polecenia zap\u0142aty jest gwarantowana odpowiednimi regulacjami prawnymi, w tym ustaw\u0105 o prawie bankowym.<\/li>\n\n\n\n<li>Nad bezpiecze\u0144stwem realizacji polecenia zap\u0142aty mi\u0119dzy Darczy\u0144c\u0105 a Fundacj\u0105 Greenpeace Polska czuwa bank Pekao S.A. oraz bank Darczy\u0144cy.<\/li>\n\n\n\n<li>Wspieraj\u0105cy nie s\u0105 nara\u017ceni na niedogodno\u015bci osobistego dokonywania przelew\u00f3w, w szczeg\u00f3lno\u015bci operowania got\u00f3wk\u0105.<\/li>\n\n\n\n<li>W pe\u0142ni elektroniczna forma przep\u0142ywu informacji i rozlicze\u0144 redukuje mo\u017cliwo\u015b\u0107 powstania prostych b\u0142\u0119d\u00f3w pope\u0142nianych przy dyspozycjach wypisywanych r\u0119cznie.<\/li>\n\n\n\n<li>Bank Darczy\u0144cy oraz Greenpeace dbaj\u0105 o prawid\u0142owe i bezb\u0142\u0119dne przeprowadzenie transakcji. Nad prawid\u0142owym przep\u0142ywem danych czuwa Krajowa Izba Rozliczeniowa.<\/li>\n\n\n\n<li>Wszystkie transakcje dokonane za pomoc\u0105 polecenia zap\u0142aty s\u0105 odnotowywane na wyci\u0105gu bankowym, kt\u00f3ry Darczy\u0144ca otrzymuje od swojego banku.<\/li>\n<\/ul>\n<\/div>\n\n<h3 class=\"wp-block-heading\">Jak dzia\u0142a polecenie zap\u0142aty?<\/h3>\n\n<p>Po bankowej weryfikacji zielonego formularza wsparcia Greenpeace na koncie Darczy\u0144cy zostaje ustawione comiesi\u0119czne wsparcie w wysoko\u015bci wskazanej w formularzu wype\u0142nianym podczas rozmowy z osob\u0105 fundraisersk\u0105 Greenpeace. Wp\u0142aty s\u0105 pobierane co miesi\u0105c. W przypadku, gdy na koncie nie b\u0119dzie \u015brodk\u00f3w, bank mo\u017ce pr\u00f3bowa\u0107 ponownie pobra\u0107 dotacj\u0119.<\/p>\n\n<div class=\"wp-block-columns are-vertically-aligned-center is-layout-flex wp-container-core-columns-is-layout-9d6595d7 wp-block-columns-is-layout-flex\">\n<div class=\"wp-block-column is-vertically-aligned-center is-layout-flow wp-block-column-is-layout-flow\">\n<h3 class=\"wp-block-heading\">Co si\u0119 dzieje po wype\u0142nieniu formularza?<\/h3>\n\n\n\n<p><\/p>\n\n\n\n<p>Wype\u0142nione formularze s\u0105 dostarczane do biura Greenpeace, sk\u0105d &#8211; po wpisaniu do bazy &#8211; s\u0105 wysy\u0142ane do banku w celu autoryzacji (czyli weryfikacji wszystkich danych przez bank Darczy\u0144cy). Gdy formularz pozytywnie przejdzie bankowy proces sprawdzania poprawno\u015bci danych, regularne dotacje s\u0105 automatycznie uruchamiane na zasadzie polecenia zap\u0142aty. Darczy\u0144ca nie musi si\u0119 dodatkowo kontaktowa\u0107 z bankiem, by autoryzowa\u0107 darowizn\u0119.<\/p>\n\n\n\n<p>Zgoda na regularne obci\u0105\u017cenie konta dotacjami udzielana jest w dw\u00f3ch egzemplarzach: dla Darczy\u0144cy i dla Greenpeace.<\/p>\n<\/div>\n\n\n\n<div class=\"wp-block-column is-vertically-aligned-center is-layout-flow wp-block-column-is-layout-flow\">\n<figure class=\"wp-block-image size-large\"><img loading=\"lazy\" decoding=\"async\" width=\"1024\" height=\"683\" src=\"https:\/\/www.greenpeace.org\/static\/planet4-poland-stateless\/2019\/06\/d7389a7d-1p9a5567-1024x683.jpg\" title=\"Fundraiserka, zielony formularz\" alt=\"Fundraiserka, zielony formularz\" class=\"wp-image-744\" srcset=\"https:\/\/www.greenpeace.org\/static\/planet4-poland-stateless\/2019\/06\/d7389a7d-1p9a5567-1024x683.jpg 1024w, https:\/\/www.greenpeace.org\/static\/planet4-poland-stateless\/2019\/06\/d7389a7d-1p9a5567-300x200.jpg 300w, https:\/\/www.greenpeace.org\/static\/planet4-poland-stateless\/2019\/06\/d7389a7d-1p9a5567-768x512.jpg 768w, https:\/\/www.greenpeace.org\/static\/planet4-poland-stateless\/2019\/06\/d7389a7d-1p9a5567-510x340.jpg 510w, https:\/\/www.greenpeace.org\/static\/planet4-poland-stateless\/2019\/06\/d7389a7d-1p9a5567.jpg 1620w\" sizes=\"auto, (max-width: 1024px) 100vw, 1024px\" \/><figcaption class=\"wp-element-caption\">Naszych fundraiser\u00f3w mo\u017cesz spotka\u0107 na ulicach kilku polskich miast, w galeriach handlowych, na festiwalach etc.<\/figcaption><\/figure>\n<\/div>\n<\/div>\n\n<div class=\"wp-block-group is-style-space-evenly has-beige-100-background-color has-background is-vertical is-layout-flex wp-container-core-group-is-layout-aa0cefbf wp-block-group-is-layout-flex\" style=\"padding-top:var(--wp--preset--spacing--60);padding-right:var(--wp--preset--spacing--50);padding-bottom:var(--wp--preset--spacing--60);padding-left:var(--wp--preset--spacing--50)\">\n<h3 class=\"wp-block-heading\">Czy mo\u017cna zmieni\u0107 warunki pobierania dotacji na rzecz Greenpeace?<\/h3>\n\n\n\n<p style=\"font-size:1.2rem\">Dotowanie Greenpeace jest dobrowolne, dlatego w ka\u017cdej chwili mo\u017cesz zmieni\u0107 jego warunki. Aby to zrobi\u0107, skontaktuj si\u0119 z naszym biurem, pisz\u0105c na adres <strong><a href=\"mailto:spl@greenpeace.org\">spl@greenpeace.org<\/a>&nbsp;<\/strong><\/p>\n<\/div>\n\n<h3 class=\"wp-block-heading\">Jak sprawdzi\u0107, czy comiesi\u0119czne dotacje s\u0105 przelewane?<\/h3>\n\n<p>Wszystkie operacje wykonane poprzez polecenie zap\u0142aty s\u0105 widoczne na wyci\u0105gu bankowym lub w historii konta bankowego Darczy\u0144cy.<\/p>\n\n<div class=\"wp-block-group has-green-400-background-color has-background is-vertical is-content-justification-center is-layout-flex wp-container-core-group-is-layout-ea0867df wp-block-group-is-layout-flex\" style=\"padding-top:var(--wp--preset--spacing--50);padding-right:var(--wp--preset--spacing--80);padding-bottom:var(--wp--preset--spacing--50);padding-left:var(--wp--preset--spacing--80)\">\n<h3 class=\"wp-block-heading has-text-align-center has-yellow-background-color has-background\" id=\"block-dec09d5a-bb70-45f8-a9a4-187a343eabbd\">Sprawd\u017a, czy spotkana przez Ciebie osoba to nasz(a) fundraiser(ka)<\/h3>\n\n\n\n<p class=\"has-text-align-center\">Je\u015bli nie masz pewno\u015bci, czy spotkana przez Ciebie na ulicy osoba to nasz fundraiser lub fundraiserka i chcesz sprawdzi\u0107, czy naprawd\u0119 dla nas pracuje, tutaj mo\u017cesz to zrobi\u0107.<\/p>\n\n\n\n<p class=\"has-text-align-center\">Wprowad\u017a w polu poni\u017cej numer identyfikatora, kt\u00f3ry taka osoba jest zobowi\u0105zana mie\u0107 zawsze w widocznym miejscu i kliknij &#8222;Sprawd\u017a&#8221;:<\/p>\n\n\n\n<form action=\"https:\/\/wspieram.greenpeace.pl\/weryfikuj\" method=\"get\">\n\n  <input id=\"fundraiser\" value=\"\" name=\"fundraiser\">\n\n<button type=\"submit\">Sprawd\u017a<\/button>\n<\/form>\n<\/div>\n","protected":false},"excerpt":{"rendered":"<p>Plusy wspierania poprzez zielony formularz polecenia zap\u0142aty: Jak dzia\u0142a polecenie zap\u0142aty? Po bankowej weryfikacji zielonego formularza wsparcia Greenpeace na koncie Darczy\u0144cy zostaje ustawione comiesi\u0119czne wsparcie w wysoko\u015bci wskazanej w formularzu wype\u0142nianym podczas rozmowy z osob\u0105 fundraisersk\u0105 Greenpeace. Wp\u0142aty s\u0105 pobierane co miesi\u0105c. W przypadku, gdy na koncie nie b\u0119dzie \u015brodk\u00f3w, bank mo\u017ce pr\u00f3bowa\u0107 ponownie pobra\u0107 [&hellip;]<\/p>\n","protected":false},"author":25,"featured_media":744,"parent":0,"menu_order":0,"comment_status":"closed","ping_status":"closed","template":"","meta":{"ep_exclude_from_search":false,"p4_hide_page_title_checkbox":"on","p4_title":"","p4_subtitle":"","p4_description":"","background_image_id":"","background_image":"","p4_button_title":"","p4_button_link":"","p4_button_link_checkbox":"","p4_og_title":"","p4_og_description":"","p4_og_image":"","p4_og_image_id":"","p4_seo_canonical_url":"","p4_campaign_name":"not set","p4_local_project":"not set","p4_basket_name":"not set","p4_department":"","footnotes":""},"categories":[1],"tags":[],"class_list":["post-743","page","type-page","status-publish","has-post-thumbnail","hentry","category-inne"],"_links":{"self":[{"href":"https:\/\/www.greenpeace.org\/poland\/wp-json\/wp\/v2\/pages\/743","targetHints":{"allow":["GET"]}}],"collection":[{"href":"https:\/\/www.greenpeace.org\/poland\/wp-json\/wp\/v2\/pages"}],"about":[{"href":"https:\/\/www.greenpeace.org\/poland\/wp-json\/wp\/v2\/types\/page"}],"author":[{"embeddable":true,"href":"https:\/\/www.greenpeace.org\/poland\/wp-json\/wp\/v2\/users\/25"}],"replies":[{"embeddable":true,"href":"https:\/\/www.greenpeace.org\/poland\/wp-json\/wp\/v2\/comments?post=743"}],"version-history":[{"count":20,"href":"https:\/\/www.greenpeace.org\/poland\/wp-json\/wp\/v2\/pages\/743\/revisions"}],"predecessor-version":[{"id":37794,"href":"https:\/\/www.greenpeace.org\/poland\/wp-json\/wp\/v2\/pages\/743\/revisions\/37794"}],"wp:featuredmedia":[{"embeddable":true,"href":"https:\/\/www.greenpeace.org\/poland\/wp-json\/wp\/v2\/media\/744"}],"wp:attachment":[{"href":"https:\/\/www.greenpeace.org\/poland\/wp-json\/wp\/v2\/media?parent=743"}],"wp:term":[{"taxonomy":"category","embeddable":true,"href":"https:\/\/www.greenpeace.org\/poland\/wp-json\/wp\/v2\/categories?post=743"},{"taxonomy":"post_tag","embeddable":true,"href":"https:\/\/www.greenpeace.org\/poland\/wp-json\/wp\/v2\/tags?post=743"}],"curies":[{"name":"wp","href":"https:\/\/api.w.org\/{rel}","templated":true}]}}