{"id":11,"date":"2018-05-08T14:32:52","date_gmt":"2018-05-08T14:32:52","guid":{"rendered":"https:\/\/k8s.p4.greenpeace.org\/defaultcontent\/?page_id=11"},"modified":"2026-04-07T13:57:53","modified_gmt":"2026-04-07T10:57:53","slug":"campanii","status":"publish","type":"page","link":"https:\/\/www.greenpeace.org\/romania\/campanii\/","title":{"rendered":"Campanii"},"content":{"rendered":"\n\n<div class=\"wp-block-group alignfull is-layout-flow wp-block-group-is-layout-flow\">\n<div class=\"wp-block-group container is-layout-flow wp-block-group-is-layout-flow\">\n<div class=\"wp-block-media-text alignfull has-media-on-the-right is-stacked-on-mobile is-pattern-p4-page-header is-style-parallax\"><div class=\"wp-block-media-text__content\">\n<div class=\"wp-block-group is-layout-flow wp-block-group-is-layout-flow\">\n<h1 class=\"wp-block-heading has-white-background-color has-background\">\n                            Ce facem\n                        <\/h1>\n<\/div>\n\n\n\n<p style=\"font-size:1.25rem\">Ne confrunt\u0103m cu o criz\u0103 climatic\u0103 f\u0103r\u0103 precedent. <\/p>\n\n\n\n<p style=\"font-size:1.25rem\">Trebuie s\u0103 schimb\u0103m modul \u00een care g\u00e2ndim, ac\u021bion\u0103m \u0219i ne implic\u0103m \u00een modelarea viitorului nostru pentru a evita o catastrof\u0103 climatic\u0103. Trebuie s\u0103 fim fermi \u00een a cere politicienilor \u0219i companiilor s\u0103 ac\u021bioneze \u00een interesul umanit\u0103\u021bii \u0219i, implicit, al climei.<\/p>\n\n\n\n<div class=\"wp-block-buttons is-layout-flex wp-block-buttons-is-layout-flex\"><\/div>\n<\/div><figure class=\"wp-block-media-text__media\"><img loading=\"lazy\" decoding=\"async\" width=\"1024\" height=\"785\" src=\"https:\/\/www.greenpeace.org\/static\/planet4-romania-stateless\/2026\/03\/b46c97d8-untitled-design-45-1024x785.png\" alt=\"\" sizes=\"auto, (min-width: 601px) 50vw, 100vw\" srcset=\"https:\/\/www.greenpeace.org\/static\/planet4-romania-stateless\/2026\/03\/b46c97d8-untitled-design-45-scaled.png 2560w, https:\/\/www.greenpeace.org\/static\/planet4-romania-stateless\/2026\/03\/b46c97d8-untitled-design-45-300x230.png 300w, https:\/\/www.greenpeace.org\/static\/planet4-romania-stateless\/2026\/03\/b46c97d8-untitled-design-45-1024x785.png 1024w, https:\/\/www.greenpeace.org\/static\/planet4-romania-stateless\/2026\/03\/b46c97d8-untitled-design-45-768x589.png 768w, https:\/\/www.greenpeace.org\/static\/planet4-romania-stateless\/2026\/03\/b46c97d8-untitled-design-45-1536x1178.png 1536w, https:\/\/www.greenpeace.org\/static\/planet4-romania-stateless\/2026\/03\/b46c97d8-untitled-design-45-2048x1570.png 2048w, https:\/\/www.greenpeace.org\/static\/planet4-romania-stateless\/2026\/03\/b46c97d8-untitled-design-45-1781x1366.png 1781w, https:\/\/www.greenpeace.org\/static\/planet4-romania-stateless\/2026\/03\/b46c97d8-untitled-design-45-443x340.png 443w\" class=\"wp-image-12279 size-full\"\/><\/figure><\/div>\n<\/div>\n<\/div>\n\n<div data-render=\"planet4-blocks\/columns\" data-attributes=\"{&quot;attributes&quot;:{&quot;columns_block_style&quot;:&quot;image&quot;,&quot;columns_title&quot;:&quot;Clim\\u0103 \\u0219i energie&quot;,&quot;columns_description&quot;:&quot;Greenpeace Rom\\u00e2nia lupt\\u0103 pentru o tranzi\\u021bie energetic\\u0103 just\\u0103, care nu las\\u0103 pe nimeni \\u00een urm\\u0103. &lt;br&gt;&quot;,&quot;columns&quot;:[{&quot;attachment&quot;:&quot;https:\\\/\\\/www.greenpeace.org\\\/static\\\/planet4-romania-stateless\\\/2026\\\/03\\\/9e439945-kdsc05571-510x340.jpg&quot;,&quot;title&quot;:&quot;DEMOCRA\\u021aIE ENERGETIC\\u0102&quot;,&quot;cta_link&quot;:&quot;https:\\\/\\\/www.greenpeace.org\\\/romania\\\/democratie-energetica\\\/&quot;,&quot;description&quot;:&quot;\\u00cenc\\u0103 din 2022 lucr\\u0103m pentru ca tot mai mul\\u021bi oameni s\\u0103 afle despre comunit\\u0103\\u021bile de energie, s\\u0103 gr\\u0103bim crearea cadrului legal \\u0219i s\\u0103 facilit\\u0103m accesul la fonduri publice pentru viitoarele proiecte.&quot;,&quot;attachment_srcset&quot;:&quot;https:\\\/\\\/www.greenpeace.org\\\/static\\\/planet4-romania-stateless\\\/2026\\\/03\\\/9e439945-kdsc05571-510x340.jpg 510w, https:\\\/\\\/www.greenpeace.org\\\/static\\\/planet4-romania-stateless\\\/2026\\\/03\\\/9e439945-kdsc05571-300x200.jpg 300w, https:\\\/\\\/www.greenpeace.org\\\/static\\\/planet4-romania-stateless\\\/2026\\\/03\\\/9e439945-kdsc05571-1024x683.jpg 1024w, https:\\\/\\\/www.greenpeace.org\\\/static\\\/planet4-romania-stateless\\\/2026\\\/03\\\/9e439945-kdsc05571-768x512.jpg 768w, https:\\\/\\\/www.greenpeace.org\\\/static\\\/planet4-romania-stateless\\\/2026\\\/03\\\/9e439945-kdsc05571-1536x1024.jpg 1536w, https:\\\/\\\/www.greenpeace.org\\\/static\\\/planet4-romania-stateless\\\/2026\\\/03\\\/9e439945-kdsc05571-2048x1366.jpg 2048w&quot;},{&quot;attachment&quot;:&quot;https:\\\/\\\/www.greenpeace.org\\\/static\\\/planet4-romania-stateless\\\/2021\\\/12\\\/4f973a29-rip-carbune-2030-510x340.jpeg&quot;,&quot;title&quot;:&quot;CRIZ\\u0102 CLIMATIC\\u0102&quot;,&quot;cta_link&quot;:&quot;https:\\\/\\\/www.greenpeace.org\\\/romania\\\/comunicat-presa\\\/11635\\\/zeci-de-activisti-greenpeace-protesteaza-pe-plaja-din-vama-veche\\\/&quot;,&quot;attachment_srcset&quot;:&quot;https:\\\/\\\/www.greenpeace.org\\\/static\\\/planet4-romania-stateless\\\/2021\\\/12\\\/4f973a29-rip-carbune-2030-510x340.jpeg 510w, https:\\\/\\\/www.greenpeace.org\\\/static\\\/planet4-romania-stateless\\\/2021\\\/12\\\/4f973a29-rip-carbune-2030-300x200.jpeg 300w, https:\\\/\\\/www.greenpeace.org\\\/static\\\/planet4-romania-stateless\\\/2021\\\/12\\\/4f973a29-rip-carbune-2030-1024x683.jpeg 1024w, https:\\\/\\\/www.greenpeace.org\\\/static\\\/planet4-romania-stateless\\\/2021\\\/12\\\/4f973a29-rip-carbune-2030-768x512.jpeg 768w, https:\\\/\\\/www.greenpeace.org\\\/static\\\/planet4-romania-stateless\\\/2021\\\/12\\\/4f973a29-rip-carbune-2030-1536x1024.jpeg 1536w, https:\\\/\\\/www.greenpeace.org\\\/static\\\/planet4-romania-stateless\\\/2021\\\/12\\\/4f973a29-rip-carbune-2030.jpeg 2048w&quot;}],&quot;className&quot;:&quot;is-style-image&quot;}}\"><\/div><div data-render=\"planet4-blocks\/columns\" data-attributes=\"{&quot;attributes&quot;:{&quot;columns_block_style&quot;:&quot;image&quot;,&quot;columns_title&quot;:&quot;P\\u0103duri \\u0219i Biodiversitate&quot;,&quot;columns_description&quot;:&quot;Rom\\u00e2nia este unul dintre cele mai importante sanctuare de biodiversitate de pe continent. G\\u0103zduim cele mai \\u00eentinse p\\u0103duri primare din Europa temperat\\u0103 \\u0219i cele mai mari popula\\u021bii de carnivore mari \\u2014 adev\\u0103ra\\u021bi indicatori ai vitalit\\u0103\\u021bii naturii.&lt;br&gt;&lt;br&gt;Protec\\u021bia naturii este \\u00eens\\u0103 compromis\\u0103 prin &lt;a href=\\&quot;https:\\\/\\\/www.greenpeace.org\\\/static\\\/planet4-romania-stateless\\\/2019\\\/07\\\/272f5a72-272f5a72-20170427_viziunea-greenpeace-pentru-padurile-romaniei.pdf\\&quot;&gt;lips\\u0103 de viziune&lt;\\\/a&gt;, incompeten\\u021b\\u0103, corup\\u021bie \\u0219i interese financiare pe termen scurt.&lt;br&gt;Protejarea naturii nu este un lux, ci o condi\\u021bie absolut\\u0103 pentru bun\\u0103starea \\u0219i supravie\\u021buirea noastr\\u0103.&lt;br&gt;&quot;,&quot;columns&quot;:[{&quot;attachment&quot;:&quot;https:\\\/\\\/www.greenpeace.org\\\/static\\\/planet4-romania-stateless\\\/2026\\\/03\\\/f9593193-gp0stwqr6-510x340.jpg&quot;,&quot;title&quot;:&quot;MONITORIZARE \\u0218I INTERVEN\\u021aIE DIRECT\\u0102&quot;,&quot;cta_link&quot;:&quot;https:\\\/\\\/www.greenpeace.org\\\/romania\\\/campanii\\\/monitorizare-si-interventie-directa\\\/&quot;,&quot;description&quot;:&quot;Monitoriz\\u0103m, document\\u0103m abuzuri, expunem public \\u0219i intervenim pentru a proteja p\\u0103durile valoroase pentru societate \\u0219i biodiversitate. Prin investiga\\u021bii riguroase \\u0219i expunere public\\u0103, confrunt\\u0103m sistemul care permite t\\u0103ierile abuzive \\u0219i pres\\u0103m autorit\\u0103\\u021bile s\\u0103 aplice legea. Obiectivul nostru imediat este stoparea declinului naturii.\\u00a0&lt;em&gt;\\u00a0&lt;\\\/em&gt;&quot;,&quot;attachment_srcset&quot;:&quot;https:\\\/\\\/www.greenpeace.org\\\/static\\\/planet4-romania-stateless\\\/2026\\\/03\\\/f9593193-gp0stwqr6-510x340.jpg 510w, https:\\\/\\\/www.greenpeace.org\\\/static\\\/planet4-romania-stateless\\\/2026\\\/03\\\/f9593193-gp0stwqr6-300x200.jpg 300w, https:\\\/\\\/www.greenpeace.org\\\/static\\\/planet4-romania-stateless\\\/2026\\\/03\\\/f9593193-gp0stwqr6-1024x683.jpg 1024w, https:\\\/\\\/www.greenpeace.org\\\/static\\\/planet4-romania-stateless\\\/2026\\\/03\\\/f9593193-gp0stwqr6-768x512.jpg 768w, https:\\\/\\\/www.greenpeace.org\\\/static\\\/planet4-romania-stateless\\\/2026\\\/03\\\/f9593193-gp0stwqr6-1536x1024.jpg 1536w, https:\\\/\\\/www.greenpeace.org\\\/static\\\/planet4-romania-stateless\\\/2026\\\/03\\\/f9593193-gp0stwqr6-2048x1366.jpg 2048w&quot;},{&quot;attachment&quot;:&quot;https:\\\/\\\/www.greenpeace.org\\\/static\\\/planet4-romania-stateless\\\/2026\\\/04\\\/c3b9c7ae-gp0stq2th-510x340.jpg&quot;,&quot;title&quot;:&quot;CONSERVARE \\u0218I RESTAURARE ECOLOGIC\\u0102&quot;,&quot;cta_link&quot;:&quot;https:\\\/\\\/www.greenpeace.org\\\/romania\\\/campanii\\\/conservare-si-restaurare-ecologica\\\/&quot;,&quot;description&quot;:&quot;F\\u0103r\\u0103 o scalare masiv\\u0103 a conserv\\u0103rii ne submin\\u0103m viitorul. De aceea, lupt\\u0103m pentru &lt;strong&gt;ImPossible Park&lt;\\\/strong&gt; \\u2013 crearea celui mai mare parc transfrontalier european de-a lungul Carpa\\u021bilor. \\u00cen aceast\\u0103 arhitectur\\u0103 a supravie\\u021buirii, protejarea strict\\u0103 a 10% din teritoriul Rom\\u00e2niei este doar prima etap\\u0103 esen\\u021bial\\u0103 pentru regenerarea naturii.&quot;,&quot;attachment_srcset&quot;:&quot;https:\\\/\\\/www.greenpeace.org\\\/static\\\/planet4-romania-stateless\\\/2026\\\/04\\\/c3b9c7ae-gp0stq2th-510x340.jpg 510w, https:\\\/\\\/www.greenpeace.org\\\/static\\\/planet4-romania-stateless\\\/2026\\\/04\\\/c3b9c7ae-gp0stq2th-300x200.jpg 300w, https:\\\/\\\/www.greenpeace.org\\\/static\\\/planet4-romania-stateless\\\/2026\\\/04\\\/c3b9c7ae-gp0stq2th-1024x683.jpg 1024w, https:\\\/\\\/www.greenpeace.org\\\/static\\\/planet4-romania-stateless\\\/2026\\\/04\\\/c3b9c7ae-gp0stq2th-768x512.jpg 768w, https:\\\/\\\/www.greenpeace.org\\\/static\\\/planet4-romania-stateless\\\/2026\\\/04\\\/c3b9c7ae-gp0stq2th-1536x1024.jpg 1536w, https:\\\/\\\/www.greenpeace.org\\\/static\\\/planet4-romania-stateless\\\/2026\\\/04\\\/c3b9c7ae-gp0stq2th-2048x1366.jpg 2048w&quot;}],&quot;className&quot;:&quot;is-style-image&quot;}}\"><\/div>\n<div class=\"wp-block-query posts-list p4-query-loop is-custom-layout-list is-layout-flow wp-block-query-is-layout-flow\">\n<div class=\"wp-block-group is-content-justification-space-between is-layout-flex wp-container-core-group-is-layout-3d213aab wp-block-group-is-layout-flex\">\n<h2 class=\"wp-block-heading\">Articole similare<\/h2>\n\n\n<li class=\" wp-block-navigation-item see-all-link wp-block-navigation-link\"><a class=\"wp-block-navigation-item__content\"  href=\"http:\/\/www.greenpeace.org\/romania\/news-stories\/\"><span data-ga-category=\"Posts List\" data-ga-action=\"See More Link\" data-ga-label=\"n\/a\" class=\"wp-block-navigation-item__label\">See all stories<\/span><\/a><\/li><\/div>\n\n\n\n<p style=\"margin-top:24px;margin-bottom:36px\"><\/p>\n\n\n\n\n<ul class=\"wp-block-post-template is-layout-flow wp-block-post-template-is-layout-flow\"><li class=\"wp-block-post post-79218 post type-post status-publish format-standard has-post-thumbnail hentry category-acces-la-justitie tag-participare-civica-2\">\n\n<div class=\"wp-block-columns is-layout-flex wp-container-core-columns-is-layout-9d6595d7 wp-block-columns-is-layout-flex\"><figure class=\"wp-block-post-featured-image\"><a href=\"https:\/\/www.greenpeace.org\/romania\/articol\/79218\/termen-ratat-pentru-natura-si-democratie-romania-a-ignorat-deadline-ul-ue-pentru-legea-anti-slapp\/\" target=\"_self\"  ><img loading=\"lazy\" decoding=\"async\" data-ga-category=\"Posts List\" data-ga-action=\"Image\" data-ga-label=\"n\/a\" width=\"1920\" height=\"2560\" src=\"https:\/\/www.greenpeace.org\/static\/planet4-romania-stateless\/2026\/05\/47e42c4a-untitled-design-1-2-scaled.png\" class=\"attachment-post-thumbnail size-post-thumbnail wp-post-image wp-stateless-item\" alt=\"Termen ratat pentru natur\u0103 \u0219i democra\u021bie: Rom\u00e2nia a ignorat deadline-ul UE pentru legea anti-SLAPP\" style=\"object-fit:cover;\" srcset=\"https:\/\/www.greenpeace.org\/static\/planet4-romania-stateless\/2026\/05\/47e42c4a-untitled-design-1-2-scaled.png 1920w, https:\/\/www.greenpeace.org\/static\/planet4-romania-stateless\/2026\/05\/47e42c4a-untitled-design-1-2-225x300.png 225w, https:\/\/www.greenpeace.org\/static\/planet4-romania-stateless\/2026\/05\/47e42c4a-untitled-design-1-2-768x1024.png 768w, https:\/\/www.greenpeace.org\/static\/planet4-romania-stateless\/2026\/05\/47e42c4a-untitled-design-1-2-1152x1536.png 1152w, https:\/\/www.greenpeace.org\/static\/planet4-romania-stateless\/2026\/05\/47e42c4a-untitled-design-1-2-1536x2048.png 1536w, https:\/\/www.greenpeace.org\/static\/planet4-romania-stateless\/2026\/05\/47e42c4a-untitled-design-1-2-1025x1366.png 1025w, https:\/\/www.greenpeace.org\/static\/planet4-romania-stateless\/2026\/05\/47e42c4a-untitled-design-1-2-255x340.png 255w\" sizes=\"auto, (max-width: 1920px) 100vw, 1920px\" data-image-size=\"post-thumbnail\" data-stateless-media-bucket=\"planet4-romania-stateless\" data-stateless-media-name=\"2026\/05\/47e42c4a-untitled-design-1-2-scaled.png\" \/><\/a><\/figure>\n\n\n<div class=\"wp-block-group is-layout-flow wp-block-group-is-layout-flow\">\n<div class=\"wp-block-group is-layout-flex wp-block-group-is-layout-flex\"><div class=\"wp-block-post-terms\"><a data-ga-category=\"Posts List\" data-ga-action=\"Post Type Tag\" data-ga-label=\"n\/a\" href=\"https:\/\/www.greenpeace.org\/romania\/category\/acces-la-justitie\/\">Acces la Justi\u021bie<\/a><\/div>\n\n<div class=\"taxonomy-post_tag wp-block-post-terms\"><a data-ga-category=\"Posts List\" data-ga-action=\"Navigation Tag\" data-ga-label=\"n\/a\" href=\"https:\/\/www.greenpeace.org\/romania\/tag\/participare-civica-2\/\" rel=\"tag\">Participare Civic\u0103<\/a><\/div><\/div>\n\n\n<h3 class=\"wp-block-post-title\"><a data-ga-category=\"Posts List\" data-ga-action=\"Title\" data-ga-label=\"n\/a\" href=\"https:\/\/www.greenpeace.org\/romania\/articol\/79218\/termen-ratat-pentru-natura-si-democratie-romania-a-ignorat-deadline-ul-ue-pentru-legea-anti-slapp\/\" target=\"_self\" >Termen ratat pentru natur\u0103 \u0219i democra\u021bie: Rom\u00e2nia a ignorat deadline-ul UE pentru legea anti-SLAPP<\/a><\/h3>\n\n<div class=\"wp-block-post-excerpt\"><p class=\"wp-block-post-excerpt__excerpt\">Criza climatic\u0103 nu este doar despre temperaturi \u00een cre\u0219tere, secet\u0103 sau inunda\u021bii. Este \u0219i despre putere. <\/p><\/div>\n\n\n<div class=\"wp-block-group posts-list-meta is-layout-flow wp-block-group-is-layout-flow\"><span class='article-list-item-author'><a data-ga-category=\"Posts List\" data-ga-action=\"Author\" data-ga-label=\"n\/a\" href='https:\/\/www.greenpeace.org\/romania\/author\/elena-ionescu\/'>Elena Ionescu<\/a><\/span>\n\n<div class=\"wp-block-post-date\"><time datetime=\"2026-05-08T08:36:34+03:00\">08\/05\/2026<\/time><\/div><\/div>\n<\/div>\n<\/div>\n\n<\/li><li class=\"wp-block-post post-79073 post type-post status-publish format-standard has-post-thumbnail hentry category-clima-si-energie tag-gaz-fosil-2\">\n\n<div class=\"wp-block-columns is-layout-flex wp-container-core-columns-is-layout-9d6595d7 wp-block-columns-is-layout-flex\"><figure class=\"wp-block-post-featured-image\"><a href=\"https:\/\/www.greenpeace.org\/romania\/articol\/79073\/premiera-gaslit\/\" target=\"_self\"  ><img loading=\"lazy\" decoding=\"async\" data-ga-category=\"Posts List\" data-ga-action=\"Image\" data-ga-label=\"n\/a\" width=\"1280\" height=\"853\" src=\"https:\/\/www.greenpeace.org\/static\/planet4-romania-stateless\/2026\/04\/28de2c46-dma03444.jpg\" class=\"attachment-post-thumbnail size-post-thumbnail wp-post-image wp-stateless-item\" alt=\"\u201eEI AU PUTEREA BANILOR, DAR NOI AVEM PUTEREA OAMENILOR\u201d &#8211; Premiera filmului documentar GASLIT \u00een Rom\u00e2nia\u00a0\" style=\"object-fit:cover;\" srcset=\"https:\/\/www.greenpeace.org\/static\/planet4-romania-stateless\/2026\/04\/28de2c46-dma03444.jpg 1280w, https:\/\/www.greenpeace.org\/static\/planet4-romania-stateless\/2026\/04\/28de2c46-dma03444-300x200.jpg 300w, https:\/\/www.greenpeace.org\/static\/planet4-romania-stateless\/2026\/04\/28de2c46-dma03444-1024x682.jpg 1024w, https:\/\/www.greenpeace.org\/static\/planet4-romania-stateless\/2026\/04\/28de2c46-dma03444-768x512.jpg 768w, https:\/\/www.greenpeace.org\/static\/planet4-romania-stateless\/2026\/04\/28de2c46-dma03444-510x340.jpg 510w\" sizes=\"auto, (max-width: 1280px) 100vw, 1280px\" data-image-size=\"post-thumbnail\" data-stateless-media-bucket=\"planet4-romania-stateless\" data-stateless-media-name=\"2026\/04\/28de2c46-dma03444.jpg\" \/><\/a><\/figure>\n\n\n<div class=\"wp-block-group is-layout-flow wp-block-group-is-layout-flow\">\n<div class=\"wp-block-group is-layout-flex wp-block-group-is-layout-flex\"><div class=\"wp-block-post-terms\"><a data-ga-category=\"Posts List\" data-ga-action=\"Post Type Tag\" data-ga-label=\"n\/a\" href=\"https:\/\/www.greenpeace.org\/romania\/category\/clima-si-energie\/\">Clim\u0103 \u0219i energie<\/a><\/div>\n\n<div class=\"taxonomy-post_tag wp-block-post-terms\"><a data-ga-category=\"Posts List\" data-ga-action=\"Navigation Tag\" data-ga-label=\"n\/a\" href=\"https:\/\/www.greenpeace.org\/romania\/tag\/gaz-fosil-2\/\" rel=\"tag\">Gaz Fosil<\/a><\/div><\/div>\n\n\n<h3 class=\"wp-block-post-title\"><a data-ga-category=\"Posts List\" data-ga-action=\"Title\" data-ga-label=\"n\/a\" href=\"https:\/\/www.greenpeace.org\/romania\/articol\/79073\/premiera-gaslit\/\" target=\"_self\" >\u201eEI AU PUTEREA BANILOR, DAR NOI AVEM PUTEREA OAMENILOR\u201d &#8211; Premiera filmului documentar GASLIT \u00een Rom\u00e2nia\u00a0<\/a><\/h3>\n\n<div class=\"wp-block-post-excerpt\"><p class=\"wp-block-post-excerpt__excerpt\">Pe 27 aprilie, documentarul Gaslit a avut premiera \u00een Rom\u00e2nia, \u00een cadrul One World Romania, la Muzeul \u021a\u0103ranului Rom\u00e2n. <\/p><\/div>\n\n\n<div class=\"wp-block-group posts-list-meta is-layout-flow wp-block-group-is-layout-flow\"><span class='article-list-item-author'><a data-ga-category=\"Posts List\" data-ga-action=\"Author\" data-ga-label=\"n\/a\" href='https:\/\/www.greenpeace.org\/romania\/author\/gp_romania\/'>Greenpeace Rom\u00e2nia<\/a><\/span>\n\n<div class=\"wp-block-post-date\"><time datetime=\"2026-04-28T18:28:36+03:00\">28\/04\/2026<\/time><\/div><\/div>\n<\/div>\n<\/div>\n\n<\/li><li class=\"wp-block-post post-79021 post type-post status-publish format-standard has-post-thumbnail hentry category-clima-si-energie category-uncategorized tag-marea-neagra-gaz-fosil p4-page-type-comunicat-presa\">\n\n<div class=\"wp-block-columns is-layout-flex wp-container-core-columns-is-layout-9d6595d7 wp-block-columns-is-layout-flex\"><figure class=\"wp-block-post-featured-image\"><a href=\"https:\/\/www.greenpeace.org\/romania\/comunicat-presa\/79021\/protest-maraton-greenpeace-romania-la-ministerul-mediului-a-refuzat-sa-primeasca-cele-peste-67-000-de-semnaturi\/\" target=\"_self\"  ><img loading=\"lazy\" decoding=\"async\" data-ga-category=\"Posts List\" data-ga-action=\"Image\" data-ga-label=\"n\/a\" width=\"2560\" height=\"1920\" src=\"https:\/\/www.greenpeace.org\/static\/planet4-romania-stateless\/2026\/04\/9a27dee7-img_5785-scaled.jpg\" class=\"attachment-post-thumbnail size-post-thumbnail wp-post-image wp-stateless-item\" alt=\"Protest\u2013maraton Greenpeace Rom\u00e2nia la Ministerul Mediului: \u201eA refuzat s\u0103 primeasc\u0103 cele peste 67.000 de semn\u0103turi\u201d\" style=\"object-fit:cover;\" srcset=\"https:\/\/www.greenpeace.org\/static\/planet4-romania-stateless\/2026\/04\/9a27dee7-img_5785-scaled.jpg 2560w, https:\/\/www.greenpeace.org\/static\/planet4-romania-stateless\/2026\/04\/9a27dee7-img_5785-300x225.jpg 300w, https:\/\/www.greenpeace.org\/static\/planet4-romania-stateless\/2026\/04\/9a27dee7-img_5785-1024x768.jpg 1024w, https:\/\/www.greenpeace.org\/static\/planet4-romania-stateless\/2026\/04\/9a27dee7-img_5785-768x576.jpg 768w, https:\/\/www.greenpeace.org\/static\/planet4-romania-stateless\/2026\/04\/9a27dee7-img_5785-1536x1152.jpg 1536w, https:\/\/www.greenpeace.org\/static\/planet4-romania-stateless\/2026\/04\/9a27dee7-img_5785-2048x1536.jpg 2048w, https:\/\/www.greenpeace.org\/static\/planet4-romania-stateless\/2026\/04\/9a27dee7-img_5785-1821x1366.jpg 1821w, https:\/\/www.greenpeace.org\/static\/planet4-romania-stateless\/2026\/04\/9a27dee7-img_5785-453x340.jpg 453w\" sizes=\"auto, (max-width: 2560px) 100vw, 2560px\" data-image-size=\"post-thumbnail\" data-stateless-media-bucket=\"planet4-romania-stateless\" data-stateless-media-name=\"2026\/04\/9a27dee7-img_5785-scaled.jpg\" \/><\/a><\/figure>\n\n\n<div class=\"wp-block-group is-layout-flow wp-block-group-is-layout-flow\">\n<div class=\"wp-block-group is-layout-flex wp-block-group-is-layout-flex\"><div class=\"wp-block-post-terms\"><a data-ga-category=\"Posts List\" data-ga-action=\"Post Type Tag\" data-ga-label=\"n\/a\" href=\"https:\/\/www.greenpeace.org\/romania\/category\/clima-si-energie\/\">Clim\u0103 \u0219i energie<\/a><\/div>\n\n<div class=\"taxonomy-post_tag wp-block-post-terms\"><a data-ga-category=\"Posts List\" data-ga-action=\"Navigation Tag\" data-ga-label=\"n\/a\" href=\"https:\/\/www.greenpeace.org\/romania\/tag\/marea-neagra-gaz-fosil\/\" rel=\"tag\">Marea Neagra<\/a><\/div><\/div>\n\n\n<h3 class=\"wp-block-post-title\"><a data-ga-category=\"Posts List\" data-ga-action=\"Title\" data-ga-label=\"n\/a\" href=\"https:\/\/www.greenpeace.org\/romania\/comunicat-presa\/79021\/protest-maraton-greenpeace-romania-la-ministerul-mediului-a-refuzat-sa-primeasca-cele-peste-67-000-de-semnaturi\/\" target=\"_self\" >Protest\u2013maraton Greenpeace Rom\u00e2nia la Ministerul Mediului: \u201eA refuzat s\u0103 primeasc\u0103 cele peste 67.000 de semn\u0103turi\u201d<\/a><\/h3>\n\n<div class=\"wp-block-post-excerpt\"><p class=\"wp-block-post-excerpt__excerpt\">23 aprilie \u2013 BUCURE\u0218TI \u2013 Activi\u0219tii Greenpeace Rom\u00e2nia au ocupat ast\u0103zi trotuarul din fa\u021ba Ministerului Mediului. <\/p><\/div>\n\n\n<div class=\"wp-block-group posts-list-meta is-layout-flow wp-block-group-is-layout-flow\"><span class='article-list-item-author'><a data-ga-category=\"Posts List\" data-ga-action=\"Author\" data-ga-label=\"n\/a\" href='https:\/\/www.greenpeace.org\/romania\/author\/gp_romania\/'>Greenpeace Rom\u00e2nia<\/a><\/span>\n\n<div class=\"wp-block-post-date\"><time datetime=\"2026-04-23T09:15:07+03:00\">23\/04\/2026<\/time><\/div><\/div>\n<\/div>\n<\/div>\n\n<\/li><\/ul>\n\n\n<div class=\"wp-block-buttons carousel-controls is-horizontal is-content-justification-space-between is-nowrap is-layout-flex wp-container-core-buttons-is-layout-044bd602 wp-block-buttons-is-layout-flex\">\n<div class=\"wp-block-button carousel-control-prev\"><button type=\"button\" class=\"wp-block-button__link wp-element-button\">Prev<\/button><\/div>\n\n\n\n<div class=\"wp-block-button carousel-control-next\"><button type=\"button\" class=\"wp-block-button__link wp-element-button\">Next<\/button><\/div>\n<\/div>\n\n\n<li class=\" wp-block-navigation-item see-all-link wp-block-navigation-link\"><a class=\"wp-block-navigation-item__content\"  href=\"http:\/\/www.greenpeace.org\/romania\/news-stories\/\"><span data-ga-category=\"Posts List\" data-ga-action=\"See More Link\" data-ga-label=\"n\/a\" class=\"wp-block-navigation-item__label\">See all stories<\/span><\/a><\/li><\/div>\n","protected":false},"excerpt":{"rendered":"","protected":false},"author":1,"featured_media":8201,"parent":0,"menu_order":0,"comment_status":"closed","ping_status":"closed","template":"","meta":{"ep_exclude_from_search":false,"p4_hide_page_title_checkbox":"on","p4_title":"","p4_subtitle":"","p4_description":"","background_image_id":"","background_image":"","p4_button_title":"","p4_button_link":"","p4_button_link_checkbox":"","p4_og_title":"","p4_og_description":"","p4_og_image":"","p4_og_image_id":"","p4_seo_canonical_url":"","p4_campaign_name":"not set","p4_local_project":"not set","p4_basket_name":"not set","p4_department":"","footnotes":""},"categories":[],"tags":[102,7,6,18,112,132],"class_list":["post-11","page","type-page","status-publish","has-post-thumbnail","hentry","tag-gaz-fosil-2","tag-energie-regenerabila","tag-prosumatori-1","tag-carbune","tag-comunitati-de-energie-1","tag-campanii-vechi"],"_links":{"self":[{"href":"https:\/\/www.greenpeace.org\/romania\/wp-json\/wp\/v2\/pages\/11","targetHints":{"allow":["GET"]}}],"collection":[{"href":"https:\/\/www.greenpeace.org\/romania\/wp-json\/wp\/v2\/pages"}],"about":[{"href":"https:\/\/www.greenpeace.org\/romania\/wp-json\/wp\/v2\/types\/page"}],"author":[{"embeddable":true,"href":"https:\/\/www.greenpeace.org\/romania\/wp-json\/wp\/v2\/users\/1"}],"replies":[{"embeddable":true,"href":"https:\/\/www.greenpeace.org\/romania\/wp-json\/wp\/v2\/comments?post=11"}],"version-history":[{"count":20,"href":"https:\/\/www.greenpeace.org\/romania\/wp-json\/wp\/v2\/pages\/11\/revisions"}],"predecessor-version":[{"id":12644,"href":"https:\/\/www.greenpeace.org\/romania\/wp-json\/wp\/v2\/pages\/11\/revisions\/12644"}],"wp:featuredmedia":[{"embeddable":true,"href":"https:\/\/www.greenpeace.org\/romania\/wp-json\/wp\/v2\/media\/8201"}],"wp:attachment":[{"href":"https:\/\/www.greenpeace.org\/romania\/wp-json\/wp\/v2\/media?parent=11"}],"wp:term":[{"taxonomy":"category","embeddable":true,"href":"https:\/\/www.greenpeace.org\/romania\/wp-json\/wp\/v2\/categories?post=11"},{"taxonomy":"post_tag","embeddable":true,"href":"https:\/\/www.greenpeace.org\/romania\/wp-json\/wp\/v2\/tags?post=11"}],"curies":[{"name":"wp","href":"https:\/\/api.w.org\/{rel}","templated":true}]}}