{"id":238,"date":"2018-05-14T12:47:19","date_gmt":"2018-05-14T12:47:19","guid":{"rendered":"https:\/\/k8s.p4.greenpeace.org\/defaultcontent\/?page_id=238"},"modified":"2025-06-23T17:41:48","modified_gmt":"2025-06-23T14:41:48","slug":"drepturi-de-autor","status":"publish","type":"page","link":"https:\/\/www.greenpeace.org\/romania\/drepturi-de-autor\/","title":{"rendered":"Drepturi de autor"},"content":{"rendered":"\n                \n                <div class=\"wp-block-group alignfull is-layout-flow wp-block-group-is-layout-flow\">\n                \n                <div class=\"wp-block-group container is-layout-flow wp-block-group-is-layout-flow\">\n                \n                <div class=\"wp-block-media-text alignfull has-media-on-the-right is-stacked-on-mobile is-pattern-p4-page-header is-style-parallax\">\n\n                <div class=\"wp-block-media-text__content\">\n                    <div class=\"wp-block-group is-layout-flow wp-block-group-is-layout-flow\">\n                    \n                        <h1 class=\"wp-block-heading has-white-background-color has-background\">\n                            Drepturi de autor\n                        <\/h1>\n                    <\/div>\n                \n\n                \n                        <p style=\"font-size:1.25rem\">\n                            Greenpeace \u00eencurajeaz\u0103 reproducerea \u0219i distribuirea propriilor materiale, produse electronice sau\/\u0219i servicii, inclusiv a numelui \u0219i a siglei organiza\u021biei. Cu toate acestea, utilizarea acestora este par\u021bial limitat\u0103, motiv pentru care este important\u0103 cunoa\u0219terea urm\u0103toarelor reguli de baz\u0103.\n                        <\/p>\n                    \n\n                \n\n                <\/div>\n                <figure class=\"wp-block-media-text__media\">\n                    <img loading=\"lazy\" decoding=\"async\" width=\"1024\" height=\"683\"\n                        src=\"https:\/\/www.greenpeace.org\/static\/planet4-romania-stateless\/2018\/05\/63675cec-preparing-the-22planet-earth-first22-hot-air-balloon-in-hamburg.jpg\"\n                        alt=\"\"\n                        sizes=\"auto, (min-width: 601px) 50vw, 100vw\" srcset=\"https:\/\/www.greenpeace.org\/static\/planet4-romania-stateless\/2018\/05\/63675cec-preparing-the-22planet-earth-first22-hot-air-balloon-in-hamburg.jpg 1024w, https:\/\/www.greenpeace.org\/static\/planet4-romania-stateless\/2018\/05\/63675cec-preparing-the-22planet-earth-first22-hot-air-balloon-in-hamburg-300x200.jpg 300w, https:\/\/www.greenpeace.org\/static\/planet4-romania-stateless\/2018\/05\/63675cec-preparing-the-22planet-earth-first22-hot-air-balloon-in-hamburg-768x512.jpg 768w, https:\/\/www.greenpeace.org\/static\/planet4-romania-stateless\/2018\/05\/63675cec-preparing-the-22planet-earth-first22-hot-air-balloon-in-hamburg-510x340.jpg 510w\" class=\"wp-image-66 size-full\"\n                    \/>\n                <\/figure>\n                <\/div>\n                \n                <\/div>\n                \n                <\/div>\n                \n                <h3>Reguli generale<\/h3>\n<p>Utilizarea materialelor disponibile pe websiteul nostru este permis\u0103 gratuit \u00een scopuri personale sau educa\u021bionale. At\u00e2t timp c\u00e2t cite\u0219ti \u0219i respec\u021bi regulile noastre de baz\u0103, nu este nevoie s\u0103 ne ceri permisiunea \u00eenainte de a face o captur\u0103 de ecran pentru un manual sau de a reproduce un articol \u00eentr-un newsletter.<\/p>\n<p>Este strict interzis\u0103 utilizarea oric\u0103rui material de pe pagina organiza\u021biei Greenpeace \u0219i\/sau a numelui\/siglei Greenpeace \u00een scopul:<\/p>\n<ul>\n<li>profitului personal sau al oric\u0103rei corpora\u021bii, except\u00e2nd cazul \u00een care prime\u0219ti aprobare conform instruc\u021biunilor de mai jos;<\/li>\n<li>promov\u0103rii unui partid politic sau pentru a crea impresia c\u0103 Greenpeace sus\u021bine vreun candidat la o func\u021bie public\u0103;<\/li>\n<li>cre\u0103rii impresiei c\u0103 Greenpeace ar sus\u021bine un anumit produs sau o anumit\u0103 politic\u0103, at\u00e2t timp c\u00e2t Greenpeace nu s-a pronun\u021bat explicit \u00een favoarea sa;<\/li>\n<li>cre\u0103rii impresiei c\u0103 Greenpeace ar sus\u021bine sau ar avea leg\u0103tur\u0103 cu site-uri pe care le consider\u0103 ilegale sau inacceptabile prin con\u021binutul sau materialele lor de natur\u0103 obscen\u0103, violent\u0103, intolerant\u0103, def\u0103im\u0103toare sau sexual\u0103;<\/li>\n<li>transmiterii informa\u021biei c\u0103 ai fi angajat, func\u021bionar, reprezentant sau purt\u0103tor de cuv\u00e2nt al Greenpeace sau c\u0103 ai str\u00e2nge fonduri sau trimite dona\u021bii organiza\u021biei Greenpeace, at\u00e2t timp c\u00e2t afirma\u021biile tale nu coincid cu adev\u0103rul.<\/li>\n<\/ul>\n<h3>Linkuri c\u0103tre site-ul nostru<\/h3>\n<p>Ne bucur\u0103m foarte mult c\u00e2nd \u00ee\u021bi redirec\u021bionezi cititorii spre pagina noastr\u0103. Astfel, contribui la popularizarea campaniilor noastre pentru protejarea mediului. Nu ai nevoie de aprobare: e\u0219ti binevenit s\u0103 creezi link-uri spre pagina noastr\u0103 principal\u0103 sau spre oricare dintre publica\u021biile de pe site.<\/p>\n<h3><strong>Logo-ul Greenpeace<\/strong><\/h3>\n<p>Numele &#8222;Greenpeace&#8221;, \u00eempreun\u0103 cu logo-ul s\u0103u, este marc\u0103 \u00eenregistrat\u0103 la nivel interna\u021bional \u0219i apar\u021bine organiza\u021biei Stichting Greenpeace Council (\u00een traducere: Consiliul Societ\u0103\u021bii cu R\u0103spundere Limitat\u0103 Greenpeace). Se acord\u0103 dreptul de utilizare a m\u0103rcii \u00eenregistrate at\u00e2t timp c\u00e2t:<\/p>\n<ul>\n<li>se \u00eentrebuin\u021beaz\u0103 exclusiv \u00een scop referen\u021bial \u0219i necomercial;<\/li>\n<li>nu te folose\u0219ti de nume \u0219i\/sau de sigl\u0103 pentru a indica sau a crea impresia c\u0103 Greenpeace sus\u021bine, \u00eencuviin\u021beaz\u0103, sponsorizeaz\u0103 sau se afiliaz\u0103 la vreun produs, serviciu sau bun economic disponibil pe pagina ta;<\/li>\n<li>folose\u0219ti afi\u0219e cu numele \u0219i\/sau cu sigla Greenpeace doar \u00een scopul redirec\u021bion\u0103rii prin hiperlink spre pagina noastr\u0103 web (este obligatoriu ca link-urile s\u0103 fie active);<\/li>\n<li>nici numele, nici sigla organiza\u021biei nu se combin\u0103 cu alte elemente grafice, nu se modific\u0103 sub nicio form\u0103 \u00een ceea ce prive\u0219te fontul, modelul, aranjamentul, culorile, p\u0103r\u021bile componente etc. \u0219i nu se deformeaz\u0103 la prezentare (nu li se aplic\u0103 efecte dinamice , de anima\u021bie etc.);<\/li>\n<li>numele \u0219i\/sau sigla Greenpeace nu se v\u0103d\/vede mai proeminent dec\u00e2t titlul propriei tale pagini.<\/li>\n<\/ul>\n<p>Dac\u0103 utilizezi sigla, introdu textul &#8222;<strong>Trademark of Stichting Greenpeace Council<\/strong>&#8221; (Marc\u0103 \u00eenregistrat\u0103 a Stichting Greenpeace Council) \u00een eticheta imaginii (alt tag) sau plaseaz\u0103-l \u00eentr-un loc vizibil de pe site.<\/p>\n<p>Marca \u00eenregistrat\u0103 se afl\u0103 \u00een continuare \u00een proprietatea exclusiv\u0103 a Greenpeace International. \u00cen momentul \u00een care o folose\u0219ti, \u00ee\u021bi dai acordul s\u0103 nu o \u00eenregistrezi \/ s\u0103 nu \u00eencerci s\u0103 o \u00eenregistrezi sau s\u0103 \u00eei conte\u0219ti autenticitatea sub orice form\u0103.<\/p>\n<h3><strong>Articole \u0219i texte<\/strong><\/h3>\n<p>Te po\u021bi folosi gratuit de articolele \u0219i textele realizate de Greenpeace International \u00een scopuri personale sau educa\u021bionale. Adaug\u0103 men\u021biunea: &#8222;<strong>Sursa: Greenpeace (http:\/\/www.greenpeace.org)<\/strong>&#8221; \u0219i reprodu numele autorului sau informa\u021biile privind drepturile de autor furnizate \u00een textul original.<\/p>\n<p>Articolele \u0219i textele provenite de la ter\u021bi r\u0103m\u00e2n proprietatea intelectual\u0103 a acestora, iar drepturile de autor le apar\u021bin tot ter\u021bilor. Dac\u0103 dore\u0219ti utilizarea materialelor lor, cere permisiunea autorilor sursei originale.<\/p>\n<h3><strong>Fotografii\/Imagini<\/strong><\/h3>\n<p>\u00cen lipsa informa\u021biilor privitoare la drepturile de autor \u00een legenda sau \u00een eticheta fotografiei, apas\u0103 clic dreapta pe imagine \u0219i selecteaz\u0103 &#8222;Inspect&#8221; (Inspecta\u021bi imaginea) sau &#8222;View Info&#8221; (Vizualizare informa\u021bii). Astfel, vei afla numele autorului.<\/p>\n<p>\u00a9 = Toate drepturile rezervate persoanei\/persoanelor sau entit\u0103\u021bilor men\u021bionate. &#8211; <a href=\"https:\/\/creativecommons.org\/share-your-work\/licensing-types-examples\/\"><strong>Aici<\/strong><\/a> g\u0103se\u0219ti explica\u021bii privind celelalte simboluri\/licen\u021be \u0219i drepturile ce decurg de pe urma folosirii lor.<\/p>\n<p>Dac\u0103 vrei s\u0103 descarci imagini \u0219i dac\u0103 ai \u00eentreb\u0103ri legate de licen\u021be sau de drepturile de autor, te invit\u0103m pe pagina noastr\u0103 <a href=\"http:\/\/media.greenpeace.org\/\">media.greenpeace.org<\/a>.<\/p>\n<p>Dac\u0103 dore\u0219ti s\u0103 utilizezi imaginile \u00een orice alt scop (precum profitul personal sau al unei corpora\u021bii), ai nevoie de permisiunea Greenpeace International <a href=\"http:\/\/media.greenpeace.org\/\"><strong>Media Library<\/strong><\/a>. Utilizarea f\u0103r\u0103 aprobare a oric\u0103rei imagini de pe pagina Greenpeace \u00een scopuri comerciale constituie o violare a drepturilor de autor \u0219i poate duce la limitarea altor drepturi.<\/p>\n<p>Imaginile cu poten\u021bial jurnalistic (reproduse \u00een articolele de pres\u0103 la dimensiunea de aproximativ 8 MB) distribuite de c\u0103tre Greenpeace ziari\u0219tilor \u0219i agen\u021biilor de \u0219tiri trebuie folosite \u00eentr-un interval de p\u00e2n\u0103 la 14 zile. Arhivarea \u0219i\/sau vinderea imaginilor sunt strict interzise. Dup\u0103 trecerea celor 14 zile, te rug\u0103m s\u0103 <a href=\"http:\/\/media.greenpeace.org\/ContactUs\"><strong>ne<\/strong> <strong>contactezi<\/strong><\/a> \u00een vederea ob\u021binerii unei licen\u021be.<\/p>\n<h3><strong>Videoclipuri<\/strong><\/h3>\n<p>Utilizarea videoclipurilor se supune acelora\u0219i condi\u021bii ca restul materialelor de mai sus. Totu\u0219i, \u021bine minte c\u0103 nu toate videoclipurile noastre pot fi desc\u0103rcate.<\/p>\n<p>&nbsp;<\/p>\n","protected":false},"excerpt":{"rendered":"<p>Reguli generale Utilizarea materialelor disponibile pe websiteul nostru este permis\u0103 gratuit \u00een scopuri personale sau educa\u021bionale. At\u00e2t timp c\u00e2t cite\u0219ti \u0219i respec\u021bi regulile noastre de baz\u0103, nu este nevoie s\u0103 ne ceri permisiunea \u00eenainte de a face o captur\u0103 de ecran pentru un manual sau de a reproduce un articol \u00eentr-un newsletter. Este strict interzis\u0103 [&hellip;]<\/p>\n","protected":false},"author":1,"featured_media":0,"parent":0,"menu_order":0,"comment_status":"closed","ping_status":"closed","template":"page-templates\/evergreen.php","meta":{"ep_exclude_from_search":false,"p4_hide_page_title_checkbox":"on","p4_title":"","p4_subtitle":"","p4_description":"","background_image_id":"","background_image":"","p4_button_title":"","p4_button_link":"","p4_button_link_checkbox":"","p4_og_title":"","p4_og_description":"","p4_og_image":"","p4_og_image_id":"","p4_seo_canonical_url":"","p4_campaign_name":"not set","p4_local_project":"","p4_basket_name":"not set","p4_department":"","footnotes":""},"categories":[1],"tags":[],"class_list":["post-238","page","type-page","status-publish","hentry","category-uncategorized"],"_links":{"self":[{"href":"https:\/\/www.greenpeace.org\/romania\/wp-json\/wp\/v2\/pages\/238","targetHints":{"allow":["GET"]}}],"collection":[{"href":"https:\/\/www.greenpeace.org\/romania\/wp-json\/wp\/v2\/pages"}],"about":[{"href":"https:\/\/www.greenpeace.org\/romania\/wp-json\/wp\/v2\/types\/page"}],"author":[{"embeddable":true,"href":"https:\/\/www.greenpeace.org\/romania\/wp-json\/wp\/v2\/users\/1"}],"replies":[{"embeddable":true,"href":"https:\/\/www.greenpeace.org\/romania\/wp-json\/wp\/v2\/comments?post=238"}],"version-history":[{"count":7,"href":"https:\/\/www.greenpeace.org\/romania\/wp-json\/wp\/v2\/pages\/238\/revisions"}],"predecessor-version":[{"id":10913,"href":"https:\/\/www.greenpeace.org\/romania\/wp-json\/wp\/v2\/pages\/238\/revisions\/10913"}],"wp:attachment":[{"href":"https:\/\/www.greenpeace.org\/romania\/wp-json\/wp\/v2\/media?parent=238"}],"wp:term":[{"taxonomy":"category","embeddable":true,"href":"https:\/\/www.greenpeace.org\/romania\/wp-json\/wp\/v2\/categories?post=238"},{"taxonomy":"post_tag","embeddable":true,"href":"https:\/\/www.greenpeace.org\/romania\/wp-json\/wp\/v2\/tags?post=238"}],"curies":[{"name":"wp","href":"https:\/\/api.w.org\/{rel}","templated":true}]}}