{"id":32,"date":"2018-05-08T15:57:44","date_gmt":"2018-05-08T12:57:44","guid":{"rendered":"https:\/\/k8s.p4.greenpeace.org\/defaultcontent\/?page_id=32"},"modified":"2025-07-02T10:36:34","modified_gmt":"2025-07-02T07:36:34","slug":"afla-mai-multe-despre-padurile-virgine","status":"publish","type":"page","link":"https:\/\/www.greenpeace.org\/romania\/afla-mai-multe-despre-padurile-virgine\/","title":{"rendered":"P\u0103durile virgine"},"content":{"rendered":"\n                    <div class=\"wp-block-group is-vertical is-layout-flex wp-container-core-group-is-layout-8cf370e7 wp-block-group-is-layout-flex\">\n                    \n                                <p>Greenpeace Rom\u00e2nia identific\u0103 \u0219i protejeaz\u0103 cele mai valoroase p\u0103duri ale \u021b\u0103rii noastre, care sunt parte din istoria \u015fi identitatea noastr\u0103 cultural\u0103. Aceste p\u0103duri, pe care le-am numit \u021ainutul Secular, sunt rezultatul a milioane de ani de evolu\u021bie \u0219i sunt \u00een pericol de a fi distruse din lips\u0103 de responsabilitate \u0219i din interese meschine.<\/p>\n                            \n\n                    \n                    <\/div>\n                    <div data-render=\"planet4-blocks\/columns\" data-attributes=\"{&quot;attributes&quot;:{&quot;columns_block_style&quot;:&quot;icons&quot;,&quot;columns_description&quot;:&quot;&quot;,&quot;columns&quot;:[{&quot;title&quot;:&quot;De ce este important&quot;,&quot;description&quot;:&quot;Rom\\u00e2nia ad\\u0103poste\\u0219te cele mai vaste p\\u0103duri primare din zona temperat\\u0103 a Europei, \\u00een care tr\\u0103iesc aproximativ 13.000 de specii, inclusiv cea mai mare popula\\u021bie de ur\\u0219i din Europa. Cu toate acestea, din 2005 \\u0219i p\\u00e2n\\u0103 azi au mai r\\u0103mas sub jum\\u0103tate din cele 250.000 de hectare estimate ini\\u021bial, dar chiar \\u0219i a\\u0219a ele reprezint\\u0103 cam 60% din p\\u0103durile virgine europene.&quot;,&quot;link_new_tab&quot;:false},{&quot;title&quot;:&quot;Problema&quot;,&quot;description&quot;:&quot;\\u00cen ciuda eforturilor depuse de ONG-urile de mediu din Rom\\u00e2nia \\u0219i a presiunii exercitate de societatea civil\\u0103 \\u00een ultimii ani, Ministerul Apelor \\u0219i P\\u0103durilor, autoritatea responsabil\\u0103 de protejarea p\\u0103durilor virgine, nu a efectuat un inventar al acestor p\\u0103dur. \\u00cen consecin\\u021b\\u0103, nimeni nu poate spune exact c\\u00e2te dintre p\\u0103durile virgine nu au fost afectate de t\\u0103ieri \\u0219i unde se afl\\u0103.&quot;,&quot;link_new_tab&quot;:false}]}}\"><\/div>\n        <div class=\"wp-block-group is-layout-flow wp-block-group-is-layout-flow\">\n  <h2 class=\"wp-block-heading\">Tab\u0103ra Greenpeace &#8211; P\u0103durea Cump\u0103na<\/h2>\n  \n        \n        \n        <figure class=\"wp-block-embed is-type-1 is-provider-youtube wp-block-embed-youtube wp-embed-aspect-16-9 wp-has-aspect-ratio\"><div class=\"wp-block-embed__wrapper\">\n        <lite-youtube style=\"background-image: url('https:\/\/i.ytimg.com\/vi\/gBwJT00sge4\/hqdefault.jpg');\" videoid=\"gBwJT00sge4\" params=\"rel=0\"><\/lite-youtube>\n        <\/div><\/figure><\/div>\n        <div data-render=\"planet4-blocks\/columns\" data-attributes=\"{&quot;attributes&quot;:{&quot;columns_block_style&quot;:&quot;tasks&quot;,&quot;columns_title&quot;:&quot;Cum te po\\u0163i implica&quot;,&quot;columns&quot;:[{&quot;title&quot;:&quot;Consult\\u0103 \\&quot;Harta p\\u0103durilor virgine poten\\u021biale\\&quot;&quot;,&quot;cta_link&quot;:&quot;https:\\\/\\\/www.greenpeace.org\\\/romania\\\/raport\\\/1235\\\/harta-padurilor-virgine-potentiale-si-studiul-situatia-padurilor-virgine-din-romania\\\/&quot;,&quot;link_new_tab&quot;:true,&quot;cta_text&quot;:&quot;Afl\\u0103 mai multe&quot;},{&quot;title&quot;:&quot;Fii gardian al p\\u0103durilor&quot;,&quot;description&quot;:&quot;&quot;,&quot;attachment&quot;:0,&quot;cta_link&quot;:&quot;https:\\\/\\\/forestguardians.ro\\\/&quot;,&quot;cta_text&quot;:&quot;Descarc\\u0103 aplica\\u021bia&quot;,&quot;link_new_tab&quot;:true},{&quot;title&quot;:&quot;Devino voluntar Greenpeace&quot;,&quot;description&quot;:&quot;&quot;,&quot;attachment&quot;:0,&quot;cta_link&quot;:&quot;https:\\\/\\\/docs.google.com\\\/forms\\\/d\\\/e\\\/1FAIpQLSeprP1P8msNtW8oO4wGdqlrX0ApHgYCmPy0zhLbu2i7laXJIQ\\\/viewform&quot;,&quot;cta_text&quot;:&quot;\\u00censcrie-te aici&quot;,&quot;link_new_tab&quot;:true}]}}\"><\/div><div data-render=\"planet4-blocks\/happypoint\" data-attributes=\"{&quot;attributes&quot;:{&quot;focus_image&quot;:&quot;0% 0%&quot;,&quot;mailing_list_iframe&quot;:true,&quot;opacity&quot;:30,&quot;override_default_content&quot;:false,&quot;local_content_provider&quot;:&quot;none&quot;}}\"><\/div>","protected":false},"excerpt":{"rendered":"<p>Greenpeace Rom\u00e2nia identific\u0103 \u0219i protejeaz\u0103 cele mai valoroase p\u0103duri ale \u021b\u0103rii noastre, care sunt parte din istoria \u015fi identitatea noastr\u0103 cultural\u0103. Aceste p\u0103duri, pe care le-am numit \u021ainutul Secular, sunt rezultatul a milioane de ani de evolu\u021bie \u0219i sunt \u00een pericol de a fi distruse din lips\u0103 de responsabilitate \u0219i din interese meschine. Tab\u0103ra Greenpeace [&hellip;]<\/p>\n","protected":false},"author":1,"featured_media":1002,"parent":0,"menu_order":0,"comment_status":"closed","ping_status":"closed","template":"","meta":{"ep_exclude_from_search":false,"p4_hide_page_title_checkbox":"","p4_title":"","p4_subtitle":"","p4_description":"","background_image_id":"","background_image":"","p4_button_title":"","p4_button_link":"","p4_button_link_checkbox":"","p4_og_title":"","p4_og_description":"","p4_og_image":"","p4_og_image_id":"","p4_seo_canonical_url":"","p4_campaign_name":"not set","p4_local_project":"","p4_basket_name":"not set","p4_department":"","footnotes":""},"categories":[3],"tags":[19],"class_list":["post-32","page","type-page","status-publish","has-post-thumbnail","hentry","category-paduri","tag-biodiversitate"],"_links":{"self":[{"href":"https:\/\/www.greenpeace.org\/romania\/wp-json\/wp\/v2\/pages\/32","targetHints":{"allow":["GET"]}}],"collection":[{"href":"https:\/\/www.greenpeace.org\/romania\/wp-json\/wp\/v2\/pages"}],"about":[{"href":"https:\/\/www.greenpeace.org\/romania\/wp-json\/wp\/v2\/types\/page"}],"author":[{"embeddable":true,"href":"https:\/\/www.greenpeace.org\/romania\/wp-json\/wp\/v2\/users\/1"}],"replies":[{"embeddable":true,"href":"https:\/\/www.greenpeace.org\/romania\/wp-json\/wp\/v2\/comments?post=32"}],"version-history":[{"count":22,"href":"https:\/\/www.greenpeace.org\/romania\/wp-json\/wp\/v2\/pages\/32\/revisions"}],"predecessor-version":[{"id":11259,"href":"https:\/\/www.greenpeace.org\/romania\/wp-json\/wp\/v2\/pages\/32\/revisions\/11259"}],"wp:featuredmedia":[{"embeddable":true,"href":"https:\/\/www.greenpeace.org\/romania\/wp-json\/wp\/v2\/media\/1002"}],"wp:attachment":[{"href":"https:\/\/www.greenpeace.org\/romania\/wp-json\/wp\/v2\/media?parent=32"}],"wp:term":[{"taxonomy":"category","embeddable":true,"href":"https:\/\/www.greenpeace.org\/romania\/wp-json\/wp\/v2\/categories?post=32"},{"taxonomy":"post_tag","embeddable":true,"href":"https:\/\/www.greenpeace.org\/romania\/wp-json\/wp\/v2\/tags?post=32"}],"curies":[{"name":"wp","href":"https:\/\/api.w.org\/{rel}","templated":true}]}}