{"id":6202,"date":"2021-07-06T22:46:26","date_gmt":"2021-07-06T19:46:26","guid":{"rendered":"https:\/\/www.greenpeace.org\/romania\/?page_id=6202"},"modified":"2026-04-02T13:15:06","modified_gmt":"2026-04-02T10:15:06","slug":"sistemul-de-integritate-in-greenpeace","status":"publish","type":"page","link":"https:\/\/www.greenpeace.org\/romania\/sistemul-de-integritate-in-greenpeace\/","title":{"rendered":"Sistemul de integritate \u00een Greenpeace"},"content":{"rendered":"\n<p>\u00cen Greenpeace, succesul nostru depinde de formarea unei mi\u0219c\u0103ri de oameni curajo\u0219i, integri \u0219i care au convingerea c\u0103 ajut\u0103 la construirea unei lumi mai bune. Puterea acestei mi\u0219c\u0103ri, precum \u0219i integritatea \u0219i reputa\u021bia Greenpeace, depind de capacitatea membriloe s\u0103i de a sus\u021bine \u0219i promova cele mai \u00eenalte standarde de conduit\u0103 etic\u0103 \u0219i profesional\u0103.<\/p>\n\n<p>Men\u021binerea integrit\u0103\u021bii Greenpeace este o responsabilitate a&nbsp;fiec\u0103rui&nbsp;membru al echipei, din fiecare birou regional \u0219i din fiecare \u021bar\u0103 \u00een care oper\u0103m pentru a promova un viitor verde \u0219i pa\u0219nic pentru to\u021bi.<\/p>\n\n<p>Asta \u00eenseamn\u0103 c\u0103 trebuie s\u0103 avem un cadru bine stabilit pentru a crea un mediu de lucru \u00een care oamenii s\u0103 nu fie expu\u0219i h\u0103r\u021buirii, abuzului sau discrimin\u0103rii.<\/p>\n\n<p>Aceste standarde sunt stabilite \u00een<a rel=\"noreferrer noopener\" href=\"https:\/\/drive.google.com\/file\/d\/18BvOe-2hIuRAfNvKNX5nuOnxIPwzONKj\/view?usp=sharing\" target=\"_blank\">&nbsp;<\/a>codul nostru de conduit\u0103,&nbsp;care clarific\u0103 la ce ne putem a\u0219tepta unii de la al\u021bii \u0219i la ce se a\u0219teapt\u0103 Greenpeace de la noi \u00een termeni de comportament acceptabil. Acesta stabile\u0219te principii de baz\u0103 comune \u0219i reguli, ofer\u0103 instruc\u021biuni precise pentru conduita a\u0219teptat\u0103 de la oamenii care lucreaz\u0103 pentru Greenpeace. Aceste principii, de asemenea, sunt stabilite \u0219i \u00een politicile conexe ale fiec\u0103rui birou regional din re\u021beaua noastr\u0103.<\/p>\n\n<p class=\"has-text-align-center has-green-500-color has-text-color\"><strong>Echitate, diversitate \u0219i incluziune<\/strong><\/p>\n\n<p>Cele 7 principii dup\u0103 care ne ghid\u0103m:<\/p>\n\n<p>1. Credem c\u0103 o organiza\u021bie ca Greenpeace trebuie s\u0103 fie echitabil\u0103, divers\u0103 \u0219i incluziv\u0103, piloni esen\u021biali pentru desf\u0103\u0219urarea unor campanii eficiente \u00een vederea \u00eendeplinirii misiunii noastre de a crea o planet\u0103 verde \u0219i pa\u0219nic\u0103.<\/p>\n\n<p>2. Echitatea, diversitatea \u0219i incluziunea reflect\u0103 valorile noastre organiza\u021bionale de baz\u0103 \u0219i valorile noastre morale ca fiin\u021be umane.<\/p>\n\n<p>3. Ne-am luat angajamentul s\u0103 atragem, s\u0103 dezvolt\u0103m \u0219i s\u0103 p\u0103str\u0103m o comunitate divers\u0103 \u0219i talentat\u0103 de voluntari, activi\u0219ti \u0219i angaja\u021bi.<\/p>\n\n<p>4. Cre\u0103m o cultur\u0103 incluziv\u0103 \u00een care to\u021bi oamenii se simt \u00een siguran\u021b\u0103 \u0219i se trateaz\u0103 reciproc cu respect \u0219i demnitate.<\/p>\n\n<p>5. Apreciem \u0219i ne baz\u0103m pe colaborarea bazat\u0103 pe multitudinea ideilor, perspectivelor \u0219i experien\u021belor noastre pentru a lua decizii \u00een\u021belepte \u0219i pentru a avea rezultate eficiente.<\/p>\n\n<p>6. Toat\u0103 lumea este sprijinit\u0103 s\u0103 \u00eenve\u021be, s\u0103 ofere direc\u021bii \u0219i s\u0103 se dezvolte.<\/p>\n\n<p>7. To\u021bi \u00eemp\u0103rt\u0103\u0219im responsabilitatea \u00een ceea ce prive\u0219te diversitatea \u0219i incluziunea.<\/p>\n\n<p>Valorile noastre sunt non-violen\u021ba, independen\u021ba politic\u0103 \u0219i promovarea solu\u021biilor, iar pentru a ne p\u0103stra independen\u021ba nu accept\u0103m dona\u021bii de la guverne, partide politice sau companii, ci ne baz\u0103m pe contribu\u0163ii de la persoane fizice \u0219i funda\u021bii cu valori comune. Mai multe detalii, \u00een <a href=\"https:\/\/www.greenpeace.org\/romania\/articol\/8892\/raport-de-activitate-si-transparenta-financiara-2022\/\" data-type=\"URL\" data-id=\"https:\/\/www.greenpeace.org\/romania\/articol\/8892\/raport-de-activitate-si-transparenta-financiara-2022\/\" target=\"_blank\" rel=\"noreferrer noopener\">Raportul de activitate \u0219i transparen\u021b\u0103 financiar\u0103 2022<\/a>.<\/p>\n\n<p><\/p>\n","protected":false},"excerpt":{"rendered":"<p>\u00cen Greenpeace, succesul nostru depinde de formarea unei mi\u0219c\u0103ri de oameni curajo\u0219i, integri \u0219i care au convingerea c\u0103 ajut\u0103 la construirea unei lumi mai bune. Puterea acestei mi\u0219c\u0103ri, precum \u0219i integritatea \u0219i reputa\u021bia Greenpeace, depind de capacitatea membriloe s\u0103i de a sus\u021bine \u0219i promova cele mai \u00eenalte standarde de conduit\u0103 etic\u0103 \u0219i profesional\u0103. Men\u021binerea integrit\u0103\u021bii [&hellip;]<\/p>\n","protected":false},"author":34,"featured_media":0,"parent":0,"menu_order":0,"comment_status":"closed","ping_status":"closed","template":"","meta":{"ep_exclude_from_search":false,"p4_hide_page_title_checkbox":"","p4_title":"","p4_subtitle":"","p4_description":"","background_image_id":"","background_image":"","p4_button_title":"","p4_button_link":"","p4_button_link_checkbox":"","p4_og_title":"","p4_og_description":"","p4_og_image":"","p4_og_image_id":"","p4_seo_canonical_url":"","p4_campaign_name":"not set","p4_local_project":"not set","p4_basket_name":"not set","p4_department":"","footnotes":""},"categories":[31],"tags":[26],"class_list":["post-6202","page","type-page","status-publish","hentry","category-greenpeace","tag-activism"],"_links":{"self":[{"href":"https:\/\/www.greenpeace.org\/romania\/wp-json\/wp\/v2\/pages\/6202","targetHints":{"allow":["GET"]}}],"collection":[{"href":"https:\/\/www.greenpeace.org\/romania\/wp-json\/wp\/v2\/pages"}],"about":[{"href":"https:\/\/www.greenpeace.org\/romania\/wp-json\/wp\/v2\/types\/page"}],"author":[{"embeddable":true,"href":"https:\/\/www.greenpeace.org\/romania\/wp-json\/wp\/v2\/users\/34"}],"replies":[{"embeddable":true,"href":"https:\/\/www.greenpeace.org\/romania\/wp-json\/wp\/v2\/comments?post=6202"}],"version-history":[{"count":8,"href":"https:\/\/www.greenpeace.org\/romania\/wp-json\/wp\/v2\/pages\/6202\/revisions"}],"predecessor-version":[{"id":12538,"href":"https:\/\/www.greenpeace.org\/romania\/wp-json\/wp\/v2\/pages\/6202\/revisions\/12538"}],"wp:attachment":[{"href":"https:\/\/www.greenpeace.org\/romania\/wp-json\/wp\/v2\/media?parent=6202"}],"wp:term":[{"taxonomy":"category","embeddable":true,"href":"https:\/\/www.greenpeace.org\/romania\/wp-json\/wp\/v2\/categories?post=6202"},{"taxonomy":"post_tag","embeddable":true,"href":"https:\/\/www.greenpeace.org\/romania\/wp-json\/wp\/v2\/tags?post=6202"}],"curies":[{"name":"wp","href":"https:\/\/api.w.org\/{rel}","templated":true}]}}