{"id":751,"date":"2019-07-04T13:55:28","date_gmt":"2019-07-04T10:55:28","guid":{"rendered":"https:\/\/master.k8s.p4.greenpeace.org\/romania\/?page_id=751"},"modified":"2025-09-23T13:00:40","modified_gmt":"2025-09-23T10:00:40","slug":"afla-cat-se-taie","status":"publish","type":"page","link":"https:\/\/www.greenpeace.org\/romania\/afla-cat-se-taie\/","title":{"rendered":"Afl\u0103 c\u00e2t se taie"},"content":{"rendered":"\n                    <div class=\"wp-block-group is-vertical is-layout-flex wp-container-core-group-is-layout-8cf370e7 wp-block-group-is-layout-flex\">\n                    \n                                <p>Conform cifrelor din Inventarul Forestier Na\u021bional (Ciclul II), jum\u0103tate din lemnul care dispare din p\u0103dure nu are acte. Asta \u00eenseamn\u0103 aproximativ 20 milioane de metri cubi anual, din care doar 200.000 de metri cubi fura\u021bi sunt captura\u021bi.<\/p>\n                            \n\n                    \n                    <\/div>\n                    <div data-render=\"planet4-blocks\/columns\" data-attributes=\"{&quot;attributes&quot;:{&quot;columns_block_style&quot;:&quot;no_image&quot;,&quot;columns&quot;:[{&quot;title&quot;:&quot;De ce e important&quot;,&quot;description&quot;:&quot;De-a lungul istoriei sale, Rom\\u00e2nia a fost o \\u021bar\\u0103 acoperit\\u0103 \\u00een mare parte de p\\u0103duri. Suprafa\\u021ba acoperit\\u0103 de p\\u0103dure a sc\\u0103zut dramatic \\u00een ultima sut\\u0103 de ani, ajung\\u00e2nd azi la doar 29%, cu mult sub media european\\u0103 de 43%. \\u00cen fiecare or\\u0103, mai dispar, conform ultimelor estim\\u0103ri, aproximativ 6 hectare de p\\u0103dure din t\\u0103ieri legale \\u0219i ilegale.&quot;,&quot;link_new_tab&quot;:false},{&quot;title&quot;:&quot;Problema&quot;,&quot;description&quot;:&quot;T\\u0103ierile ilegale din p\\u0103durile Rom\\u00e2niei sunt un subiect dezb\\u0103tut deja de prea mult timp. Mai grav e c\\u0103 autorit\\u0103\\u021bile au la dispozi\\u021bie toat\\u0103 tehnologia necesar\\u0103 pentru a urm\\u0103ri t\\u0103ierile de lemn, dar nu o folosesc. Opera\\u021bionalizarea unui SUMAL eficient \\u00eent\\u00e2rzie de ani de zile, ignor\\u00e2nd solu\\u021bii precum imaginile satelitare de \\u00eenalt\\u0103 rezolu\\u021bie \\u0219i a camerelor de supraveghere la intrarea \\u00een depozite.&quot;,&quot;link_new_tab&quot;:false}]}}\"><\/div><div data-render=\"planet4-blocks\/columns\" data-attributes=\"{&quot;attributes&quot;:{&quot;columns_block_style&quot;:&quot;tasks&quot;,&quot;columns_title&quot;:&quot;Cum te po\\u0163i implica&quot;,&quot;columns&quot;:[{&quot;title&quot;:&quot;Informeaz\\u0103-te \\u0219i fii parte din comunitatea Greenpeace&quot;,&quot;cta_link&quot;:&quot;https:\\\/\\\/act.greenpeace.org\\\/page\\\/54851\\\/petition\\\/1&quot;,&quot;link_new_tab&quot;:true,&quot;cta_text&quot;:&quot;Prime\\u0219te ve\\u0219ti prin email&quot;},{&quot;title&quot;:&quot;Cite\\u0219te mai multe din u0022Raportul t\\u0103ierilor ilegale \\u00een 2018u0022&quot;,&quot;cta_link&quot;:&quot;https:\\\/\\\/www.greenpeace.org\\\/romania\\\/comunicat-presa\\\/2207\\\/taieri-ilegale-2018-greenpeace\\\/&quot;,&quot;link_new_tab&quot;:true,&quot;cta_text&quot;:&quot;Af\\u0103 mai multe&quot;,&quot;description&quot;:&quot;&quot;},{&quot;title&quot;:&quot;Greenpeace este cu \\u0219i despre oameni, ac\\u021biune, solu\\u021bii pentru natur\\u0103&quot;,&quot;description&quot;:&quot;&quot;,&quot;attachment&quot;:0,&quot;cta_link&quot;:&quot;https:\\\/\\\/docs.google.com\\\/forms\\\/d\\\/e\\\/1FAIpQLSeprP1P8msNtW8oO4wGdqlrX0ApHgYCmPy0zhLbu2i7laXJIQ\\\/viewform&quot;,&quot;cta_text&quot;:&quot;Devino voluntar&quot;,&quot;link_new_tab&quot;:true}]}}\"><\/div>\n    <div class=\"wp-block-query posts-list p4-query-loop is-custom-layout-list is-layout-flow wp-block-query-is-layout-flow\">\n        <div class=\"wp-block-group is-content-justification-space-between is-layout-flex wp-container-core-group-is-layout-3d213aab wp-block-group-is-layout-flex\"><h2 class=\"wp-block-heading\">Articole similare<\/h2>\n        <li class=\" wp-block-navigation-item see-all-link wp-block-navigation-link\"><a class=\"wp-block-navigation-item__content\"  href=\"http:\/\/www.greenpeace.org\/romania\/news-stories\/?tag=&#038;post-type=\"><span class=\"wp-block-navigation-item__label\">See all stories<\/span><\/a><\/li>\n        \n        <\/div>\n        \n\n    <p style=\"margin-top: 24px; margin-bottom: 36px;\"><\/p>\n\n    <div class=\"wp-block-query-no-results\">\n        <p >No posts found.<\/p>\n        <\/div>\n\n    \n\n    \n<div class=\"wp-block-buttons carousel-controls is-horizontal is-content-justification-space-between is-nowrap is-layout-flex wp-container-core-buttons-is-layout-044bd602 wp-block-buttons-is-layout-flex\">\n            <div class=\"wp-block-button carousel-control-prev\"><button type=\"button\" class=\"wp-block-button__link wp-element-button\">Prev<\/button><\/div>\n        \n\n            <div class=\"wp-block-button carousel-control-next\"><button type=\"button\" class=\"wp-block-button__link wp-element-button\">Next<\/button><\/div>\n        <\/div>\n\n\n    <li class=\" wp-block-navigation-item see-all-link wp-block-navigation-link\"><a class=\"wp-block-navigation-item__content\"  href=\"http:\/\/www.greenpeace.org\/romania\/news-stories\/?tag=&#038;post-type=\"><span class=\"wp-block-navigation-item__label\">See all stories<\/span><\/a><\/li><\/div>\n    <div data-render=\"planet4-blocks\/happypoint\" data-attributes=\"{&quot;attributes&quot;:{&quot;focus_image&quot;:&quot;0% 0%&quot;,&quot;mailing_list_iframe&quot;:true,&quot;opacity&quot;:30,&quot;override_default_content&quot;:false,&quot;local_content_provider&quot;:&quot;none&quot;}}\"><\/div>","protected":false},"excerpt":{"rendered":"<p>Conform cifrelor din Inventarul Forestier Na\u021bional (Ciclul II), jum\u0103tate din lemnul care dispare din p\u0103dure nu are acte. Asta \u00eenseamn\u0103 aproximativ 20 milioane de metri cubi anual, din care doar 200.000 de metri cubi fura\u021bi sunt captura\u021bi.<\/p>\n","protected":false},"author":1,"featured_media":867,"parent":0,"menu_order":0,"comment_status":"closed","ping_status":"closed","template":"","meta":{"ep_exclude_from_search":false,"p4_hide_page_title_checkbox":"","p4_title":"","p4_subtitle":"","p4_description":"","background_image_id":"","background_image":"","p4_button_title":"","p4_button_link":"","p4_button_link_checkbox":"","p4_og_title":"","p4_og_description":"","p4_og_image":"","p4_og_image_id":"","p4_seo_canonical_url":"","p4_campaign_name":"not set","p4_local_project":"","p4_basket_name":"not set","p4_department":"","footnotes":""},"categories":[3],"tags":[],"class_list":["post-751","page","type-page","status-publish","has-post-thumbnail","hentry","category-paduri"],"_links":{"self":[{"href":"https:\/\/www.greenpeace.org\/romania\/wp-json\/wp\/v2\/pages\/751","targetHints":{"allow":["GET"]}}],"collection":[{"href":"https:\/\/www.greenpeace.org\/romania\/wp-json\/wp\/v2\/pages"}],"about":[{"href":"https:\/\/www.greenpeace.org\/romania\/wp-json\/wp\/v2\/types\/page"}],"author":[{"embeddable":true,"href":"https:\/\/www.greenpeace.org\/romania\/wp-json\/wp\/v2\/users\/1"}],"replies":[{"embeddable":true,"href":"https:\/\/www.greenpeace.org\/romania\/wp-json\/wp\/v2\/comments?post=751"}],"version-history":[{"count":21,"href":"https:\/\/www.greenpeace.org\/romania\/wp-json\/wp\/v2\/pages\/751\/revisions"}],"predecessor-version":[{"id":11683,"href":"https:\/\/www.greenpeace.org\/romania\/wp-json\/wp\/v2\/pages\/751\/revisions\/11683"}],"wp:featuredmedia":[{"embeddable":true,"href":"https:\/\/www.greenpeace.org\/romania\/wp-json\/wp\/v2\/media\/867"}],"wp:attachment":[{"href":"https:\/\/www.greenpeace.org\/romania\/wp-json\/wp\/v2\/media?parent=751"}],"wp:term":[{"taxonomy":"category","embeddable":true,"href":"https:\/\/www.greenpeace.org\/romania\/wp-json\/wp\/v2\/categories?post=751"},{"taxonomy":"post_tag","embeddable":true,"href":"https:\/\/www.greenpeace.org\/romania\/wp-json\/wp\/v2\/tags?post=751"}],"curies":[{"name":"wp","href":"https:\/\/api.w.org\/{rel}","templated":true}]}}

Află cât se taie

<div class="wp-block-group is-vertical is-layout-flex wp-container-core-group-is-layout-8cf370e7 wp-block-group-is-layout-flex">
                    
                                <p>Conform cifrelor din Inventarul Forestier Național (Ciclul II), jumătate din lemnul care dispare din pădure nu are acte. Asta înseamnă aproximativ 20 milioane de metri cubi anual, din care doar 200.000 de metri cubi furați sunt capturați.</p>
                            

                    
                    </div>
                    <div data-render="planet4-blocks/columns" data-attributes="{&quot;attributes&quot;:{&quot;columns_block_style&quot;:&quot;no_image&quot;,&quot;columns&quot;:[{&quot;title&quot;:&quot;De ce e important&quot;,&quot;description&quot;:&quot;De-a lungul istoriei sale, Rom\u00e2nia a fost o \u021bar\u0103 acoperit\u0103 \u00een mare parte de p\u0103duri. Suprafa\u021ba acoperit\u0103 de p\u0103dure a sc\u0103zut dramatic \u00een ultima sut\u0103 de ani, ajung\u00e2nd azi la doar 29%, cu mult sub media european\u0103 de 43%. \u00cen fiecare or\u0103, mai dispar, conform ultimelor estim\u0103ri, aproximativ 6 hectare de p\u0103dure din t\u0103ieri legale \u0219i ilegale.&quot;,&quot;link_new_tab&quot;:false},{&quot;title&quot;:&quot;Problema&quot;,&quot;description&quot;:&quot;T\u0103ierile ilegale din p\u0103durile Rom\u00e2niei sunt un subiect dezb\u0103tut deja de prea mult timp. Mai grav e c\u0103 autorit\u0103\u021bile au la dispozi\u021bie toat\u0103 tehnologia necesar\u0103 pentru a urm\u0103ri t\u0103ierile de lemn, dar nu o folosesc. Opera\u021bionalizarea unui SUMAL eficient \u00eent\u00e2rzie de ani de zile, ignor\u00e2nd solu\u021bii precum imaginile satelitare de \u00eenalt\u0103 rezolu\u021bie \u0219i a camerelor de supraveghere la intrarea \u00een depozite.&quot;,&quot;link_new_tab&quot;:false}]}}"></div><div data-render="planet4-blocks/columns" data-attributes="{&quot;attributes&quot;:{&quot;columns_block_style&quot;:&quot;tasks&quot;,&quot;columns_title&quot;:&quot;Cum te po\u0163i implica&quot;,&quot;columns&quot;:[{&quot;title&quot;:&quot;Informeaz\u0103-te \u0219i fii parte din comunitatea Greenpeace&quot;,&quot;cta_link&quot;:&quot;https:\/\/act.greenpeace.org\/page\/54851\/petition\/1&quot;,&quot;link_new_tab&quot;:true,&quot;cta_text&quot;:&quot;Prime\u0219te ve\u0219ti prin email&quot;},{&quot;title&quot;:&quot;Cite\u0219te mai multe din u0022Raportul t\u0103ierilor ilegale \u00een 2018u0022&quot;,&quot;cta_link&quot;:&quot;https:\/\/www.greenpeace.org\/romania\/comunicat-presa\/2207\/taieri-ilegale-2018-greenpeace\/&quot;,&quot;link_new_tab&quot;:true,&quot;cta_text&quot;:&quot;Af\u0103 mai multe&quot;,&quot;description&quot;:&quot;&quot;},{&quot;title&quot;:&quot;Greenpeace este cu \u0219i despre oameni, ac\u021biune, solu\u021bii pentru natur\u0103&quot;,&quot;description&quot;:&quot;&quot;,&quot;attachment&quot;:0,&quot;cta_link&quot;:&quot;https:\/\/docs.google.com\/forms\/d\/e\/1FAIpQLSeprP1P8msNtW8oO4wGdqlrX0ApHgYCmPy0zhLbu2i7laXJIQ\/viewform&quot;,&quot;cta_text&quot;:&quot;Devino voluntar&quot;,&quot;link_new_tab&quot;:true}]}}"></div>
    <div class="wp-block-query posts-list p4-query-loop is-custom-layout-list is-layout-flow wp-block-query-is-layout-flow">
        <div class="wp-block-group is-content-justification-space-between is-layout-flex wp-container-core-group-is-layout-3d213aab wp-block-group-is-layout-flex"><h2 class="wp-block-heading">Articole similare</h2>
        <li class=" wp-block-navigation-item see-all-link wp-block-navigation-link"><a class="wp-block-navigation-item__content"  href="http://www.greenpeace.org/romania/news-stories/?tag=&#038;post-type="><span class="wp-block-navigation-item__label">See all stories</span></a></li>
        
        </div>
        

    <p style="margin-top: 24px; margin-bottom: 36px;"></p>

    <div class="wp-block-query-no-results">
        <p >No posts found.</p>
        </div>

    

    
<div class="wp-block-buttons carousel-controls is-horizontal is-content-justification-space-between is-nowrap is-layout-flex wp-container-core-buttons-is-layout-044bd602 wp-block-buttons-is-layout-flex">
            <div class="wp-block-button carousel-control-prev"><button type="button" class="wp-block-button__link wp-element-button">Prev</button></div>
        

            <div class="wp-block-button carousel-control-next"><button type="button" class="wp-block-button__link wp-element-button">Next</button></div>
        </div>


    <li class=" wp-block-navigation-item see-all-link wp-block-navigation-link"><a class="wp-block-navigation-item__content"  href="http://www.greenpeace.org/romania/news-stories/?tag=&#038;post-type="><span class="wp-block-navigation-item__label">See all stories</span></a></li></div>
    <div data-render="planet4-blocks/happypoint" data-attributes="{&quot;attributes&quot;:{&quot;focus_image&quot;:&quot;0% 0%&quot;,&quot;mailing_list_iframe&quot;:true,&quot;opacity&quot;:30,&quot;override_default_content&quot;:false,&quot;local_content_provider&quot;:&quot;none&quot;}}"></div>

<p>Conform cifrelor din Inventarul Forestier Național (Ciclul II), jumătate din lemnul care dispare din pădure nu are acte. Asta înseamnă aproximativ 20 milioane de metri cubi anual, din care doar 200.000 de metri cubi furați sunt capturați.</p>
