{"id":753,"date":"2019-07-04T13:59:50","date_gmt":"2019-07-04T10:59:50","guid":{"rendered":"https:\/\/master.k8s.p4.greenpeace.org\/romania\/?page_id=753"},"modified":"2024-03-26T14:46:54","modified_gmt":"2024-03-26T11:46:54","slug":"salveaza-l-pe-sumal","status":"publish","type":"page","link":"https:\/\/www.greenpeace.org\/romania\/salveaza-l-pe-sumal\/","title":{"rendered":"Salveaz\u0103-l pe SUMAL!"},"content":{"rendered":"\n                    <div class=\"wp-block-group is-vertical is-layout-flex wp-container-core-group-is-layout-8cf370e7 wp-block-group-is-layout-flex\">\n                    \n                                <p><strong>SUMAL<\/strong> (<strong>S<\/strong>istemul de <strong>U<\/strong>rm\u0103rire a <strong>MA<\/strong>terialului <strong>L<\/strong>emnos) este o baz\u0103 de date integrat\u0103 care, atunci c\u00e2nd func\u021bioneaz\u0103 cum trebuie, con\u021bine informa\u021bii esen\u021biale din domeniul silvic: ce se taie din p\u0103duri, unde se taie, unde pleac\u0103 lemnul, cine \u00eel depoziteaz\u0103 \u0219i cum este comercializat.<\/p>\n                            \n\n                    \n                    <\/div>\n                    <div data-render=\"planet4-blocks\/columns\" data-attributes=\"{&quot;attributes&quot;:{&quot;columns_block_style&quot;:&quot;tasks&quot;,&quot;columns&quot;:[{&quot;title&quot;:&quot;De ce este important&quot;,&quot;description&quot;:&quot;Imagineaz\\u0103-\\u021bi c\\u0103 SUMAL (Sistemul de Urm\\u0103rire a MAterialului Lemnos) este c\\u00e2inele de paz\\u0103 al p\\u0103durilor din Rom\\u00e2nia, dar, dac\\u0103 nu e l\\u0103sat s\\u0103-\\u0219i fac\\u0103 treaba, poate fi p\\u0103c\\u0103lit cu u\\u0219urin\\u021b\\u0103 de ho\\u021bii de lemn. La acest sistem sunt conecta\\u021bi obligatoriu to\\u021bi actorii din domeniu, de la administratori de p\\u0103duri, de stat \\u0219i priva\\u021bi, organele de control \\u0219i operatori economici, p\\u00e2n\\u0103 la cet\\u0103\\u021beanul preocupat de soarta p\\u0103durilor.\\nVrem ca autorit\\u0103\\u021bile s\\u0103 implementeze \\u00een SUMAL monitorizarea prin GPS a transporturilor de lemne, s\\u0103 monteze camere supraveghere la intrarea \\u00een depozite, s\\u0103 revin\\u0103 la monitorizarea p\\u0103durilor prin imagini satelitare \\u0219i s\\u0103 transparentizeze informa\\u021biile pentru publicul larg.&quot;,&quot;attachment&quot;:&quot;https:\\\/\\\/www.greenpeace.org\\\/static\\\/planet4-romania-stateless\\\/2019\\\/09\\\/faa535a0-2-510x260.png&quot;,&quot;cta_link&quot;:&quot;https:\\\/\\\/adopt-sumal.greenpeace.ro&quot;,&quot;link_new_tab&quot;:true,&quot;cta_text&quot;:&quot;Adopt\\u0103-l pe SUMAL&quot;,&quot;attachment_srcset&quot;:&quot;https:\\\/\\\/www.greenpeace.org\\\/static\\\/planet4-romania-stateless\\\/2019\\\/09\\\/faa535a0-2-510x260.png 510w, https:\\\/\\\/www.greenpeace.org\\\/static\\\/planet4-romania-stateless\\\/2019\\\/09\\\/faa535a0-2-300x153.png 300w, https:\\\/\\\/www.greenpeace.org\\\/static\\\/planet4-romania-stateless\\\/2019\\\/09\\\/faa535a0-2-768x391.png 768w, https:\\\/\\\/www.greenpeace.org\\\/static\\\/planet4-romania-stateless\\\/2019\\\/09\\\/faa535a0-2.png 954w&quot;},{&quot;title&quot;:&quot;Problema&quot;,&quot;description&quot;:&quot;Autorit\\u0103\\u021bile sunt obligate de legi europene (EUTR) s\\u0103 asigure trasabilitatea materialului lemnos exploatat. \\u00cen loc s\\u0103-l \\u00eembun\\u0103t\\u0103\\u021beasc\\u0103, ele \\u00eel dezmembreaz\\u0103 bucat\\u0103 cu bucat\\u0103 \\u0219i nu pun nimic \\u00een loc. F\\u0103r\\u0103 acest sistem, ne \\u00eentoarcem la metodele vechi de lucru \\u00een care pixul \\u0219i h\\u00e2rtia erau instrumentele predilecte ale g\\u0103rzilor forestiere. Ast\\u0103zi, avem la dispozi\\u021bie metode digitale, sateli\\u021bi care ne pot da o imagine de ansamblu, sisteme automate de urm\\u0103rire a transporturilor ilegale, f\\u0103r\\u0103 a mai fi nevoie s\\u0103 alerg\\u0103m dup\\u0103 camioanele \\u00eenc\\u0103rcate cu lemn prin toat\\u0103 \\u021bara.\\n\\nCere Ministerului Mediului, Apelor \\u0219i P\\u0103durilor un SUMAL adus la zi!&quot;,&quot;attachment&quot;:&quot;https:\\\/\\\/www.greenpeace.org\\\/static\\\/planet4-romania-stateless\\\/2019\\\/09\\\/81d06d1e-dsc09557-510x340.jpg&quot;,&quot;cta_link&quot;:&quot;https:\\\/\\\/act.greenpeace.org\\\/page\\\/46776\\\/petition\\\/1&quot;,&quot;link_new_tab&quot;:true,&quot;cta_text&quot;:&quot;Semneaz\\u0103 peti\\u021bia&quot;,&quot;attachment_srcset&quot;:&quot;https:\\\/\\\/www.greenpeace.org\\\/static\\\/planet4-romania-stateless\\\/2019\\\/09\\\/81d06d1e-dsc09557-510x340.jpg 510w, https:\\\/\\\/www.greenpeace.org\\\/static\\\/planet4-romania-stateless\\\/2019\\\/09\\\/81d06d1e-dsc09557-300x200.jpg 300w, https:\\\/\\\/www.greenpeace.org\\\/static\\\/planet4-romania-stateless\\\/2019\\\/09\\\/81d06d1e-dsc09557-768x513.jpg 768w, https:\\\/\\\/www.greenpeace.org\\\/static\\\/planet4-romania-stateless\\\/2019\\\/09\\\/81d06d1e-dsc09557-1024x684.jpg 1024w, https:\\\/\\\/www.greenpeace.org\\\/static\\\/planet4-romania-stateless\\\/2019\\\/09\\\/81d06d1e-dsc09557-2045x1366.jpg 2045w&quot;}]}}\"><\/div><p>&nbsp;<\/p>\n","protected":false},"excerpt":{"rendered":"<p>SUMAL (Sistemul de Urm\u0103rire a MAterialului Lemnos) este o baz\u0103 de date integrat\u0103 care, atunci c\u00e2nd func\u021bioneaz\u0103 cum trebuie, con\u021bine informa\u021bii esen\u021biale din domeniul silvic: ce se taie din p\u0103duri, unde se taie, unde pleac\u0103 lemnul, cine \u00eel depoziteaz\u0103 \u0219i cum este comercializat. &nbsp;<\/p>\n","protected":false},"author":1,"featured_media":2004,"parent":0,"menu_order":0,"comment_status":"closed","ping_status":"closed","template":"","meta":{"ep_exclude_from_search":false,"p4_hide_page_title_checkbox":"","p4_title":"","p4_subtitle":"","p4_description":"","background_image_id":"","background_image":"","p4_button_title":"","p4_button_link":"","p4_button_link_checkbox":"","p4_og_title":"","p4_og_description":"","p4_og_image":"","p4_og_image_id":"","p4_seo_canonical_url":"","p4_campaign_name":"not set","p4_local_project":"","p4_basket_name":"not set","p4_department":"","footnotes":""},"categories":[3],"tags":[],"class_list":["post-753","page","type-page","status-publish","has-post-thumbnail","hentry","category-paduri"],"_links":{"self":[{"href":"https:\/\/www.greenpeace.org\/romania\/wp-json\/wp\/v2\/pages\/753","targetHints":{"allow":["GET"]}}],"collection":[{"href":"https:\/\/www.greenpeace.org\/romania\/wp-json\/wp\/v2\/pages"}],"about":[{"href":"https:\/\/www.greenpeace.org\/romania\/wp-json\/wp\/v2\/types\/page"}],"author":[{"embeddable":true,"href":"https:\/\/www.greenpeace.org\/romania\/wp-json\/wp\/v2\/users\/1"}],"replies":[{"embeddable":true,"href":"https:\/\/www.greenpeace.org\/romania\/wp-json\/wp\/v2\/comments?post=753"}],"version-history":[{"count":19,"href":"https:\/\/www.greenpeace.org\/romania\/wp-json\/wp\/v2\/pages\/753\/revisions"}],"predecessor-version":[{"id":9622,"href":"https:\/\/www.greenpeace.org\/romania\/wp-json\/wp\/v2\/pages\/753\/revisions\/9622"}],"wp:featuredmedia":[{"embeddable":true,"href":"https:\/\/www.greenpeace.org\/romania\/wp-json\/wp\/v2\/media\/2004"}],"wp:attachment":[{"href":"https:\/\/www.greenpeace.org\/romania\/wp-json\/wp\/v2\/media?parent=753"}],"wp:term":[{"taxonomy":"category","embeddable":true,"href":"https:\/\/www.greenpeace.org\/romania\/wp-json\/wp\/v2\/categories?post=753"},{"taxonomy":"post_tag","embeddable":true,"href":"https:\/\/www.greenpeace.org\/romania\/wp-json\/wp\/v2\/tags?post=753"}],"curies":[{"name":"wp","href":"https:\/\/api.w.org\/{rel}","templated":true}]}}