{"id":9823,"date":"2024-06-21T11:11:04","date_gmt":"2024-06-21T08:11:04","guid":{"rendered":"https:\/\/www.greenpeace.org\/romania\/?page_id=9823"},"modified":"2025-06-24T15:01:37","modified_gmt":"2025-06-24T12:01:37","slug":"stop-acord-toxic-marea-neagra-in-pericol","status":"publish","type":"page","link":"https:\/\/www.greenpeace.org\/romania\/stop-acord-toxic-marea-neagra-in-pericol\/","title":{"rendered":"STOP Acord Toxic &#8211; Marea Neagr\u0103 \u00een pericol!"},"content":{"rendered":"\n\n<div class=\"wp-block-group block is-layout-flow wp-block-group-is-layout-flow\">\n<div class=\"wp-block-group alignfull has-white-background-color has-background is-layout-flow wp-block-group-is-layout-flow\" style=\"padding-top:80px;padding-bottom:50px\">\n<div class=\"wp-block-group container is-layout-flow wp-block-group-is-layout-flow\">\n<div class=\"wp-block-columns is-layout-flex wp-container-core-columns-is-layout-9d6595d7 wp-block-columns-is-layout-flex\">\n<div class=\"wp-block-column is-layout-flow wp-block-column-is-layout-flow\">\n<h2 class=\"wp-block-heading\" style=\"font-size:40px\">STOP Acord Toxic &#8211; Marea Neagr\u0103 \u00een pericol!<\/h2>\n\n\n\n<p>Cere autorit\u0103\u021bilor rom\u00e2ne s\u0103 resping\u0103 acordul de mediu pentru proiectul Neptun Deep.<\/p>\n\n\n\n<p>Noua exploatare de gaze din Marea Neagr\u0103 urmeaz\u0103 s\u0103 fie aprobat\u0103 cu mari probleme \u00een ceea ce prive\u0219te impactul asupra mediului. Substan\u021be toxice necunoscute deversate \u00een mare, sute de milioane de tone de CO2 aruncate \u00een atmosfer\u0103 \u0219i riscul minelor marine de a provoca un dezastru ecologic sunt doar c\u00e2\u021biva dintre factorii care fac Neptun Deep un proiect letal pentru oameni \u0219i biodiversitate.<\/p>\n\n\n\n<figure class=\"wp-block-image size-large\"><img loading=\"lazy\" decoding=\"async\" width=\"1024\" height=\"767\" src=\"https:\/\/www.greenpeace.org\/static\/planet4-romania-stateless\/2024\/06\/358f6b28-crema99-1024x767.jpg\" alt=\"\" class=\"wp-image-9825\" srcset=\"https:\/\/www.greenpeace.org\/static\/planet4-romania-stateless\/2024\/06\/358f6b28-crema99-1024x767.jpg 1024w, https:\/\/www.greenpeace.org\/static\/planet4-romania-stateless\/2024\/06\/358f6b28-crema99-300x225.jpg 300w, https:\/\/www.greenpeace.org\/static\/planet4-romania-stateless\/2024\/06\/358f6b28-crema99-768x575.jpg 768w, https:\/\/www.greenpeace.org\/static\/planet4-romania-stateless\/2024\/06\/358f6b28-crema99-454x340.jpg 454w, https:\/\/www.greenpeace.org\/static\/planet4-romania-stateless\/2024\/06\/358f6b28-crema99.jpg 1200w\" sizes=\"auto, (max-width: 1024px) 100vw, 1024px\" \/><\/figure>\n<\/div>\n\n\n\n<div class=\"wp-block-column is-layout-flow wp-block-column-is-layout-flow\"><\/div>\n<\/div>\n<\/div>\n<\/div>\n<\/div>\n\n","protected":false},"excerpt":{"rendered":"","protected":false},"author":49,"featured_media":9825,"parent":0,"menu_order":0,"comment_status":"closed","ping_status":"closed","template":"","meta":{"ep_exclude_from_search":false,"p4_hide_page_title_checkbox":"on","p4_title":"","p4_subtitle":"","p4_description":"","background_image_id":"","background_image":"","p4_button_title":"","p4_button_link":"","p4_button_link_checkbox":"","p4_og_title":"","p4_og_description":"Cere respingerea Neptun Deep","p4_og_image":"","p4_og_image_id":"","p4_seo_canonical_url":"","p4_campaign_name":"","p4_local_project":"","p4_basket_name":"","p4_department":"","footnotes":""},"categories":[],"tags":[],"class_list":["post-9823","page","type-page","status-publish","has-post-thumbnail","hentry"],"_links":{"self":[{"href":"https:\/\/www.greenpeace.org\/romania\/wp-json\/wp\/v2\/pages\/9823","targetHints":{"allow":["GET"]}}],"collection":[{"href":"https:\/\/www.greenpeace.org\/romania\/wp-json\/wp\/v2\/pages"}],"about":[{"href":"https:\/\/www.greenpeace.org\/romania\/wp-json\/wp\/v2\/types\/page"}],"author":[{"embeddable":true,"href":"https:\/\/www.greenpeace.org\/romania\/wp-json\/wp\/v2\/users\/49"}],"replies":[{"embeddable":true,"href":"https:\/\/www.greenpeace.org\/romania\/wp-json\/wp\/v2\/comments?post=9823"}],"version-history":[{"count":3,"href":"https:\/\/www.greenpeace.org\/romania\/wp-json\/wp\/v2\/pages\/9823\/revisions"}],"predecessor-version":[{"id":9874,"href":"https:\/\/www.greenpeace.org\/romania\/wp-json\/wp\/v2\/pages\/9823\/revisions\/9874"}],"wp:featuredmedia":[{"embeddable":true,"href":"https:\/\/www.greenpeace.org\/romania\/wp-json\/wp\/v2\/media\/9825"}],"wp:attachment":[{"href":"https:\/\/www.greenpeace.org\/romania\/wp-json\/wp\/v2\/media?parent=9823"}],"wp:term":[{"taxonomy":"category","embeddable":true,"href":"https:\/\/www.greenpeace.org\/romania\/wp-json\/wp\/v2\/categories?post=9823"},{"taxonomy":"post_tag","embeddable":true,"href":"https:\/\/www.greenpeace.org\/romania\/wp-json\/wp\/v2\/tags?post=9823"}],"curies":[{"name":"wp","href":"https:\/\/api.w.org\/{rel}","templated":true}]}}