{"id":232,"date":"2018-05-14T12:37:02","date_gmt":"2018-05-14T10:37:02","guid":{"rendered":"https:\/\/k8s.p4.greenpeace.org\/defaultcontent\/?page_id=232"},"modified":"2025-06-23T16:45:39","modified_gmt":"2025-06-23T14:45:39","slug":"ochrana-osobnych-udajov","status":"publish","type":"page","link":"https:\/\/www.greenpeace.org\/slovakia\/ochrana-osobnych-udajov\/","title":{"rendered":"Ochrana osobn\u00fdch \u00fadajov"},"content":{"rendered":"\n                \n                <div class=\"wp-block-group alignfull is-layout-flow wp-block-group-is-layout-flow\">\n                \n                <div class=\"wp-block-group container is-layout-flow wp-block-group-is-layout-flow\">\n                \n                <div class=\"wp-block-media-text alignfull has-media-on-the-right is-stacked-on-mobile is-pattern-p4-page-header is-style-parallax\">\n\n                <div class=\"wp-block-media-text__content\">\n                    <div class=\"wp-block-group is-layout-flow wp-block-group-is-layout-flow\">\n                    \n                        <h1 class=\"wp-block-heading has-white-background-color has-background\">\n                            Ochrana osobn\u00fdch \u00fadajov\n                        <\/h1>\n                    <\/div>\n                \n\n                \n                        <p style=\"font-size:1.25rem\">\n                            <h2 class=\"rich-text editor-rich-text__editable block-editor-rich-text__editable is-selected\" role=\"textbox\" aria-label=\"Nap\u00ed\u0161te nadpis...\">Rozumieme, ak\u00e1 d\u00f4le\u017eit\u00e1 je ochrana s\u00fakromia, a preto sa sna\u017e\u00edme o \u010do najv\u00e4\u010d\u0161iu ochranu Tvojich \u00fadajov.<\/h2>\n                        <\/p>\n                    \n\n                \n\n                <\/div>\n                <figure class=\"wp-block-media-text__media\">\n                    <img loading=\"lazy\" decoding=\"async\" width=\"1200\" height=\"800\"\n                        src=\"https:\/\/www.greenpeace.org\/static\/planet4-slovakia-stateless\/2019\/05\/be7abd1e-privacy-6e03a7dc-gp0strhdt.jpg\"\n                        alt=\"\"\n                        sizes=\"auto, (min-width: 601px) 50vw, 100vw\" srcset=\"https:\/\/www.greenpeace.org\/static\/planet4-slovakia-stateless\/2019\/05\/be7abd1e-privacy-6e03a7dc-gp0strhdt.jpg 1200w, https:\/\/www.greenpeace.org\/static\/planet4-slovakia-stateless\/2019\/05\/be7abd1e-privacy-6e03a7dc-gp0strhdt-300x200.jpg 300w, https:\/\/www.greenpeace.org\/static\/planet4-slovakia-stateless\/2019\/05\/be7abd1e-privacy-6e03a7dc-gp0strhdt-768x512.jpg 768w, https:\/\/www.greenpeace.org\/static\/planet4-slovakia-stateless\/2019\/05\/be7abd1e-privacy-6e03a7dc-gp0strhdt-1024x683.jpg 1024w, https:\/\/www.greenpeace.org\/static\/planet4-slovakia-stateless\/2019\/05\/be7abd1e-privacy-6e03a7dc-gp0strhdt-510x340.jpg 510w\" class=\"wp-image-510 size-full\"\n                    \/>\n                <\/figure>\n                <\/div>\n                \n                <\/div>\n                \n                <\/div>\n                \n                \n<p><\/p>\n\n<p>D\u0148a 25.05.2018 sa st\u00e1va \u00fa\u010dinn\u00fdm nariadenie Eur\u00f3pskeho parlamentu a Rady E\u00da 2016\/679 o ochrane fyzick\u00fdch os\u00f4b pri sprac\u00favan\u00ed osobn\u00fdch \u00fadajov a o vo\u013enom pohybe tak\u00fdchto \u00fadajov, ktor\u00fdm sa zru\u0161uje smernica 95\/46\/ES (\u010falej len ako \u201eGDPR\u201c), ktor\u00e9 stanovuje nov\u00e9 pravidl\u00e1 sprac\u00favania osobn\u00fdch \u00fadajov spolo\u010dn\u00e9 pre v\u0161etky \u010dlensk\u00e9 \u0161t\u00e1ty Eur\u00f3pskej \u00fanie. Z toho d\u00f4vodu \u0164a v s\u00falade s \u010dl\u00e1nkom 13 GDPR informujeme o tom, \u010do bude dia\u0165 s Tvojimi osobn\u00fdch \u00fadajmi, ktor\u00e9 si n\u00e1m na z\u00e1klade Tvojho z\u00e1ujmu o na\u0161e aktivity poskytol a ak\u00e9 s\u00fa Tvoje pr\u00e1va spojen\u00e9 s ochranou Tvojich osobn\u00fdch \u00fadajov.<\/p>\n\n<p>Hlavn\u00fdm cie\u013eom sprac\u00favania Tvojich osobn\u00fdch \u00fadajov je poskytnutie mo\u017enosti zapoji\u0165 sa do na\u0161ich on-line akci\u00ed, dost\u00e1va\u0165 spr\u00e1vy o v\u00fdsledkoch akci\u00ed, dost\u00e1va\u0165 informa\u010dn\u00fd spravodaj, ako aj \u010fal\u0161ie inform\u00e1cie o \u010dinnosti Greenpeace a podporova\u0165 Greenpeace.<br>Ni\u017e\u0161ie uv\u00e1dzame inform\u00e1cie, ktor\u00e9 Ti pribl\u00ed\u017eia, \u010do sa deje s Tvojimi osobn\u00fdmi \u00fadajmi, ktor\u00e9 si n\u00e1m poskytol na z\u00e1klade Tvojho s\u00fahlasu so sprac\u00favan\u00edm Tvojich osobn\u00fdch \u00fadajov.<\/p>\n\n<p><strong>1. Kto je prev\u00e1dzkovate\u013eom Tvojich osobn\u00fdch \u00fadajov?<\/strong><br><br>Tvoje osobn\u00e9 \u00fadaje sprac\u00fava ob\u010dianske zdru\u017eenie GREENPEACE Slovensko, o. z., so s\u00eddlom N\u00e1mestie SNP 490\/35, 81 499 Bratislava, Slovensk\u00e1 republika, zast\u00fapen\u00e9 \u0161tatut\u00e1rnou z\u00e1stupky\u0148ou Ivanou Kohutkovou, PhD., ako prev\u00e1dzkovate\u013e (\u010falej aj ako \u201eprev\u00e1dzkovate\u013e\u201c).<br><br><strong>2. Ak\u00e9 osobn\u00e9 \u00fadaje s\u00fa predmetom sprac\u00favania?<\/strong><br> <br>Predmetom sprac\u00favania s\u00fa osobn\u00e9 \u00fadaje nevyhnutn\u00e9 na to, aby sme \u0164a mohli na z\u00e1klade Tebou prejaven\u00e9ho z\u00e1ujmu kontaktova\u0165 a informova\u0165. Konkr\u00e9tne s\u00fa predmetom sprac\u00favania nasleduj\u00face v\u0161eobecn\u00e9 osobn\u00e9 \u00fadaje: meno, priezvisko a e- mailov\u00e1 adresa.<br>Ak n\u00e1m zasiela\u0161 svoje 2 % z dane a v pr\u00edslu\u0161nom tla\u010dive (Vyhl\u00e1sen\u00ed o pouk\u00e1zan\u00ed podielu zaplatenej dane z pr\u00edjmov fyzickej osoby) si vyjadril s\u00fahlas so zaslan\u00edm \u00fadajov prij\u00edmate\u013eovi podielu zaplatenej dane, sprac\u00favame Tvoje osobn\u00e9 \u00fadaje na tento \u00fa\u010del v rozsahu meno, priezvisko a trval\u00fd pobyt.<\/p>\n\n<p>Pokia\u013e si na\u0161im podporovate\u013eom, sprac\u00favame tie\u017e \u010d\u00edslo Tvojho bankov\u00e9ho \u00fa\u010dtu.<br>N\u00e1v\u0161teva na\u0161ej internetovej str\u00e1nky znamen\u00e1, \u017ee z Tvojho prehliada\u010da sa na n\u00e1\u0161 server pren\u00e1\u0161aj\u00fa d\u00e1ta, ktor\u00e9 n\u00e1m umo\u017e\u0148uj\u00fa optimalizova\u0165 na\u0161u \u010dinnos\u0165 a zlep\u0161i\u0165 Tvoju sk\u00fasenos\u0165 s internetov\u00fdmi str\u00e1nkami a aplik\u00e1ciami. Tieto d\u00e1ta sa automaticky zbieraj\u00fa a ukladaj\u00fa u n\u00e1s alebo u in\u00fdch n\u00e1rodn\u00fdch alebo centr\u00e1lnych kancel\u00e1ri\u00ed Greenpeace, uveden\u00fdch v bode 6, ktor\u00e9 n\u00e1m poskytuj\u00fa slu\u017eby v oblasti informa\u010dn\u00fdch technol\u00f3gi\u00ed. Tieto d\u00e1ta nesprac\u00favame tak, aby boli priradite\u013en\u00e9 ku konkr\u00e9tnej osobe.<\/p>\n\n<p>Tieto d\u00e1ta m\u00f4\u017eu zah\u0155\u0148a\u0165 najm\u00e4 nasleduj\u00face \u00fadaje:<\/p>\n\n<ul class=\"wp-block-list\"><li>IP adresu n\u00e1v\u0161tevn\u00edka<\/li><li>d\u00e1tum a \u010das jeho n\u00e1v\u0161tevy<\/li><li>referen\u010dn\u00fa URL (webov\u00fa str\u00e1nku, z ktorej n\u00e1v\u0161tevn\u00edk pri\u0161iel)<\/li><li>podstr\u00e1nky nav\u0161t\u00edven\u00e9 na na\u0161ej webovej str\u00e1nke<\/li><li>inform\u00e1cie o pou\u017eitom prehliada\u010di (typ prehliada\u010da a jeho verziu, opera\u010dn\u00fd syst\u00e9m, at\u010f.)<\/li><\/ul>\n\n<p>Vyu\u017e\u00edvame tie\u017e cookies, aby bola Tvoja n\u00e1v\u0161teva na\u0161ej internetovej str\u00e1nky \u010do najpohodlnej\u0161ia. Rozli\u010dn\u00e9 typy cookies maj\u00fa r\u00f4zne funkcie. Niektor\u00e9 sl\u00fa\u017eia na to, aby Ti umo\u017enili prehliadanie str\u00e1nky a zobrazenie ur\u010dit\u00fdch jej funkci\u00ed. In\u00e9 n\u00e1s informuj\u00fa o sp\u00f4sobe Tvojho prehliadania, napr\u00edklad ke\u010f m\u00e1\u0161 probl\u00e9m n\u00e1js\u0165 \u010do h\u013ead\u00e1\u0161, tak\u017ee v\u010faka nim m\u00f4\u017eeme na\u0161u internetov\u00fa str\u00e1nku zlep\u0161ova\u0165 a zaisti\u0165, aby bola Tvoja nasleduj\u00faca n\u00e1v\u0161teva \u010do najefekt\u00edvnej\u0161ia.<\/p>\n\n<p><strong>Zvo\u013ete preferencie t\u00fdkaj\u00face sa s\u00faborov cookies<\/strong><\/p>\n<div data-render=\"planet4-blocks\/cookies\" data-attributes=\"{&quot;attributes&quot;:{&quot;title&quot;:&quot;Ktor\\u00e9 cookies\\u00a0chcete povoli\\u0165?&quot;,&quot;description&quot;:&quot;Pros\\u00edm vyberte, ktor\\u00e9 typy s\\u00faborov cookies ste ochotn\\u00fd ulo\\u017ei\\u0165.nnn&quot;,&quot;necessary_cookies_name&quot;:&quot;Nevyhnutn\\u00e9 s\\u00fabory cookies&quot;,&quot;necessary_cookies_description&quot;:&quot;Nevyhnutn\\u00e9 s\\u00fabory cookies v\\u00e1m umo\\u017enia lep\\u0161ie vyu\\u017e\\u00edva\\u0165 na\\u0161u webov\\u00fa str\\u00e1nku a pom\\u00f4\\u017eu n\\u00e1m skvalit\\u0148ova\\u0165 fungovanie Greenpeace.sk. Banner na s\\u00fahlas s pou\\u017e\\u00edvan\\u00edm cookies m\\u00f4\\u017eete skry\\u0165 a\\u00a0lep\\u0161ie vyu\\u017e\\u00edva\\u0165 funkcie webovej str\\u00e1nky. Tieto cookies n\\u00e1m z\\u00e1rove\\u0148 umo\\u017e\\u0148uj\\u00fa zbiera\\u0165 \\u0161tatistick\\u00e9 a\\u00a0anonymizovan\\u00e9 \\u00fadaje ako napr. inform\\u00e1cie o\\u00a0tom ako dlho u\\u017e\\u00edvatelia ost\\u00e1vaj\\u00fa na webovej str\\u00e1nke alebo na ktor\\u00e9 linky klikaj\\u00fa.n&quot;,&quot;all_cookies_name&quot;:&quot;In\\u00e9 s\\u00fabory cookies&quot;,&quot;all_cookies_description&quot;:&quot;Okrem cookies a internetov\\u00fdch\\u00a0technol\\u00f3gi\\u00ed\\u00a0spomenut\\u00fdch vy\\u0161\\u0161ie, vyu\\u017e\\u00edvame aj in\\u00e9 slu\\u017eby, ktor\\u00e9 n\\u00e1m pom\\u00e1haj\\u00fa  skvalitni\\u0165 pou\\u017e\\u00edvanie tejto webstr\\u00e1nky. M\\u00f4\\u017eeme vyu\\u017e\\u00edva\\u0165 aj s\\u00fabory cookies tret\\u00edch str\\u00e1n (napr. spolo\\u010dnost\\u00ed Facebook, Google a\\u00a0pod.), ktor\\u00e9 n\\u00e1m pom\\u00e1haj\\u00fa zis\\u0165ova\\u0165 inform\\u00e1cie o \\u0161pecifickom spr\\u00e1van\\u00ed pou\\u017e\\u00edvate\\u013eov, demografii a\\u00a0in\\u00e9 zauj\\u00edmav\\u00e9 d\\u00e1ta. Tieto cookies n\\u00e1m pom\\u00e1haj\\u00fa pochopi\\u0165 ako pou\\u017e\\u00edvate\\u013e interaguje\\u00a0s webovou str\\u00e1nkou (napr. ktor\\u00e9 str\\u00e1nky nav\\u0161tevuje) za \\u00fa\\u010delom zv\\u00fd\\u0161enia u\\u017e\\u00edvate\\u013esk\\u00e9ho komfortu, zefekt\\u00edvnenia prev\\u00e1dzky tejto platformy a na\\u0161ich komunika\\u010dn\\u00fdch strat\\u00e9gi\\u00ed. n&quot;}}\"><\/div>\n<p>Odmietnut\u00edm oboch vy\u0161\u0161ie uveden\u00fdch typov cookies, budeme do \u0161pecifick\u00e9ho s\u00faboru cookies uklada\u0165 iba Va\u0161e vlastn\u00e9 preferencie &#8211; to v\u00e1m umo\u017en\u00ed pou\u017e\u00edva\u0165 na\u0161u webov\u00fa str\u00e1nku bez sledovania.<\/p>\n\n<p><strong>Registr\u00e1cia dobrovo\u013en\u00edkov a aktivistov<br><\/strong>Ak si dobrovo\u013en\u00edkom alebo aktivistom, sprac\u00favame Tvoje osobn\u00e9 \u00fadaje v rozsahu meno, priezvisko, rok narodenia, kontaktn\u00e9 \u00fadaje (email a telef\u00f3nny kontakt), adresa trval\u00e9ho pobytu alebo pobytu a adresa bydliska, ak sa odli\u0161uje od adresy trval\u00e9ho pobytu alebo pobytu, \u00fadaje t\u00fdkaj\u00face sa absolvovan\u00fdch \u0161kolen\u00ed, v\u00fdcviku, in\u0161trukt\u00e1\u017ee alebo inej odbornej pr\u00edpravy, ktor\u00fa Ti poskytneme, \u00fadaje t\u00fdkaj\u00face sa cesty na miesto v\u00fdkonu dobrovo\u013en\u00edckej \u010dinnosti, pr\u00edspevku na \u00fahradu nevyhnutn\u00fdch v\u00fddavkov na miesto vykon\u00e1vania dobrovo\u013en\u00edckej \u010dinnosti, alebo poskytnutia jednotn\u00e9ho oble\u010denia alebo in\u00e9ho osobn\u00e9ho vybavenia.<\/p>\n\n<p><br><strong>3. Odkia\u013e z\u00edskavame Tvoje osobn\u00e9 \u00fadaje?<\/strong><br><br>Osobn\u00e9 \u00fadaje z\u00edskavame priamo od Teba na z\u00e1klade Tvojho s\u00fahlasu s ich sprac\u00favan\u00edm alebo na \u00fa\u010del uzavretia darovacej zmluvy, ktorej si zmluvnou stranou.<br><\/p>\n\n<p><strong>4. Na ak\u00e9 \u00fa\u010dely s\u00fa sprac\u00favan\u00e9 Tvoje osobn\u00e9 \u00fadaje?<\/strong><\/p>\n\n<p><br><br>Tvoje osobn\u00e9 \u00fadaje s\u00fa sprac\u00favan\u00e9 len na \u00fa\u010del uveden\u00fd v s\u00fahlase so sprac\u00favan\u00edm osobn\u00fdch \u00fadajov, ktor\u00fdm je informovanie o on- line akci\u00e1ch a o v\u00fdsledkoch akci\u00ed n\u00e1\u0161ho zdru\u017eenia, zasielanie informa\u010dn\u00e9ho spravodajcu a \u010fal\u0161\u00edch inform\u00e1ci\u00ed o \u010dinnosti Greenpeace. V pr\u00edpade, \u017ee si na\u0161im podporovate\u013eom, \u00fa\u010delom sprac\u00favania Tvojich osobn\u00fdch \u00fadajov je uzatv\u00e1ranie a evidencia darovacej zmluvy.<\/p>\n\n<p><br><br><strong>5. Po\u010das akej doby budeme uchov\u00e1va\u0165 Tvoje osobn\u00e9 \u00fadaje?<\/strong><\/p>\n\n<p><br><br>Tvoje osobn\u00e9 \u00fadaje budeme uchov\u00e1va\u0165 na vy\u0161\u0161ie uveden\u00e9 \u00fa\u010dely len na nevyhnutn\u00fa dobu.<br>V pr\u00edpade, \u017ee si n\u00e1m poskytol svoje osobn\u00e9 \u00fadaje za \u00fa\u010delom odberu noviniek alebo spravodajsk\u00e9ho newslettra, sprac\u00favame Tvoje osobn\u00e9 \u00fadaje do d\u0148a odvolania s\u00fahlasu so sprac\u00favan\u00edm osobn\u00fdch \u00fadajov.<\/p>\n\n<p><br><br>Ak si n\u00e1m poskytol jednor\u00e1zov\u00fd dar, Tvoje osobn\u00e9 \u00fadaje sprac\u00favame po\u010das trvania zmluvy a po jej z\u00e1niku do uplynutia preml\u010dacej lehoty na uplatnenie pr\u00e1v zo zmluvy, najmenej v\u0161ak p\u00e4\u0165 rokov odo d\u0148a ukon\u010denia zmluvn\u00e9ho vz\u0165ahu.<\/p>\n\n<p><br><br>Ak si n\u00e1\u0161 pravideln\u00fd darca, Tvoje osobn\u00e9 \u00fadaje sprac\u00favame po\u010das trvania zmluvy a po jej z\u00e1niku do uplynutia preml\u010dacej lehoty na uplatnenie pr\u00e1v zo zmluvy, najmenej v\u0161ak p\u00e4\u0165 rokov odo d\u0148a ukon\u010denia zmluvn\u00e9ho vz\u0165ahu.<\/p>\n\n<p><br><br><strong>6. Kto okrem n\u00e1\u0161ho zdru\u017eenia m\u00f4\u017ee ma\u0165 pr\u00edstup k Tvojim osobn\u00fdm \u00fadajom?<br><\/strong><br>V r\u00e1mci sprac\u00favania osobn\u00fdch \u00fadajov na \u00fa\u010del odberu noviniek alebo spravodajsk\u00e9ho newslettra m\u00f4\u017eu ma\u0165 kTvojim \u00fadajom pr\u00edstup aj in\u00e9 n\u00e1rodn\u00e9, region\u00e1lne alebo centr\u00e1lne kancel\u00e1rie Greenpeace. Ich \u00falohou je poskytova\u0165 n\u00e1m slu\u017eby v oblasti spr\u00e1vy n\u00e1\u0161ho informa\u010dn\u00e9ho syst\u00e9mu alebo in\u00e9 slu\u017eby zabezpe\u010duj\u00face riadny chod a koordin\u00e1ciu \u010dinnosti organiz\u00e1cie Greenpeace. S t\u00fdmito spolo\u010dnos\u0165ami m\u00e1me uzavret\u00fa zmluvu o sprac\u00favan\u00ed osobn\u00fdch \u00fadajov, na z\u00e1klade ktorej s\u00fa povinn\u00e9 dodr\u017eiava\u0165 z\u00e1konn\u00e9 pravidl\u00e1 ochrany osobn\u00fdch \u00fadajov.<\/p>\n\n<p><br><br>V s\u00fa\u010dasnosti ide o nasleduj\u00face organiz\u00e1cie:<br><\/p>\n\n<ul class=\"wp-block-list\"><li>Greenpeace CEE (Central and Eastern Europe)<\/li><\/ul>\n\n<p><strong>7. Ak\u00e9 s\u00fa Tvoje pr\u00e1va pri sprac\u00favan\u00ed osobn\u00fdch \u00fadajov?<\/strong><br><br>Z\u00e1konn\u00e9 sprac\u00favanie Tvojich osobn\u00fdch \u00fadajov je jednou z na\u0161ich prior\u00edt a ich ochranu pova\u017eujeme zad\u00f4le\u017eit\u00fa s\u00fa\u010das\u0165 na\u0161ej \u010dinnosti. Pri sprac\u00favan\u00ed osobn\u00fdch \u00fadajov si m\u00f4\u017ee\u0161 uplatni\u0165 nasleduj\u00face pr\u00e1va:<br><br><em>a) Inform\u00e1cie o sprac\u00favan\u00ed Tvojich osobn\u00fdch \u00fadajov<\/em>&nbsp;&#8211; Inform\u00e1cie zah\u0155\u0148aj\u00fa hlavne: identifik\u00e1ciu a kontaktn\u00e9 \u00fadaje prev\u00e1dzkovate\u013ea, jeho z\u00e1stupcu a pr\u00edpadne aj zodpovednej osoby, \u00fa\u010dely sprac\u00favania, kateg\u00f3rie dotknut\u00fdch osobn\u00fdch \u00fadajov, pr\u00edjemcu alebo kateg\u00f3rie pr\u00edjemcov osobn\u00fdch \u00fadajov, inform\u00e1cie cezhrani\u010dnom prenose alebo o prenose osobn\u00fdch \u00fadajov do tret\u00edch kraj\u00edn, obdobie uchov\u00e1vania osobn\u00fdch \u00fadajov, opr\u00e1vnen\u00fdch spr\u00e1vcov, zoznam Tvojich pr\u00e1v, mo\u017enos\u0165 obr\u00e1ti\u0165 sa na \u00darad na ochranu osobn\u00fdch \u00fadajov, zdroj spracov\u00e1van\u00fdch osobn\u00fdch \u00fadajov,<br>inform\u00e1cie o tom, \u010di a ako doch\u00e1dza k automatizovan\u00e9mu rozhodovaniu a profilovaniu.<\/p>\n\n<p><em>b) Pr\u00e1vo na pr\u00edstup k osobn\u00fdm \u00fadajom<\/em>&nbsp;&#8211; M\u00e1\u0161 pr\u00e1vo na potvrdenie skuto\u010dnosti, \u010di osobn\u00e9 \u00fadaje s\u00fa alebo nie s\u00fa sprac\u00favan\u00e9 a ak \u00e1no, m\u00e1\u0161 pr\u00edstup k inform\u00e1ci\u00e1m o sprac\u00favan\u00ed, kateg\u00f3ri\u00e1ch dotknut\u00fdch osobn\u00fdch \u00fadajov, pr\u00edjemcoch alebo kateg\u00f3ri\u00e1ch pr\u00edjemcov, dobe uchov\u00e1vania osobn\u00fdch \u00fadajov, ako aj pr\u00e1vo na inform\u00e1cie o Tvojich pr\u00e1vach, o pr\u00e1ve poda\u0165 s\u0165a\u017enos\u0165 \u00daradu na ochranu osobn\u00fdch \u00fadajov, inform\u00e1cie o zdroji osobn\u00fdch \u00fadajov, inform\u00e1cie o tom, \u010di doch\u00e1dza k automatizovan\u00e9mu rozhodnutiu a profilovaniu, inform\u00e1cie a z\u00e1ruky v pr\u00edpade prenosu osobn\u00fdch \u00fadajov do tretej krajiny alebo medzin\u00e1rodnej organiz\u00e1cie. M\u00e1\u0161 tie\u017e pr\u00e1vo na poskytnutie k\u00f3pi\u00ed sprac\u00favan\u00fdch osobn\u00fdch \u00fadajov.<br><br><em>c) Pr\u00e1vo na opravu<\/em>&nbsp;\u2013 V pr\u00edpade zmeny osobn\u00fdch \u00fadajov (napr. zmena priezviska alebo kontaktn\u00fdch \u00fadajov) m\u00e1\u0161 pr\u00e1vo n\u00e1s o tom informova\u0165 a my m\u00e1me povinnos\u0165 zos\u00faladi\u0165 s aktu\u00e1lnym stavom Tvoje osobn\u00e9 \u00fadaje, ktor\u00e9 sprac\u00favame.<br><br><em>d) Pr\u00e1vo na v\u00fdmaz<\/em>&nbsp;\u2013 Pr\u00e1vo na v\u00fdmaz znamen\u00e1, \u017ee m\u00e1\u0161 pr\u00e1vo \u201eby\u0165 zabudnut\u00fd\u201c. V niektor\u00fdch pr\u00edpadoch stanoven\u00fdch GDPR (napr. ak pod\u013ea Tvojho n\u00e1zoru u\u017e nie je potrebn\u00e9, aby sme na\u010falej sprac\u00favali Tvoje osobn\u00e9 \u00fadaje) m\u00e1me povinnos\u0165 na z\u00e1klade Tvojej \u017eiadosti vymaza\u0165 Tvoje osobn\u00e9 \u00fadaje.<br><br><em>e) Pr\u00e1vo na obmedzenie spracovania&nbsp;<\/em>&#8211; Toto pr\u00e1vo si m\u00f4\u017ee\u0161 uplatni\u0165 v pr\u00edpade, ak si \u017eel\u00e1\u0161, aby sme spracovali Tvoje osobn\u00e9 \u00fadaje len na najnutnej\u0161ie z\u00e1konn\u00e9 \u00fa\u010dely alebo aj v pr\u00edpade, ak si \u017eel\u00e1\u0161 Tvoje osobn\u00e9 \u00fadaje blokova\u0165.<\/p>\n\n<p><em>f) Pr\u00e1vo na prenosnos\u0165 \u00fadajov<\/em>&nbsp;\u2013 Uplatnenie pr\u00e1va na prenosnos\u0165 \u00fadajov prich\u00e1dza do \u00favahy v pr\u00edpadoch, ak si praje\u0161, aby sme poskytli Tvoje osobn\u00e9 \u00fadaje in\u00e9mu prev\u00e1dzkovate\u013eovi, resp. inej spolo\u010dnosti. V takom pr\u00edpade odovzd\u00e1me Tvoje osobn\u00e9 \u00fadaje v zodpovedaj\u00facom form\u00e1te ur\u010den\u00e9mu subjektu, ak n\u00e1m v tom nebud\u00fa br\u00e1ni\u0165 \u017eiadne z\u00e1konn\u00e9 alebo in\u00e9 v\u00fdznamn\u00e9 prek\u00e1\u017eky.<\/p>\n\n<p><em>g) Pr\u00e1vo uplatni\u0165 n\u00e1mietku<\/em>&nbsp;&#8211; Ak sa domnieva\u0161, \u017ee Tvoje osobn\u00e9 \u00fadaje sprac\u00favame v rozpore s ochranou Tvojho s\u00fakromia alebo v rozpore s pr\u00e1vnymi predpismi, m\u00e1\u0161 pr\u00e1vo n\u00e1s kontaktova\u0165 a po\u017eadova\u0165 vysvetlenie alebo odstr\u00e1nenie nez\u00e1konn\u00e9ho stavu.<\/p>\n\n<p><em>h) Pr\u00e1vo poda\u0165 s\u0165a\u017enos\u0165<\/em>&nbsp;\u2013 V pr\u00edpade, \u017ee by si sa chcel obr\u00e1ti\u0165 na org\u00e1n zodpovedn\u00fd za dozor nad ochranou osobn\u00fdch \u00fadajov pri ich sprac\u00favan\u00edm, t\u00fdmto org\u00e1nom je \u00daradu na ochranu osobn\u00fdch \u00fadajov Slovenskej republiky, https:\/\/dataprotection.gov.sk\/uoou\/.<br> <br>Uveden\u00e9 pr\u00e1va dotknutej osoby s\u00fa bli\u017e\u0161ie \u0161pecifikovan\u00e9 v \u010dl. 15- 21 GDPR. Tieto pr\u00e1va si m\u00f4\u017ee\u0161 uplatni\u0165 v s\u00falade s GDPR a \u010fal\u0161\u00edmi v\u0161eobecne z\u00e1v\u00e4zn\u00fdmi pr\u00e1vnymi predpismi vo\u010di n\u00e1\u0161mu zdru\u017eeniu prostredn\u00edctvom p\u00edsomnej \u017eiadosti na adrese n\u00e1\u0161ho s\u00eddla alebo elektronick\u00fdmi prostriedkami na e-mailovej adrese info@greenpeace.sk. V pr\u00edpade, \u017ee by si chcel uplatni\u0165 Tvoje pr\u00e1va osobne, m\u00f4\u017eeme Ti uplatnenie Tvojich pr\u00e1v umo\u017eni\u0165 za predpokladu, \u017ee preuk\u00e1\u017ee\u0161 svoju toto\u017enos\u0165.<\/p>\n\n<p><strong>8. Profilovanie a automatizovan\u00e9 rozhodovanie<\/strong><\/p>\n\n<p>Nevykon\u00e1vame profilovanie ani automatizovan\u00e9 rozhodovanie pri sprac\u00favan\u00ed osobn\u00fdch \u00fadajov na\u0161ich aktivistov \u010di podporovate\u013eov.<\/p>\n\n<p><strong>9. Ako m\u00f4\u017ee\u0161 odvola\u0165 Tvoj s\u00fahlas so sprac\u00favan\u00edm osobn\u00fdch \u00fadajov?<\/strong><br><br>V pr\u00edpade, \u017ee sa rozhodne\u0161 odvola\u0165 Tvoj s\u00fahlas so sprac\u00favan\u00edm osobn\u00fdch \u00fadajov, m\u00f4\u017eete tak urobi\u0165 p\u00edsomne na adrese s\u00eddla n\u00e1\u0161ho zdru\u017eenia alebo na e-mailovej adrese info@greenpeace.sk. V odvolan\u00ed uve\u010f Tvoje meno a priezvisko.<br><br><strong>10. Cezhrani\u010dn\u00e9 sprac\u00favanie osobn\u00fdch \u00fadajov<\/strong><\/p>\n\n<p>Tvoje osobn\u00e9 \u00fadaje s\u00fa sprac\u00favan\u00e9 v\u00fdlu\u010dne na \u00fazem\u00ed \u010dlensk\u00fdch \u0161t\u00e1tov Eur\u00f3pskej \u00fanie a ich prenos sa uskuto\u010d\u0148uje iba v r\u00e1mci \u010dlensk\u00fdch \u0161t\u00e1tov Eur\u00f3pskej \u00fanie.<\/p>\n\n<p>Ak m\u00e1\u0161 z\u00e1ujem o podrobnej\u0161ie inform\u00e1cie o sprac\u00favan\u00ed Tvojich osobn\u00fdch \u00fadajov, nev\u00e1haj n\u00e1s kontaktova\u0165 na e-mailovej adrese info@greenpeace.sk.<\/p>\n","protected":false},"excerpt":{"rendered":"<p>D\u0148a 25.05.2018 sa st\u00e1va \u00fa\u010dinn\u00fdm nariadenie Eur\u00f3pskeho parlamentu a Rady E\u00da 2016\/679 o ochrane fyzick\u00fdch os\u00f4b pri sprac\u00favan\u00ed osobn\u00fdch \u00fadajov a o vo\u013enom pohybe tak\u00fdchto \u00fadajov, ktor\u00fdm sa zru\u0161uje smernica 95\/46\/ES (\u010falej len ako \u201eGDPR\u201c), ktor\u00e9 stanovuje nov\u00e9 pravidl\u00e1 sprac\u00favania osobn\u00fdch \u00fadajov spolo\u010dn\u00e9 pre v\u0161etky \u010dlensk\u00e9 \u0161t\u00e1ty Eur\u00f3pskej \u00fanie. Z toho d\u00f4vodu \u0164a v s\u00falade [&hellip;]<\/p>\n","protected":false},"author":1,"featured_media":0,"parent":0,"menu_order":0,"comment_status":"closed","ping_status":"closed","template":"page-templates\/evergreen.php","meta":{"ep_exclude_from_search":false,"p4_hide_page_title_checkbox":"on","p4_title":"","p4_subtitle":"","p4_description":"","background_image_id":"","background_image":"","p4_button_title":"","p4_button_link":"","p4_button_link_checkbox":"","p4_og_title":"","p4_og_description":"","p4_og_image":"","p4_og_image_id":"","p4_seo_canonical_url":"","p4_campaign_name":"not set","p4_local_project":"","p4_basket_name":"not set","p4_department":"","footnotes":""},"categories":[21],"tags":[],"class_list":["post-232","page","type-page","status-publish","hentry","category-greenpeace"],"_links":{"self":[{"href":"https:\/\/www.greenpeace.org\/slovakia\/wp-json\/wp\/v2\/pages\/232","targetHints":{"allow":["GET"]}}],"collection":[{"href":"https:\/\/www.greenpeace.org\/slovakia\/wp-json\/wp\/v2\/pages"}],"about":[{"href":"https:\/\/www.greenpeace.org\/slovakia\/wp-json\/wp\/v2\/types\/page"}],"author":[{"embeddable":true,"href":"https:\/\/www.greenpeace.org\/slovakia\/wp-json\/wp\/v2\/users\/1"}],"replies":[{"embeddable":true,"href":"https:\/\/www.greenpeace.org\/slovakia\/wp-json\/wp\/v2\/comments?post=232"}],"version-history":[{"count":10,"href":"https:\/\/www.greenpeace.org\/slovakia\/wp-json\/wp\/v2\/pages\/232\/revisions"}],"predecessor-version":[{"id":9838,"href":"https:\/\/www.greenpeace.org\/slovakia\/wp-json\/wp\/v2\/pages\/232\/revisions\/9838"}],"wp:attachment":[{"href":"https:\/\/www.greenpeace.org\/slovakia\/wp-json\/wp\/v2\/media?parent=232"}],"wp:term":[{"taxonomy":"category","embeddable":true,"href":"https:\/\/www.greenpeace.org\/slovakia\/wp-json\/wp\/v2\/categories?post=232"},{"taxonomy":"post_tag","embeddable":true,"href":"https:\/\/www.greenpeace.org\/slovakia\/wp-json\/wp\/v2\/tags?post=232"}],"curies":[{"name":"wp","href":"https:\/\/api.w.org\/{rel}","templated":true}]}}