{"id":3968,"date":"2021-02-17T14:52:52","date_gmt":"2021-02-17T13:52:52","guid":{"rendered":"https:\/\/www.greenpeace.org\/slovakia\/?page_id=3968"},"modified":"2026-03-12T15:56:37","modified_gmt":"2026-03-12T14:56:37","slug":"darujte-2-percenta","status":"publish","type":"page","link":"https:\/\/www.greenpeace.org\/slovakia\/darujte-2-percenta\/","title":{"rendered":"Aj tvoje 2 % dok\u00e1\u017eu zmeni\u0165 svet."},"content":{"rendered":"\n<p><strong>Plan\u00e9ta Zem nem\u00e1 mo\u017enos\u0165 pouk\u00e1za\u0165 2 %. Ty \u00e1no! <\/strong><\/p>\n\n<p>V Greenpeace Slovensko bojujeme po Va\u0161om boku u\u017e viac ako 30 rokov a budeme v tom pokra\u010dova\u0165 aj na\u010falej.<br><strong>Daruj tvoje 2 % pre plan\u00e9tu a jej rozmanit\u00fa pr\u00edrodu a bojuj s nami proti klimatickej kr\u00edze!<\/strong><\/p>\n\n<div class=\"wp-block-columns alignfull is-layout-flex wp-container-core-columns-is-layout-9d6595d7 wp-block-columns-is-layout-flex\">\n<div class=\"wp-block-column is-vertically-aligned-stretch is-layout-flow wp-block-column-is-layout-flow\" style=\"flex-basis:100%\"><div data-render=\"planet4-blocks\/submenu\" data-attributes=\"{&quot;attributes&quot;:{&quot;title&quot;:&quot;\\u010ealej sa do\\u010d\\u00edta\\u0161:&quot;,&quot;levels&quot;:[{&quot;heading&quot;:2,&quot;link&quot;:true,&quot;style&quot;:&quot;bullet&quot;}],&quot;className&quot;:&quot;is-style-long&quot;,&quot;submenu_style&quot;:0}}\"><\/div><\/div>\n<\/div>\n\n<p class=\"has-text-align-center\"><a href=\"https:\/\/www.greenpeace.org\/static\/planet4-slovakia-stateless\/2026\/01\/fa05fc80-vyhlasenie_o_poukazani_podielu_zaplatenej_dane_z_prijmov_fyzickej_osoby_predvyplnene.pdf\" target=\"_blank\" rel=\"noreferrer noopener\">Predvyplnen\u00e9 vyhl\u00e1senie s \u00fadajmi Greenpeace Slovensko platn\u00e9 v roku 2026 za rok 2025<\/a> <\/p>\n\n<div class=\"wp-block-buttons is-horizontal is-content-justification-center is-layout-flex wp-container-core-buttons-is-layout-499968f5 wp-block-buttons-is-layout-flex\">\n<div class=\"wp-block-button is-style-cta\"><a class=\"wp-block-button__link wp-element-button\" href=\"https:\/\/www.greenpeace.org\/static\/planet4-slovakia-stateless\/2026\/01\/fa05fc80-vyhlasenie_o_poukazani_podielu_zaplatenej_dane_z_prijmov_fyzickej_osoby_predvyplnene.pdf\">Stiahnu\u0165 si\ud83d\udce5<\/a><\/div>\n<\/div>\n\n<h2 class=\"wp-block-heading\">Pre\u010do darova\u0165 Va\u0161e 2 % Greenpeace Slovensko?<\/h2>\n\n<p>Greenpeace Slovensko je finan\u010dne a politicky nez\u00e1visl\u00e1 environment\u00e1lna organiz\u00e1cia, ktor\u00e1 sa sna\u017e\u00ed poukazova\u0165 na environment\u00e1lne probl\u00e9my a bojova\u0165 proti klimatickej kr\u00edze a strate biodiverzity. Na Slovensku p\u00f4sob\u00edme u\u017e 30 rokov.<\/p>\n\n<p>Na\u0161a v\u00edzia je lep\u0161\u00ed a spravodlivej\u0161\u00ed svet pre v\u0161etk\u00fdch, v ktorom \u017eijeme v harm\u00f3nii s pr\u00edrodou. Na\u0161im cie\u013eom je, aby sa Slovensko aj plan\u00e9ta stali spravodlivej\u0161\u00edm, \u010distej\u0161\u00edm a zdrav\u0161\u00edm miestom pre \u017eivot.&nbsp;<\/p>\n\n<p>Jeden z na\u0161ich z\u00e1kladn\u00fdch pilierov je finan\u010dn\u00e1 nez\u00e1vislos\u0165 a sloboda. Preto neprij\u00edmame \u017eiadne peniaze od vl\u00e1d, korpor\u00e1ci\u00ed alebo politick\u00fdch str\u00e1n. Individu\u00e1lne pr\u00edspevky, spolu s dot\u00e1ciami od nad\u00e1ci\u00ed, ktor\u00fdch financie poch\u00e1dzaj\u00fa od individu\u00e1lnych prispievate\u013eov, s\u00fa jedin\u00fdmi zdrojmi n\u00e1\u0161ho financovania.&nbsp;&nbsp;<\/p>\n\n<p>Sleduj n\u00e1s aj na <a href=\"https:\/\/www.facebook.com\/Greenpeace.sk\">Facebooku<\/a> a <a href=\"https:\/\/www.instagram.com\/greenpeace.sk\/\">Instagrame<\/a> pre naj\u010derstvej\u0161ie novinky alebo sa <a href=\"https:\/\/www.tiki-toki.com\/timeline\/entry\/594418\/Greenpeace\/#vars!date=2046-07-14_03:17:48!\">pozri na \u010dasov\u00fa os na\u0161ich v\u00ed\u0165azstiev a nahliadni na v\u0161etky neskuto\u010dn\u00e9 boje<\/a>, ktor\u00e9 sa n\u00e1m od roku 1972 podarilo vyhra\u0165!<\/p>\n\n<p>Teba 2 % nestoja ni\u010d a n\u00e1m dok\u00e1\u017eu ve\u013emi pom\u00f4c\u0165. Vyu\u017ei t\u00fato \u0161ancu, podpor na\u0161u \u010dinnos\u0165 a bu\u010f s\u00fa\u010das\u0165ou boja proti klimatickej kr\u00edze a za ochranu biodiverzity.<\/p>\n\n<p>\u010eakujeme, \u017ee kon\u00e1\u0161.\u00a0<\/p>\n\n<h4 class=\"wp-block-heading\">\u00dadaje potrebn\u00e9 na darovanie 2 % pre Greenpeace Slovensko&nbsp;<\/h4>\n\n<figure class=\"wp-block-table\"><table class=\"has-fixed-layout\"><tbody><tr><td class=\"has-text-align-right\" data-align=\"right\">Obchodn\u00e9 meno alebo n\u00e1zov<\/td><td><strong>Greenpeace Slovensko&nbsp;<\/strong><\/td><\/tr><tr><td class=\"has-text-align-right\" data-align=\"right\">S\u00eddlo &#8211; obec, PS\u010c, ulica, \u010d\u00edslo&nbsp;<\/td><td><strong>N\u00e1mestie SNP 35, P.O.Box 58, 814 99 Bratislava<\/strong><\/td><\/tr><tr><td class=\"has-text-align-right\" data-align=\"right\">Pr\u00e1vna forma&nbsp;<\/td><td><strong>Neziskov\u00e1 organiz\u00e1cia&nbsp;<\/strong><\/td><\/tr><tr><td class=\"has-text-align-right\" data-align=\"right\">I\u010cO<\/td><td><strong>36069086<\/strong><br>(do formul\u00e1ra zarovna\u0165 na prav\u00fd okraj)&nbsp;&nbsp;<strong>&nbsp;<\/strong><\/td><\/tr><\/tbody><\/table><\/figure>\n\n<h2 class=\"wp-block-heading\">Ako m\u00f4\u017ee\u0161 darova\u0165 2 %?\u00a0<\/h2>\n\n<figure class=\"wp-block-table is-style-regular\"><table class=\"has-fixed-layout\"><thead><tr><th>Pre zamestnancov<\/th><th>Pre fyzick\u00e9 osoby<\/th><\/tr><\/thead><tbody><tr><td><strong>1)<\/strong> Po\u017eiadajte zamestn\u00e1vate\u013ea o ro\u010dn\u00e9 z\u00fa\u010dtovanie preddavkov na da\u0148 a vystavenie \u201ePotvrdenia o zaplaten\u00ed dane\u201c (zamestn\u00e1vate\u013e potvrd\u00ed v\u00fd\u0161ku zaplatenej dane a to \u017ee nem\u00e1te nedoplatok na dani za rok 2025).<br><strong>2) <\/strong>Vypo\u010d\u00edtajte si 2 % (3 %) zo zaplatenej dane, suma min. 3 \u20ac.<br><strong>3)<\/strong> Vypl\u0148te \u201eVyhl\u00e1senie o pouk\u00e1zan\u00ed sumy\u201c: 2 % dane alebo 3 % z dane (ak ste v roku 2025 odpracovali dobrovo\u013en\u00edcky minim\u00e1lne 40 hod\u00edn a m\u00e1te o tom potvrdenie, ktor\u00e9 prilo\u017e\u00edte k vyhl\u00e1seniu).<a href=\"http:\/\/rozhodni.sk\/poukazatel\/ako-mozu-dobrovolnici-poukazat-3-z-dane\/\"> Viac inform\u00e1cii o darovan\u00ed 3 % n\u00e1jdete tu. <\/a><br><strong>4) <\/strong>Doru\u010dte vyplnen\u00e9 \u201e<a href=\"https:\/\/www.greenpeace.org\/static\/planet4-slovakia-stateless\/2023\/11\/9c0fb241-vyhlasenie-greenpeace-slovensko-2023.pdf\">Vyhl\u00e1senie<\/a>\u201c a \u201e<a href=\"https:\/\/www.greenpeace.org\/static\/planet4-slovakia-stateless\/2023\/11\/006852b6-potvrdenie-o-vyhlaseni-dane-2023.pdf\">Potvrdenie<\/a>\u201c odovzdajte da\u0148ov\u00e9mu \u00faradu. Zoznam miestnej pr\u00edslu\u0161nosti k miestnemu \u00faradu <a href=\"https:\/\/www.financnasprava.sk\/sk\/elektronicke-sluzby\/verejne-sluzby\/zistenie-miestnej-prislusnost\">n\u00e1jdete tu.<\/a><br><br>\u010eal\u0161ie dokumenty n\u00e1jdete <strong><a href=\"http:\/\/rozhodni.sk\/poukazatel\/tlaciva-na-poukazanie-2-z-dane\/\">TU<\/a>. <\/strong><br><\/td><td><strong>1)<\/strong> Skontrolujte, \u010di nem\u00e1te nedoplatok na&nbsp;dani z&nbsp;minulosti a&nbsp;\u010di v\u00fd\u0161ka 2 % (3 %) z&nbsp;Va\u0161ej dane za&nbsp;rok 2025 nie je ni\u017e\u0161ia ako 3&nbsp; \u20ac.<br><strong>2)<\/strong> Vypl\u0148te \u00fadaje v&nbsp;da\u0148ovom priznan\u00ed, vyr\u00e1tajte a&nbsp;vp\u00ed\u0161te sumu zodpovedaj\u00facu 2 % z&nbsp;vami odvedenej dane alebo 3 % z&nbsp;dane&nbsp;(ak ste v&nbsp;roku 2025 odpracovali dobrovo\u013en\u00edcky minim\u00e1lne 40 hod\u00edn a&nbsp;m\u00e1te o&nbsp;tom potvrdenie, ktor\u00e9 prilo\u017e\u00edte k&nbsp;vyhl\u00e1seniu \u2013 t\u00fdka sa aj pomoci a ven\u010denia v \u00fatulku Slobody zvierat).<a href=\"http:\/\/rozhodni.sk\/poukazatel\/ako-mozu-dobrovolnici-poukazat-3-z-dane\/\">&nbsp;Viac inform\u00e1cii o darovan\u00ed 3 %&nbsp;n\u00e1jdete tu<\/a>. V pr\u00edpade, \u017ee ste dobrovo\u013en\u00edcku \u010dinnos\u0165 vykon\u00e1vali u n\u00e1s, vypln\u00edte a za\u0161lete n\u00e1m na overenie tla\u010divo <a href=\"https:\/\/rozhodni.sk\/poukazatel\/ako-mozu-dobrovolnici-poukazat-3-z-dane\/\">\u201cPr\u00edjmate\u013e pomoci\u201c<\/a>.<br><strong>3)<\/strong> Zapla\u0165te da\u0148 za&nbsp;r. 2025 a&nbsp;podajte da\u0148ov\u00e9 priznanie da\u0148ov\u00e9mu \u00faradu. Zoznam miestnej pr\u00edslu\u0161nosti k miestnemu \u00faradu&nbsp;<a href=\"https:\/\/www.financnasprava.sk\/sk\/elektronicke-sluzby\/verejne-sluzby\/zistenie-miestnej-prislusnost\">n\u00e1jdete tu.<\/a><br><br>\u010eal\u0161ie dokumenty n\u00e1jdete <strong><a href=\"http:\/\/rozhodni.sk\/poukazatel\/tlaciva-na-poukazanie-2-z-dane\/\">TU<\/a>. <\/strong><\/td><\/tr><\/tbody><\/table><\/figure>\n\n<figure class=\"wp-block-table is-style-stripes\"><table class=\"has-fixed-layout\"><thead><tr><th class=\"has-text-align-center\" data-align=\"center\">Pre pr\u00e1vnick\u00e9 osoby  <\/th><\/tr><\/thead><tbody><tr><td class=\"has-text-align-center\" data-align=\"center\">V Greenpeace neprij\u00edmame \u017eiadne financie od vl\u00e1dnych zdrojov, politick\u00fdch str\u00e1n ani korpor\u00e1ci\u00ed, aby sme si udr\u017eali na\u0161u finan\u010dn\u00fa nez\u00e1vislos\u0165. \u017dia\u013e z tohto d\u00f4vodu nie je mo\u017en\u00e9 pouk\u00e1za\u0165 n\u00e1m 2 % ako pr\u00e1vnick\u00e1 osoba.&nbsp;<\/td><\/tr><\/tbody><\/table><\/figure>\n\n<h2 class=\"wp-block-heading\">Dokedy m\u00f4\u017eete pouk\u00e1za\u0165 2 %?<\/h2>\n<div data-render=\"planet4-blocks\/columns\" data-attributes=\"{&quot;attributes&quot;:{&quot;columns_title&quot;:&quot;&quot;,&quot;columns_description&quot;:&quot;&quot;,&quot;columns&quot;:[{&quot;title&quot;:&quot;Zamestnanci - do 31. marca 2026 (resp. v pred\\u013a\\u017eenej lehote na podanie da\\u0148ov\\u00e9ho priznania, t. j. do 30. 06. 2026 alebo 30. 09. 2026)&quot;,&quot;description&quot;:&quot;Ak fyzick\\u00e1 osoba alebo zamestnanec vykon\\u00e1val v\\u00a0kalend\\u00e1rnom roku 2025\\u00a0dobrovo\\u013en\\u00edcku \\u010dinnos\\u0165 pre\\u00a0neziskov\\u00fa organiz\\u00e1ciu (\\u013eubovo\\u013en\\u00fa) najmenej v\\u00a0po\\u010dte 40\\u00a0hod\\u00edn, m\\u00f4\\u017ee pouk\\u00e1za\\u0165 a\\u017e 3\\u00a0% z\\u00a0podielu zaplatenej dane. O\\u00a0uvedenej skuto\\u010dnosti neziskov\\u00e1 organiz\\u00e1cia vyd\\u00e1 fyzickej osobe\\u00a0&lt;em&gt;&lt;a href=\\&quot;https:\\\/\\\/www.jaslovensko.sk\\\/dve-percenta\\\/ziadost-vystavenie-potvrdenia\\\/\\&quot;&gt;&lt;strong&gt;Potvrdenie o\\u00a0v\\u00fdkone dobrovo\\u013en\\u00edckej \\u010dinnosti&lt;\\\/strong&gt;&lt;\\\/a&gt;\\u00a0&lt;\\\/em&gt;a t\\u00e1 ho prilo\\u017e\\u00ed k\\u00a0Vyhl\\u00e1seniu o\\u00a0pouk\\u00e1zan\\u00ed podielu zo\\u00a0zaplatenej dane, resp. Da\\u0148ov\\u00e9mu priznaniu.&quot;,&quot;attachment&quot;:0,&quot;cta_link&quot;:&quot;&quot;,&quot;cta_text&quot;:&quot;&quot;,&quot;link_new_tab&quot;:false},{&quot;title&quot;:&quot;Fyzick\\u00e9 osoby - do 31.marca 2026 (resp. v pred\\u013a\\u017eenej lehote na podanie da\\u0148ov\\u00e9ho priznania, t. j. do 30. 06. 2026 alebo 30. 09. 2026)&quot;,&quot;description&quot;:&quot;&quot;,&quot;attachment&quot;:0,&quot;cta_link&quot;:&quot;&quot;,&quot;cta_text&quot;:&quot;&quot;,&quot;link_new_tab&quot;:false}],&quot;className&quot;:&quot;is-style-no_image&quot;,&quot;columns_block_style&quot;:&quot;no_image&quot;}}\"><\/div>\n<h2 class=\"wp-block-heading\">Daj n\u00e1m o sebe vedie\u0165!\u00a0<\/h2>\n\n<p>Ak n\u00e1m chce\u0161 da\u0165 vedie\u0165, \u017ee si n\u00e1m pr\u00e1ve ty poslal\/la tvoje 2 %, za\u0161krtni vo Vyhl\u00e1sen\u00ed pr\u00edslu\u0161n\u00fd s\u00fahlas so zaslan\u00edm tvojich \u00fadajov (my uvid\u00edme tvoje meno a adresu, nie v\u0161ak pouk\u00e1zan\u00fa sumu).<\/p>\n\n<h2 class=\"wp-block-heading\">M\u00e1\u0161 ot\u00e1zky?\u00a0<\/h2>\n\n<p>Radi ti na ne odpovieme a porad\u00edme. Nap\u00ed\u0161 n\u00e1m email na adresu <a href=\"mailto:info.slovakia@greenpeace.org\"><strong>info.slovakia@greenpeace.org<\/strong><\/a>.<\/p>\n\n<h3 class=\"wp-block-heading\">FAQ<\/h3>\n\n<h4 class=\"wp-block-heading\">M\u00f4\u017eem v\u00e1m ako pr\u00e1vnick\u00e1 osoba (firma) darova\u0165 2 % (1 %)? Nejde to proti va\u0161im pravidl\u00e1m, \u017ee neberiete financie od s\u00fakromn\u00fdch korpor\u00e1ci\u00ed, vl\u00e1d a politick\u00fdch str\u00e1n?\u00a0<\/h4>\n\n<p>V Greenpeace neprij\u00edmame \u017eiadne financie od vl\u00e1dnych zdrojov, politick\u00fdch str\u00e1n ani korpor\u00e1ci\u00ed, aby sme si udr\u017eali na\u0161u finan\u010dn\u00fa nez\u00e1vislos\u0165. \u017dia\u013e z tohto d\u00f4vodu nie je mo\u017en\u00e9 pouk\u00e1za\u0165 n\u00e1m 2 % ako pr\u00e1vnick\u00e1 osoba.&nbsp;<\/p>\n\n<h4 class=\"wp-block-heading\">U\u017e som podal\/a svoje da\u0148ov\u00e9 priznanie. Je e\u0161te nejak\u00e1 \u0161anca, ako V\u00e1m m\u00f4\u017eem darova\u0165 2 %?&nbsp;<\/h4>\n\n<p>\u00c1no je. V takomto pr\u00edpade je mo\u017en\u00e9 zasla\u0165 opravn\u00fd formul\u00e1r a v \u0148om uvies\u0165 prij\u00edmate\u013ea, ktor\u00e9mu chceme 2 % darova\u0165. Urobi\u0165 tak m\u00f4\u017ee\u0161 najnesk\u00f4r do povinn\u00e9ho d\u00e1tumu ukon\u010denie podania da\u0148ov\u00fdch priznan\u00ed.\u00a0<\/p>\n","protected":false},"excerpt":{"rendered":"<p>Plan\u00e9ta Zem nem\u00e1 mo\u017enos\u0165 pouk\u00e1za\u0165 2 %. Ty \u00e1no! V Greenpeace Slovensko bojujeme po Va\u0161om boku u\u017e viac ako 30 rokov a budeme v tom pokra\u010dova\u0165 aj na\u010falej.Daruj tvoje 2 % pre plan\u00e9tu a jej rozmanit\u00fa pr\u00edrodu a bojuj s nami proti klimatickej kr\u00edze! Predvyplnen\u00e9 vyhl\u00e1senie s \u00fadajmi Greenpeace Slovensko platn\u00e9 v roku 2026 za [&hellip;]<\/p>\n","protected":false},"author":36,"featured_media":9755,"parent":0,"menu_order":0,"comment_status":"closed","ping_status":"closed","template":"","meta":{"ep_exclude_from_search":false,"p4_hide_page_title_checkbox":"","p4_title":"","p4_subtitle":"","p4_description":"","background_image_id":"","background_image":"","p4_button_title":"","p4_button_link":"","p4_button_link_checkbox":"","p4_og_title":"","p4_og_description":"","p4_og_image":"","p4_og_image_id":"","p4_seo_canonical_url":"","p4_campaign_name":"not set","p4_local_project":"not set","p4_basket_name":"not set","p4_department":"","footnotes":""},"categories":[],"tags":[],"class_list":["post-3968","page","type-page","status-publish","has-post-thumbnail","hentry"],"_links":{"self":[{"href":"https:\/\/www.greenpeace.org\/slovakia\/wp-json\/wp\/v2\/pages\/3968","targetHints":{"allow":["GET"]}}],"collection":[{"href":"https:\/\/www.greenpeace.org\/slovakia\/wp-json\/wp\/v2\/pages"}],"about":[{"href":"https:\/\/www.greenpeace.org\/slovakia\/wp-json\/wp\/v2\/types\/page"}],"author":[{"embeddable":true,"href":"https:\/\/www.greenpeace.org\/slovakia\/wp-json\/wp\/v2\/users\/36"}],"replies":[{"embeddable":true,"href":"https:\/\/www.greenpeace.org\/slovakia\/wp-json\/wp\/v2\/comments?post=3968"}],"version-history":[{"count":20,"href":"https:\/\/www.greenpeace.org\/slovakia\/wp-json\/wp\/v2\/pages\/3968\/revisions"}],"predecessor-version":[{"id":10183,"href":"https:\/\/www.greenpeace.org\/slovakia\/wp-json\/wp\/v2\/pages\/3968\/revisions\/10183"}],"wp:featuredmedia":[{"embeddable":true,"href":"https:\/\/www.greenpeace.org\/slovakia\/wp-json\/wp\/v2\/media\/9755"}],"wp:attachment":[{"href":"https:\/\/www.greenpeace.org\/slovakia\/wp-json\/wp\/v2\/media?parent=3968"}],"wp:term":[{"taxonomy":"category","embeddable":true,"href":"https:\/\/www.greenpeace.org\/slovakia\/wp-json\/wp\/v2\/categories?post=3968"},{"taxonomy":"post_tag","embeddable":true,"href":"https:\/\/www.greenpeace.org\/slovakia\/wp-json\/wp\/v2\/tags?post=3968"}],"curies":[{"name":"wp","href":"https:\/\/api.w.org\/{rel}","templated":true}]}}