{"id":413,"date":"2019-02-15T12:38:26","date_gmt":"2019-02-15T11:38:26","guid":{"rendered":"https:\/\/k8s.p4.greenpeace.org\/defaultcontent\/?page_id=413"},"modified":"2026-04-08T10:57:42","modified_gmt":"2026-04-08T08:57:42","slug":"energia","status":"publish","type":"page","link":"https:\/\/www.greenpeace.org\/slovakia\/objavuj\/zmen\/energia\/","title":{"rendered":"#Energia"},"content":{"rendered":"\n                    <div class=\"wp-block-group is-vertical is-layout-flex wp-container-core-group-is-layout-8cf370e7 wp-block-group-is-layout-flex\">\n                    \n                                <p><span data-sheets-value=\"{&quot;1&quot;:2,&quot;2&quot;:&quot;To, z ak\u00fdch zdrojov pou\u017e\u00edvame energiu, je k\u013e\u00fa\u010dov\u00e9 pre rie\u0161enie mnoh\u00fdch probl\u00e9mov \u017eivotn\u00e9ho prostredia. A z\u00e1sadn\u00e9 pre rie\u0161enie klimatickej kr\u00edzy. \u0164a\u017eba a spa\u013eovanie fos\u00edlnych pal\u00edv - ako je ropa, uhlie \u010di zemn\u00fd plyn - je hlavn\u00fdm poh\u00e1\u0148a\u010dom klimatickej zmeny.&quot;}\" data-sheets-userformat=\"{&quot;2&quot;:15105,&quot;3&quot;:{&quot;1&quot;:0},&quot;11&quot;:4,&quot;12&quot;:0,&quot;14&quot;:[null,2,0],&quot;15&quot;:&quot;Arial&quot;,&quot;16&quot;:11}\">To, z ak\u00fdch zdrojov pou\u017e\u00edvame energiu, je k\u013e\u00fa\u010dov\u00e9 pre rie\u0161enie mnoh\u00fdch probl\u00e9mov \u017eivotn\u00e9ho prostredia. A z\u00e1sadn\u00e9 pre rie\u0161enie klimatickej kr\u00edzy. \u0164a\u017eba a spa\u013eovanie fos\u00edlnych pal\u00edv &#8211; ako je ropa, uhlie \u010di zemn\u00fd plyn &#8211; je hlavn\u00fdm poh\u00e1\u0148a\u010dom klimatickej zmeny.<\/span>\r\n<span data-sheets-value=\"{&quot;1&quot;:2,&quot;2&quot;:&quot;Chceme svet, ktor\u00fd je postaven\u00fd na \u0161etrnej a efekt\u00edvnej spotrebe energie, ktor\u00e1 bude z\u00edskavan\u00e1 z obnovite\u013en\u00fdch zdrojov energie oh\u013eadupln\u00fdch k \u017eivotn\u00e9mu prostrediu. M\u00e1me obrovsk\u00e9 mo\u017enosti, ako m\u00f4\u017eeme u\u0161etri\u0165 energiu. Potrebujeme zatepli\u0165 budovy, zni\u017ei\u0165 energetick\u00fa n\u00e1ro\u010dnos\u0165, zav\u00e1dza\u0165 efekt\u00edvnej\u0161ie spotrebi\u010de a ukon\u010di\u0165 plytvanie energiami a pr\u00edrodn\u00fdmi zdrojmi vo v\u0161eobecnosti. Energetick\u00e1 revol\u00facia je mo\u017en\u00e1. Obnovite\u013en\u00e9 zdroje energie s\u00fa jednou z technol\u00f3gii s najr\u00fdchlej\u0161\u00edm v\u00fdvinom. Ich oh\u013eadupln\u00e9 vyu\u017e\u00edvanie n\u00e1m pom\u00f4\u017ee splni\u0165 cie\u013e zn\u00ed\u017eenia emisi\u00ed poh\u00e1\u0148aj\u00facich klimatick\u00fa zmenu.&quot;}\" data-sheets-userformat=\"{&quot;2&quot;:15105,&quot;3&quot;:{&quot;1&quot;:0},&quot;11&quot;:4,&quot;12&quot;:0,&quot;14&quot;:[null,2,0],&quot;15&quot;:&quot;Arial&quot;,&quot;16&quot;:11}\">Chceme svet, ktor\u00fd je postaven\u00fd na \u0161etrnej a efekt\u00edvnej spotrebe energie, ktor\u00e1 bude z\u00edskavan\u00e1 z obnovite\u013en\u00fdch zdrojov energie oh\u013eadupln\u00fdch k \u017eivotn\u00e9mu prostrediu. M\u00e1me obrovsk\u00e9 mo\u017enosti, ako m\u00f4\u017eeme u\u0161etri\u0165 energiu. Potrebujeme zatepli\u0165 budovy, zni\u017ei\u0165 energetick\u00fa n\u00e1ro\u010dnos\u0165, zav\u00e1dza\u0165 efekt\u00edvnej\u0161ie spotrebi\u010de a ukon\u010di\u0165 plytvanie energiami a pr\u00edrodn\u00fdmi zdrojmi vo v\u0161eobecnosti. Energetick\u00e1 revol\u00facia je mo\u017en\u00e1. Obnovite\u013en\u00e9 zdroje energie s\u00fa jednou z technol\u00f3gii s najr\u00fdchlej\u0161\u00edm v\u00fdvinom. Ich oh\u013eadupln\u00e9 vyu\u017e\u00edvanie n\u00e1m pom\u00f4\u017ee splni\u0165 cie\u013e zn\u00ed\u017eenia emisi\u00ed poh\u00e1\u0148aj\u00facich klimatick\u00fa zmenu.<\/span><\/p>\n                            \n\n                    \n                    <\/div>\n                    \n        <div class=\"wp-block-query actions-list p4-query-loop is-custom-layout-actions-list is-custom-layout-grid is-layout-grid wp-container-core-query-is-layout-29f43435 wp-block-query-is-layout-grid\"><h2 class=\"wp-block-heading\"><\/h2>\n        <p style=\"margin-top: 24px; margin-bottom: 32px;\"><\/p>\n        <div class=\"wp-block-query-no-results\">\n        <p >No posts found.<\/p>\n        <\/div>\n        \n        \n<div class=\"wp-block-buttons carousel-controls is-horizontal is-content-justification-space-between is-nowrap is-layout-flex wp-container-core-buttons-is-layout-044bd602 wp-block-buttons-is-layout-flex\">\n            <div class=\"wp-block-button carousel-control-prev\"><button type=\"button\" class=\"wp-block-button__link wp-element-button\">Prev<\/button><\/div>\n        \n\n            <div class=\"wp-block-button carousel-control-next\"><button type=\"button\" class=\"wp-block-button__link wp-element-button\">Next<\/button><\/div>\n        <\/div>\n\n        \n<div class=\"wp-block-buttons load-more-actions-container is-content-justification-center is-layout-flex wp-container-core-buttons-is-layout-16018d1d wp-block-buttons-is-layout-flex\">\n                <div class=\"wp-block-button is-style-secondary\"><button type=\"button\" class=\"wp-block-button__link wp-element-button\">Na\u010d\u00edta\u0165 viac<\/button><\/div>\n            \n<\/div>\n<\/div>\n        \n    <div class=\"wp-block-query posts-list p4-query-loop is-custom-layout-list is-layout-flow wp-block-query-is-layout-flow\">\n        <div class=\"wp-block-group is-content-justification-space-between is-layout-flex wp-container-core-group-is-layout-3d213aab wp-block-group-is-layout-flex\"><h2 class=\"wp-block-heading\">S\u00favisiace \u010dl\u00e1nky<\/h2>\n        <li class=\" wp-block-navigation-item see-all-link wp-block-navigation-link\"><a class=\"wp-block-navigation-item__content\"  href=\"http:\/\/www.greenpeace.org\/slovakia\/news-stories\/?tag=energia\"><span class=\"wp-block-navigation-item__label\">See all stories<\/span><\/a><\/li>\n        \n        <\/div>\n        \n\n    <p style=\"margin-top: 24px; margin-bottom: 36px;\"><\/p>\n\n    \n\n    <ul class=\"wp-block-post-template is-layout-flow wp-block-post-template-is-layout-flow\"><li class=\"wp-block-post post-10184 post type-post status-publish format-standard has-post-thumbnail hentry category-uncategorized tag-klimatickakriza tag-energia tag-energetickespolocenstva p4-page-type-tlacova-sprava\">\n            \n<div class=\"wp-block-columns is-layout-flex wp-container-core-columns-is-layout-9d6595d7 wp-block-columns-is-layout-flex\"><figure class=\"wp-block-post-featured-image\"><a href=\"https:\/\/www.greenpeace.org\/slovakia\/tlacova-sprava\/10184\/zmeny-v-podmienkach-zse-opat-zhorsia-vyuzivanie-fotovoltiky-upozornuje-greenpeace\/\" target=\"_self\"  ><img loading=\"lazy\" decoding=\"async\" width=\"2560\" height=\"1917\" src=\"https:\/\/www.greenpeace.org\/static\/planet4-slovakia-stateless\/2026\/02\/6857c15d-dji_0342-1-scaled.jpg\" class=\"attachment-post-thumbnail size-post-thumbnail wp-post-image wp-stateless-item\" alt=\"Zmeny v podmienkach ZSE op\u00e4\u0165 zhor\u0161ia vyu\u017e\u00edvanie fotovoltiky, upozor\u0148uje Greenpeace\" style=\"object-fit:cover;\" srcset=\"https:\/\/www.greenpeace.org\/static\/planet4-slovakia-stateless\/2026\/02\/6857c15d-dji_0342-1-scaled.jpg 2560w, https:\/\/www.greenpeace.org\/static\/planet4-slovakia-stateless\/2026\/02\/6857c15d-dji_0342-1-300x225.jpg 300w, https:\/\/www.greenpeace.org\/static\/planet4-slovakia-stateless\/2026\/02\/6857c15d-dji_0342-1-1024x767.jpg 1024w, https:\/\/www.greenpeace.org\/static\/planet4-slovakia-stateless\/2026\/02\/6857c15d-dji_0342-1-768x575.jpg 768w, https:\/\/www.greenpeace.org\/static\/planet4-slovakia-stateless\/2026\/02\/6857c15d-dji_0342-1-1536x1150.jpg 1536w, https:\/\/www.greenpeace.org\/static\/planet4-slovakia-stateless\/2026\/02\/6857c15d-dji_0342-1-2048x1534.jpg 2048w, https:\/\/www.greenpeace.org\/static\/planet4-slovakia-stateless\/2026\/02\/6857c15d-dji_0342-1-1824x1366.jpg 1824w, https:\/\/www.greenpeace.org\/static\/planet4-slovakia-stateless\/2026\/02\/6857c15d-dji_0342-1-454x340.jpg 454w\" sizes=\"auto, (max-width: 2560px) 100vw, 2560px\" data-image-size=\"post-thumbnail\" data-stateless-media-bucket=\"planet4-slovakia-stateless\" data-stateless-media-name=\"2026\/02\/6857c15d-dji_0342-1-scaled.jpg\" \/><\/a><\/figure>\n\n        <div class=\"wp-block-group is-layout-flow wp-block-group-is-layout-flow\">\n                <div class=\"wp-block-group is-layout-flex wp-block-group-is-layout-flex\"><div class=\"wp-block-post-terms\"><a href=\"https:\/\/www.greenpeace.org\/slovakia\/category\/uncategorized\/\">Uncategorized<\/a><\/div>\n                <div class=\"taxonomy-post_tag wp-block-post-terms\"><a href=\"https:\/\/www.greenpeace.org\/slovakia\/tag\/klimatickakriza\/\" rel=\"tag\">Klimatick\u00e1Kr\u00edza<\/a><span class=\"wp-block-post-terms__separator\"> <\/span><a href=\"https:\/\/www.greenpeace.org\/slovakia\/tag\/energia\/\" rel=\"tag\">Energia<\/a><span class=\"wp-block-post-terms__separator\"> <\/span><a href=\"https:\/\/www.greenpeace.org\/slovakia\/tag\/energetickespolocenstva\/\" rel=\"tag\">Energetick\u00e9 spolo\u010denstv\u00e1<\/a><\/div>\n                \n                <\/div>\n                \n        <h3 class=\"wp-block-post-title\"><a href=\"https:\/\/www.greenpeace.org\/slovakia\/tlacova-sprava\/10184\/zmeny-v-podmienkach-zse-opat-zhorsia-vyuzivanie-fotovoltiky-upozornuje-greenpeace\/\" target=\"_self\" >Zmeny v podmienkach ZSE op\u00e4\u0165 zhor\u0161ia vyu\u017e\u00edvanie fotovoltiky, upozor\u0148uje Greenpeace<\/a><\/h3>\n        <div class=\"wp-block-post-excerpt\"><p class=\"wp-block-post-excerpt__excerpt\">Spolo\u010dnos\u0165 ZSE op\u00e4\u0165 men\u00ed podmienky pre majite\u013eov fotovoltick\u00fdch zariaden\u00ed, pri\u010dom najnov\u0161ie opatrenia znev\u00fdhodnia vyu\u017e\u00edvanie tzv. virtu\u00e1lnej bat\u00e9rie pri nab\u00edjan\u00ed elektromobilov. Upozor\u0148uje na to Greenpeace Slovensko. <\/p><\/div>\n        \n        <div class=\"wp-block-group posts-list-meta is-layout-flow wp-block-group-is-layout-flow\"><span class='article-list-item-author'>Mirka \u00c1belov\u00e1<\/span>\n        <div class=\"wp-block-post-date\"><time datetime=\"2026-03-17T13:59:22+01:00\">17 marca, 2026<\/time><\/div>\n        \n        <\/div>\n        <\/div>\n        <\/div>\n\n            <\/li><li class=\"wp-block-post post-10025 post type-post status-publish format-standard has-post-thumbnail hentry category-energeticke-spolocenstva tag-klimatickakriza tag-energia tag-spotreba tag-energetickespolocenstva p4-page-type-tlacova-sprava\">\n            \n<div class=\"wp-block-columns is-layout-flex wp-container-core-columns-is-layout-9d6595d7 wp-block-columns-is-layout-flex\"><figure class=\"wp-block-post-featured-image\"><a href=\"https:\/\/www.greenpeace.org\/slovakia\/tlacova-sprava\/10025\/energeticke-spolocenstva-mozu-obciam-a-mestam-pomoct-usetrit-financie-zhoduju-sa-starostovia-obci-lozorno-a-modrovka\/\" target=\"_self\"  ><img loading=\"lazy\" decoding=\"async\" width=\"1920\" height=\"2560\" src=\"https:\/\/www.greenpeace.org\/static\/planet4-slovakia-stateless\/2025\/09\/2ae38c9f-img_4038-scaled.jpg\" class=\"attachment-post-thumbnail size-post-thumbnail wp-post-image wp-stateless-item\" alt=\"Energetick\u00e9 spolo\u010denstv\u00e1 m\u00f4\u017eu obciam a mest\u00e1m pom\u00f4c\u0165 u\u0161etri\u0165 financie &#8211; zhoduj\u00fa sa starostovia obc\u00ed Lozorno a Modrovka\" style=\"object-fit:cover;\" srcset=\"https:\/\/www.greenpeace.org\/static\/planet4-slovakia-stateless\/2025\/09\/2ae38c9f-img_4038-scaled.jpg 1920w, https:\/\/www.greenpeace.org\/static\/planet4-slovakia-stateless\/2025\/09\/2ae38c9f-img_4038-225x300.jpg 225w, https:\/\/www.greenpeace.org\/static\/planet4-slovakia-stateless\/2025\/09\/2ae38c9f-img_4038-768x1024.jpg 768w, https:\/\/www.greenpeace.org\/static\/planet4-slovakia-stateless\/2025\/09\/2ae38c9f-img_4038-1152x1536.jpg 1152w, https:\/\/www.greenpeace.org\/static\/planet4-slovakia-stateless\/2025\/09\/2ae38c9f-img_4038-1536x2048.jpg 1536w, https:\/\/www.greenpeace.org\/static\/planet4-slovakia-stateless\/2025\/09\/2ae38c9f-img_4038-1025x1366.jpg 1025w, https:\/\/www.greenpeace.org\/static\/planet4-slovakia-stateless\/2025\/09\/2ae38c9f-img_4038-255x340.jpg 255w\" sizes=\"auto, (max-width: 1920px) 100vw, 1920px\" data-image-size=\"post-thumbnail\" data-stateless-media-bucket=\"planet4-slovakia-stateless\" data-stateless-media-name=\"2025\/09\/2ae38c9f-img_4038-scaled.jpg\" \/><\/a><\/figure>\n\n        <div class=\"wp-block-group is-layout-flow wp-block-group-is-layout-flow\">\n                <div class=\"wp-block-group is-layout-flex wp-block-group-is-layout-flex\"><div class=\"wp-block-post-terms\"><a href=\"https:\/\/www.greenpeace.org\/slovakia\/category\/issues\/energeticke-spolocenstva\/\">Energetick\u00e9 spolo\u010denstv\u00e1<\/a><\/div>\n                <div class=\"taxonomy-post_tag wp-block-post-terms\"><a href=\"https:\/\/www.greenpeace.org\/slovakia\/tag\/klimatickakriza\/\" rel=\"tag\">Klimatick\u00e1Kr\u00edza<\/a><span class=\"wp-block-post-terms__separator\"> <\/span><a href=\"https:\/\/www.greenpeace.org\/slovakia\/tag\/energia\/\" rel=\"tag\">Energia<\/a><span class=\"wp-block-post-terms__separator\"> <\/span><a href=\"https:\/\/www.greenpeace.org\/slovakia\/tag\/spotreba\/\" rel=\"tag\">Spotreba<\/a><span class=\"wp-block-post-terms__separator\"> <\/span><a href=\"https:\/\/www.greenpeace.org\/slovakia\/tag\/energetickespolocenstva\/\" rel=\"tag\">Energetick\u00e9 spolo\u010denstv\u00e1<\/a><\/div>\n                \n                <\/div>\n                \n        <h3 class=\"wp-block-post-title\"><a href=\"https:\/\/www.greenpeace.org\/slovakia\/tlacova-sprava\/10025\/energeticke-spolocenstva-mozu-obciam-a-mestam-pomoct-usetrit-financie-zhoduju-sa-starostovia-obci-lozorno-a-modrovka\/\" target=\"_self\" >Energetick\u00e9 spolo\u010denstv\u00e1 m\u00f4\u017eu obciam a mest\u00e1m pom\u00f4c\u0165 u\u0161etri\u0165 financie &#8211; zhoduj\u00fa sa starostovia obc\u00ed Lozorno a Modrovka<\/a><\/h3>\n        <div class=\"wp-block-post-excerpt\"><p class=\"wp-block-post-excerpt__excerpt\">V s\u00fa\u010dasnosti zdie\u013ea na Slovensku elektrick\u00fa energiu viac ako 2600 odberate\u013eov, ktor\u00ed od za\u010diatku roka vyzdie\u013eali 2,5-kr\u00e1t viac elektriny ne\u017e v minulom roku. K tomuto trendu sa prid\u00e1vaj\u00fa aj slovensk\u00e9&hellip; <\/p><\/div>\n        \n        <div class=\"wp-block-group posts-list-meta is-layout-flow wp-block-group-is-layout-flow\"><span class='article-list-item-author'>Mirka \u00c1belov\u00e1<\/span>\n        <div class=\"wp-block-post-date\"><time datetime=\"2025-09-16T15:32:34+02:00\">16 septembra, 2025<\/time><\/div>\n        \n        <\/div>\n        <\/div>\n        <\/div>\n\n            <\/li><li class=\"wp-block-post post-9833 post type-post status-publish format-standard has-post-thumbnail hentry category-chran category-energeticke-spolocenstva category-zmen tag-energia tag-energetickespolocenstva tag-klimatickakriza tag-oceany tag-lesy tag-plasty tag-spotreba p4-page-type-tlacova-sprava\">\n            \n<div class=\"wp-block-columns is-layout-flex wp-container-core-columns-is-layout-9d6595d7 wp-block-columns-is-layout-flex\"><figure class=\"wp-block-post-featured-image\"><a href=\"https:\/\/www.greenpeace.org\/slovakia\/tlacova-sprava\/9833\/nove-znepokojujuce-varovanie-na-udrzanie-oteplenia-o-15-c-svetu-podla-vedcov-zostavaju-tri-roky\/\" target=\"_self\"  ><img loading=\"lazy\" decoding=\"async\" width=\"1080\" height=\"1350\" src=\"https:\/\/www.greenpeace.org\/static\/planet4-slovakia-stateless\/2025\/06\/d0c21f47-3-roky-na-zachranu-15-\u00b0c.png\" class=\"attachment-post-thumbnail size-post-thumbnail wp-post-image wp-stateless-item\" alt=\"Nov\u00e9 znepokojuj\u00face varovanie: na udr\u017eanie oteplenia o 1,5 \u00b0C svetu pod\u013ea vedcov zost\u00e1vaj\u00fa tri roky\" style=\"object-fit:cover;\" srcset=\"https:\/\/www.greenpeace.org\/static\/planet4-slovakia-stateless\/2025\/06\/d0c21f47-3-roky-na-zachranu-15-\u00b0c.png 1080w, https:\/\/www.greenpeace.org\/static\/planet4-slovakia-stateless\/2025\/06\/d0c21f47-3-roky-na-zachranu-15-\u00b0c-240x300.png 240w, https:\/\/www.greenpeace.org\/static\/planet4-slovakia-stateless\/2025\/06\/d0c21f47-3-roky-na-zachranu-15-\u00b0c-819x1024.png 819w, https:\/\/www.greenpeace.org\/static\/planet4-slovakia-stateless\/2025\/06\/d0c21f47-3-roky-na-zachranu-15-\u00b0c-768x960.png 768w, https:\/\/www.greenpeace.org\/static\/planet4-slovakia-stateless\/2025\/06\/d0c21f47-3-roky-na-zachranu-15-\u00b0c-272x340.png 272w\" sizes=\"auto, (max-width: 1080px) 100vw, 1080px\" data-image-size=\"post-thumbnail\" data-stateless-media-bucket=\"planet4-slovakia-stateless\" data-stateless-media-name=\"2025\/06\/d0c21f47-3-roky-na-zachranu-15-\u00b0c.png\" \/><\/a><\/figure>\n\n        <div class=\"wp-block-group is-layout-flow wp-block-group-is-layout-flow\">\n                <div class=\"wp-block-group is-layout-flex wp-block-group-is-layout-flex\"><div class=\"wp-block-post-terms\"><a href=\"https:\/\/www.greenpeace.org\/slovakia\/category\/issues\/chran\/\">Chr\u00e1\u0148<\/a><\/div>\n                <div class=\"taxonomy-post_tag wp-block-post-terms\"><a href=\"https:\/\/www.greenpeace.org\/slovakia\/tag\/energia\/\" rel=\"tag\">Energia<\/a><span class=\"wp-block-post-terms__separator\"> <\/span><a href=\"https:\/\/www.greenpeace.org\/slovakia\/tag\/energetickespolocenstva\/\" rel=\"tag\">Energetick\u00e9 spolo\u010denstv\u00e1<\/a><span class=\"wp-block-post-terms__separator\"> <\/span><a href=\"https:\/\/www.greenpeace.org\/slovakia\/tag\/klimatickakriza\/\" rel=\"tag\">Klimatick\u00e1Kr\u00edza<\/a><span class=\"wp-block-post-terms__separator\"> <\/span><a href=\"https:\/\/www.greenpeace.org\/slovakia\/tag\/oceany\/\" rel=\"tag\">Oce\u00e1ny<\/a><span class=\"wp-block-post-terms__separator\"> <\/span><a href=\"https:\/\/www.greenpeace.org\/slovakia\/tag\/lesy\/\" rel=\"tag\">Lesy<\/a><span class=\"wp-block-post-terms__separator\"> <\/span><a href=\"https:\/\/www.greenpeace.org\/slovakia\/tag\/plasty\/\" rel=\"tag\">Plasty<\/a><span class=\"wp-block-post-terms__separator\"> <\/span><a href=\"https:\/\/www.greenpeace.org\/slovakia\/tag\/spotreba\/\" rel=\"tag\">Spotreba<\/a><\/div>\n                \n                <\/div>\n                \n        <h3 class=\"wp-block-post-title\"><a href=\"https:\/\/www.greenpeace.org\/slovakia\/tlacova-sprava\/9833\/nove-znepokojujuce-varovanie-na-udrzanie-oteplenia-o-15-c-svetu-podla-vedcov-zostavaju-tri-roky\/\" target=\"_self\" >Nov\u00e9 znepokojuj\u00face varovanie: na udr\u017eanie oteplenia o 1,5 \u00b0C svetu pod\u013ea vedcov zost\u00e1vaj\u00fa tri roky<\/a><\/h3>\n        <div class=\"wp-block-post-excerpt\"><p class=\"wp-block-post-excerpt__excerpt\">Pod\u013ea nov\u00fdch vedeck\u00fdch \u00fadajov n\u00e1m zost\u00e1vaj\u00fa len tri roky na to, aby sme udr\u017eali cie\u013e Par\u00ed\u017eskej dohody o obmedzen\u00ed glob\u00e1lneho otep\u013eovania na 1,5 \u00b0C. V\u0161etky krajiny sveta, vr\u00e1tane Slovenska, musia&hellip; <\/p><\/div>\n        \n        <div class=\"wp-block-group posts-list-meta is-layout-flow wp-block-group-is-layout-flow\"><span class='article-list-item-author'>Mirka \u00c1belov\u00e1<\/span>\n        <div class=\"wp-block-post-date\"><time datetime=\"2025-06-20T11:43:18+02:00\">20 j\u00fana, 2025<\/time><\/div>\n        \n        <\/div>\n        <\/div>\n        <\/div>\n\n            <\/li><\/ul>\n\n    \n<div class=\"wp-block-buttons carousel-controls is-horizontal is-content-justification-space-between is-nowrap is-layout-flex wp-container-core-buttons-is-layout-044bd602 wp-block-buttons-is-layout-flex\">\n            <div class=\"wp-block-button carousel-control-prev\"><button type=\"button\" class=\"wp-block-button__link wp-element-button\">Prev<\/button><\/div>\n        \n\n            <div class=\"wp-block-button carousel-control-next\"><button type=\"button\" class=\"wp-block-button__link wp-element-button\">Next<\/button><\/div>\n        <\/div>\n\n\n    <li class=\" wp-block-navigation-item see-all-link wp-block-navigation-link\"><a class=\"wp-block-navigation-item__content\"  href=\"http:\/\/www.greenpeace.org\/slovakia\/news-stories\/?tag=energia\"><span class=\"wp-block-navigation-item__label\">See all stories<\/span><\/a><\/li><\/div>\n    <div data-render=\"planet4-blocks\/happypoint\" data-attributes=\"{&quot;attributes&quot;:{&quot;opacity&quot;:30,&quot;override_default_content&quot;:false,&quot;local_content_provider&quot;:&quot;none&quot;}}\"><\/div>","protected":false},"excerpt":{"rendered":"<p>To, z ak\u00fdch zdrojov pou\u017e\u00edvame energiu, je k\u013e\u00fa\u010dov\u00e9 pre rie\u0161enie mnoh\u00fdch probl\u00e9mov \u017eivotn\u00e9ho prostredia. A z\u00e1sadn\u00e9 pre rie\u0161enie klimatickej kr\u00edzy. <\/p>\n","protected":false},"author":5,"featured_media":904,"parent":54,"menu_order":0,"comment_status":"closed","ping_status":"closed","template":"","meta":{"ep_exclude_from_search":false,"p4_hide_page_title_checkbox":"","p4_title":"","p4_subtitle":"","p4_description":"","background_image_id":"","background_image":"","p4_button_title":"","p4_button_link":"","p4_button_link_checkbox":"","p4_og_title":"","p4_og_description":"","p4_og_image":"","p4_og_image_id":"","p4_seo_canonical_url":"","p4_campaign_name":"not set","p4_local_project":"","p4_basket_name":"not set","p4_department":"","footnotes":""},"categories":[3],"tags":[18],"class_list":["post-413","page","type-page","status-publish","has-post-thumbnail","hentry","category-zmen","tag-energia"],"_links":{"self":[{"href":"https:\/\/www.greenpeace.org\/slovakia\/wp-json\/wp\/v2\/pages\/413","targetHints":{"allow":["GET"]}}],"collection":[{"href":"https:\/\/www.greenpeace.org\/slovakia\/wp-json\/wp\/v2\/pages"}],"about":[{"href":"https:\/\/www.greenpeace.org\/slovakia\/wp-json\/wp\/v2\/types\/page"}],"author":[{"embeddable":true,"href":"https:\/\/www.greenpeace.org\/slovakia\/wp-json\/wp\/v2\/users\/5"}],"replies":[{"embeddable":true,"href":"https:\/\/www.greenpeace.org\/slovakia\/wp-json\/wp\/v2\/comments?post=413"}],"version-history":[{"count":19,"href":"https:\/\/www.greenpeace.org\/slovakia\/wp-json\/wp\/v2\/pages\/413\/revisions"}],"predecessor-version":[{"id":10203,"href":"https:\/\/www.greenpeace.org\/slovakia\/wp-json\/wp\/v2\/pages\/413\/revisions\/10203"}],"up":[{"embeddable":true,"href":"https:\/\/www.greenpeace.org\/slovakia\/wp-json\/wp\/v2\/pages\/54"}],"wp:featuredmedia":[{"embeddable":true,"href":"https:\/\/www.greenpeace.org\/slovakia\/wp-json\/wp\/v2\/media\/904"}],"wp:attachment":[{"href":"https:\/\/www.greenpeace.org\/slovakia\/wp-json\/wp\/v2\/media?parent=413"}],"wp:term":[{"taxonomy":"category","embeddable":true,"href":"https:\/\/www.greenpeace.org\/slovakia\/wp-json\/wp\/v2\/categories?post=413"},{"taxonomy":"post_tag","embeddable":true,"href":"https:\/\/www.greenpeace.org\/slovakia\/wp-json\/wp\/v2\/tags?post=413"}],"curies":[{"name":"wp","href":"https:\/\/api.w.org\/{rel}","templated":true}]}}