{"id":4146,"date":"2021-06-01T14:28:51","date_gmt":"2021-06-01T12:28:51","guid":{"rendered":"https:\/\/www.greenpeace.org\/slovakia\/?page_id=4146"},"modified":"2025-07-02T09:22:58","modified_gmt":"2025-07-02T07:22:58","slug":"fakt-nie-lng","status":"publish","type":"page","link":"https:\/\/www.greenpeace.org\/slovakia\/fakt-nie-lng\/","title":{"rendered":"Na kr\u00e1snom modrom Dunaji&#8230; fakt nechceme LNG"},"content":{"rendered":"\n<div class=\"wp-block-group is-vertical is-layout-flex wp-container-core-group-is-layout-8cf370e7 wp-block-group-is-layout-flex\"><\/div>\n\n<h3 class=\"wp-block-heading has-action-yellow-background-color has-background has-medium-font-size\"><strong>Povedz svoje NIE pl\u00e1novanej v\u00fdstavbe LNG termin\u00e1lu v Bratislave!<\/strong><\/h3>\n<div data-render=\"planet4-blocks\/submenu\" data-attributes=\"{&quot;attributes&quot;:{&quot;levels&quot;:[{&quot;heading&quot;:2,&quot;link&quot;:true,&quot;style&quot;:&quot;bullet&quot;}],&quot;className&quot;:&quot;is-style-sidebar&quot;,&quot;title&quot;:&quot;&quot;,&quot;submenu_style&quot;:0}}\"><\/div>\n<figure class=\"wp-block-embed is-type-video is-provider-youtube wp-block-embed-youtube wp-embed-aspect-16-9 wp-has-aspect-ratio\"><div class=\"wp-block-embed__wrapper\">\n<lite-youtube style=\"background-image: url('https:\/\/i.ytimg.com\/vi\/J1X2ST0Q6KY\/hqdefault.jpg');\" videoid=\"J1X2ST0Q6KY\" params=\"rel=0\"><\/lite-youtube>\n<\/div><\/figure>\n\n<h2 class=\"wp-block-heading\"><strong>LNG termin\u00e1l na Dunaji v Bratislave?! Zl\u00fd vtip? Bohu\u017eia\u013e nie!&nbsp;<\/strong><\/h2>\n\n<p>V bratislavskom pr\u00edstave, priamo na kr\u00e1snom modrom Dunaji<strong> m\u00e1 vyr\u00e1s\u0165 termin\u00e1l na skvapalnen\u00fd zemn\u00fd plyn (LNG)<\/strong>. V bl\u00edzkosti centra. Len k\u00fasok od ob\u013e\u00fabenej cyklohr\u00e1dze, z\u00e1hradk\u00e1rskej oblasti a promen\u00e1dy. V \u010dase, kedy poci\u0165ujeme klimatick\u00fa kr\u00edzu ka\u017ed\u00fdm d\u0148om viac a viac. <strong>Pr\u00edde ti to rovnako absurdn\u00e9, ako n\u00e1m?<\/strong><\/p>\n\n<div class=\"wp-block-buttons is-horizontal is-content-justification-center is-layout-flex wp-container-core-buttons-is-layout-499968f5 wp-block-buttons-is-layout-flex\">\n<div class=\"wp-block-button is-style-cta\"><a class=\"wp-block-button__link wp-element-button\" href=\"https:\/\/www.mojapeticia.sk\/campaign\/verejna-vyzva-proti-vystavbe-lng-terminalu-v-bratislave\/ff9b6690-1556-454b-bc3e-432919cadaf2\"><strong>Podp\u00ed\u0161 verejn\u00fa v\u00fdzvu proti LNG termin\u00e1lu<\/strong>  \ud83d\udce5<\/a><\/div>\n<\/div>\n\n<p>Ak\u00e1ko\u013evek <strong>nov\u00e1 invest\u00edcia do fos\u00edlnych pal\u00edv je nepr\u00edpustn\u00e1<\/strong>. Teraz mus\u00ed by\u0165 na\u0161im cie\u013eom rie\u0161i\u0165 klimatick\u00fa kr\u00edzu, aby sme sa vyhli jej najhor\u0161\u00edm dopadom, nie roz\u0161irova\u0165 zbyto\u010dn\u00fa fos\u00edlnu infra\u0161trukt\u00faru na Slovensku. <a href=\"https:\/\/www.greenpeace.org\/slovakia\/publikacia\/1321\/dopady-klimatickej-krizy-na-slovensko-publikacia\/\">Miestami a\u017e 50 % zn\u00ed\u017eenie vodn\u00fdch zdrojov, nieko\u013ekoro\u010dn\u00e9 devastuj\u00face such\u00e1, \u010di \u010doraz intenz\u00edvnej\u0161ie pr\u00edvalov\u00e9 da\u017ede<\/a> &#8211; <strong>to v\u0161etko n\u00e1s \u010dak\u00e1, ak nebudeme kona\u0165 a ihne\u010f ned\u00e1me ruky pre\u010d od fos\u00edlnych pal\u00edv.<\/strong><\/p>\n\n<p>Navrhovan\u00fd LNG termin\u00e1l na fos\u00edlny plyn je teda <strong>presn\u00fd opak toho, \u010do potrebujeme<\/strong>. S predpokladanou \u017eivotnos\u0165ou 20 a\u017e 40 rokov by n\u00e1s prip\u00fatal k fos\u00edlnym paliv\u00e1m na desiatky rokov a to e\u0161te dlho potom, \u010do m\u00e1me dosiahnu\u0165 uhl\u00edkov\u00fa neutralitu v roku 2050. Ak sa chce\u0161 dozvedie\u0165 pravdu o fos\u00edlnom plyne a LNG, pokra\u010duj v \u010d\u00edtan\u00ed. \ud83d\udc47<\/p>\n\n<h2 class=\"wp-block-heading\"><strong>Fos\u00edlny plyn ako \u010dist\u00e1 a zelen\u00e1 energia?&nbsp;5 d\u00f4vodov, pre\u010do ani n\u00e1hodou!<\/strong><\/h2>\n\n<p>Fos\u00edlny plyn rozhodne nie je ani \u010dist\u00e9, ani zelen\u00e9 a u\u017e v\u00f4bec nie prechodov\u00e9 palivo. Pre\u010do?<\/p>\n\n<p>1. Napriek mnoh\u00fdm snah\u00e1m presved\u010di\u0165 n\u00e1s o jeho v\u00fdhod\u00e1ch, je zemn\u00fd plyn fos\u00edlne palivo, ktor\u00e9 je z klimatick\u00e9ho h\u013eadiska porovnate\u013ene \u0161kodliv\u00e9 ako uhlie. <strong>Zemn\u00fd plyn tvor\u00ed z 80 % met\u00e1n, sklen\u00edkov\u00fd plyn, ktor\u00fd m\u00e1 v rozmedz\u00ed 20 rokov a\u017e 82.5-kr\u00e1t vy\u0161\u0161\u00ed potenci\u00e1l glob\u00e1lneho otep\u013eovania ako oxid uhli\u010dit\u00fd (CO2)<\/strong>. Pod\u013ea<a href=\"https:\/\/www.unep.org\/news-and-stories\/press-release\/global-assessment-urgent-steps-must-be-taken-reduce-methane\"> najnov\u0161ej \u0161t\u00fadie OSN<\/a> je na dosiahnutie klimatick\u00fdch cie\u013eov k\u013e\u00fa\u010dov\u00e9 radik\u00e1lne zn\u00ed\u017ei\u0165 emisie met\u00e1nu.<\/p>\n\n<p>2. Atmosferick\u00e1 koncentr\u00e1cia met\u00e1nu dnes<a href=\"https:\/\/wedocs.unep.org\/bitstream\/handle\/20.500.11822\/35917\/GMA_ES.pdf\"> rastie najr\u00fdchlej\u0161ie od roku 1980<\/a> a <strong>s\u00fa\u010dasn\u00e9 mno\u017estv\u00e1 s\u00fa cestou k otepleniu o viac ako 2 \u00b0C<\/strong>.<\/p>\n\n<p>3. Obmedzenie \u0165a\u017eby plynu, a teda zn\u00ed\u017eenie emisi\u00ed met\u00e1nu je jedn\u00fdm z najefekt\u00edvnej\u0161\u00edch rie\u0161en\u00ed klimatickej kr\u00edzy. Spom\u00ednan\u00e1<a href=\"https:\/\/www.unep.org\/news-and-stories\/press-release\/global-assessment-urgent-steps-must-be-taken-reduce-methane\"> \u0161t\u00fadia<\/a> OSN poukazuje na to, \u017ee kv\u00f4li kr\u00e1tkej \u017eivotnosti met\u00e1nu v atmosf\u00e9re, m\u00e1 <strong>zni\u017eovanie jeho emisi\u00ed obrovsk\u00fd potenci\u00e1l zmierni\u0165 klimatick\u00fa kr\u00edzu<\/strong>. Ak by sa n\u00e1m podarilo v\u00fdrazne zn\u00ed\u017ei\u0165 emisie met\u00e1nu do roku 2030, mohli by sme ro\u010dne pred\u00eds\u0165 a\u017e 255 000 pred\u010dasn\u00fdm \u00famrtiam spojen\u00fdch s klimatickou kr\u00edzou a strate a\u017e 26 mili\u00f3nov ton plod\u00edn.<\/p>\n\n<p>4. Pod\u013ea vedeck\u00fdch odpor\u00fa\u010dan\u00ed na to, aby sme<a href=\"https:\/\/www.pac-scenarios.eu\/scenario-development.html?L=#Chapter2:EnergySupply\"> dosiahli ciele Par\u00ed\u017eskej dohody<\/a> a udr\u017eali glob\u00e1lne oteplenie pod 1,5 \u00b0C <strong>mus\u00edme dosiahnu\u0165<\/strong><a href=\"https:\/\/caneurope.org\/content\/uploads\/2020\/01\/2020-CAN-gas-PP.pdf\"><strong> \u00fatlm vyu\u017e\u00edvania fos\u00edlneho plynu do roku 2035<\/strong><\/a>. Tu naozaj nie je \u010do doda\u0165.&nbsp;<\/p>\n\n<p>5. <strong><strong>M\u00e1me lep\u0161ie a udr\u017eate\u013enej\u0161ie alternat\u00edvy<\/strong>. <\/strong>Zatia\u013e, \u010do v minulosti boli n\u00e1klady na obnovite\u013en\u00e9 zdroje energie prek\u00e1\u017ekou<strong>,<a href=\"https:\/\/priceofoil.org\/content\/uploads\/2019\/05\/gasBridgeMyth_web-FINAL.pdf\"><strong> dnes s\u00fa vietor a slnko najlacnej\u0161\u00edmi formami dod\u00e1vok energie na v\u00e4\u010d\u0161ine ve\u013ek\u00fdch trhov<\/strong>.<\/a><\/strong><\/p>\n<div data-hydrate=\"planet4-blocks\/gallery\" data-attributes=\"{&quot;attributes&quot;:{&quot;multiple_image&quot;:&quot;4787,4789,4796,4797&quot;,&quot;gallery_block_focus_points&quot;:&quot;{\\&quot;4787\\&quot;:\\&quot;48% 13%\\&quot;,\\&quot;4789\\&quot;:\\&quot;55% 7%\\&quot;,\\&quot;4796\\&quot;:\\&quot;53% 8%\\&quot;,\\&quot;4797\\&quot;:\\&quot;50% 50%\\&quot;}&quot;,&quot;image_data&quot;:[{&quot;url&quot;:&quot;https:\\\/\\\/www.greenpeace.org\\\/static\\\/planet4-slovakia-stateless\\\/2022\\\/04\\\/7ba7424f-gp-zeleny-plyn_square_2.jpg&quot;,&quot;focalPoint&quot;:{&quot;x&quot;:&quot;0.48&quot;,&quot;y&quot;:&quot;0.13&quot;},&quot;id&quot;:4787},{&quot;url&quot;:&quot;https:\\\/\\\/www.greenpeace.org\\\/static\\\/planet4-slovakia-stateless\\\/2022\\\/04\\\/4f07a39a-gp-zeleny-plyn_square_4.jpg&quot;,&quot;focalPoint&quot;:{&quot;x&quot;:&quot;0.55&quot;,&quot;y&quot;:&quot;0.07&quot;},&quot;id&quot;:4789},{&quot;url&quot;:&quot;https:\\\/\\\/www.greenpeace.org\\\/static\\\/planet4-slovakia-stateless\\\/2022\\\/04\\\/e284d5ae-gp-zeleny-plyn_square_1-copy-new.png&quot;,&quot;focalPoint&quot;:{&quot;x&quot;:&quot;0.53&quot;,&quot;y&quot;:&quot;0.08&quot;},&quot;id&quot;:4796},{&quot;url&quot;:&quot;https:\\\/\\\/www.greenpeace.org\\\/static\\\/planet4-slovakia-stateless\\\/2022\\\/04\\\/5c2f234f-gp-zeleny-plyn_square_3-copy-new.png&quot;,&quot;focalPoint&quot;:{&quot;x&quot;:0.5,&quot;y&quot;:0.5},&quot;id&quot;:4797}],&quot;className&quot;:&quot;is-style-grid&quot;,&quot;gallery_block_style&quot;:0,&quot;gallery_block_title&quot;:&quot;&quot;,&quot;gallery_block_description&quot;:&quot;&quot;,&quot;images&quot;:[{&quot;image_src&quot;:&quot;https:\\\/\\\/www.greenpeace.org\\\/static\\\/planet4-slovakia-stateless\\\/2022\\\/04\\\/7ba7424f-gp-zeleny-plyn_square_2.jpg&quot;,&quot;image_srcset&quot;:&quot;https:\\\/\\\/www.greenpeace.org\\\/static\\\/planet4-slovakia-stateless\\\/2022\\\/04\\\/7ba7424f-gp-zeleny-plyn_square_2.jpg 1500w, https:\\\/\\\/www.greenpeace.org\\\/static\\\/planet4-slovakia-stateless\\\/2022\\\/04\\\/7ba7424f-gp-zeleny-plyn_square_2-300x300.jpg 300w, https:\\\/\\\/www.greenpeace.org\\\/static\\\/planet4-slovakia-stateless\\\/2022\\\/04\\\/7ba7424f-gp-zeleny-plyn_square_2-1024x1024.jpg 1024w, https:\\\/\\\/www.greenpeace.org\\\/static\\\/planet4-slovakia-stateless\\\/2022\\\/04\\\/7ba7424f-gp-zeleny-plyn_square_2-150x150.jpg 150w, https:\\\/\\\/www.greenpeace.org\\\/static\\\/planet4-slovakia-stateless\\\/2022\\\/04\\\/7ba7424f-gp-zeleny-plyn_square_2-768x768.jpg 768w, https:\\\/\\\/www.greenpeace.org\\\/static\\\/planet4-slovakia-stateless\\\/2022\\\/04\\\/7ba7424f-gp-zeleny-plyn_square_2-1366x1366.jpg 1366w, https:\\\/\\\/www.greenpeace.org\\\/static\\\/planet4-slovakia-stateless\\\/2022\\\/04\\\/7ba7424f-gp-zeleny-plyn_square_2-340x340.jpg 340w&quot;,&quot;image_sizes&quot;:false,&quot;alt_text&quot;:&quot;&quot;,&quot;caption&quot;:&quot;\\u00a0V spolupr\\u00e1ci s Hammer Agency sme vytvorili s\\u00e9riu vizu\\u00e1lov proti fos\\u00edlnemu plynu, ktor\\u00e9 reaguj\\u00fa na greewashing plyn\\u00e1rensk\\u00e9ho priemyslu.&quot;,&quot;focus_image&quot;:&quot;48% 13%&quot;,&quot;credits&quot;:&quot;&quot;},{&quot;image_src&quot;:&quot;https:\\\/\\\/www.greenpeace.org\\\/static\\\/planet4-slovakia-stateless\\\/2022\\\/04\\\/4f07a39a-gp-zeleny-plyn_square_4.jpg&quot;,&quot;image_srcset&quot;:&quot;https:\\\/\\\/www.greenpeace.org\\\/static\\\/planet4-slovakia-stateless\\\/2022\\\/04\\\/4f07a39a-gp-zeleny-plyn_square_4.jpg 1500w, https:\\\/\\\/www.greenpeace.org\\\/static\\\/planet4-slovakia-stateless\\\/2022\\\/04\\\/4f07a39a-gp-zeleny-plyn_square_4-300x300.jpg 300w, https:\\\/\\\/www.greenpeace.org\\\/static\\\/planet4-slovakia-stateless\\\/2022\\\/04\\\/4f07a39a-gp-zeleny-plyn_square_4-1024x1024.jpg 1024w, https:\\\/\\\/www.greenpeace.org\\\/static\\\/planet4-slovakia-stateless\\\/2022\\\/04\\\/4f07a39a-gp-zeleny-plyn_square_4-150x150.jpg 150w, https:\\\/\\\/www.greenpeace.org\\\/static\\\/planet4-slovakia-stateless\\\/2022\\\/04\\\/4f07a39a-gp-zeleny-plyn_square_4-768x768.jpg 768w, https:\\\/\\\/www.greenpeace.org\\\/static\\\/planet4-slovakia-stateless\\\/2022\\\/04\\\/4f07a39a-gp-zeleny-plyn_square_4-1366x1366.jpg 1366w, https:\\\/\\\/www.greenpeace.org\\\/static\\\/planet4-slovakia-stateless\\\/2022\\\/04\\\/4f07a39a-gp-zeleny-plyn_square_4-340x340.jpg 340w&quot;,&quot;image_sizes&quot;:false,&quot;alt_text&quot;:&quot;&quot;,&quot;caption&quot;:&quot;\\u00a0V spolupr\\u00e1ci s Hammer Agency sme vytvorili s\\u00e9riu vizu\\u00e1lov proti fos\\u00edlnemu plynu, ktor\\u00e9 reaguj\\u00fa na greewashing plyn\\u00e1rensk\\u00e9ho priemyslu.&quot;,&quot;focus_image&quot;:&quot;55% 7%&quot;,&quot;credits&quot;:&quot;&quot;},{&quot;image_src&quot;:&quot;https:\\\/\\\/www.greenpeace.org\\\/static\\\/planet4-slovakia-stateless\\\/2022\\\/04\\\/e284d5ae-gp-zeleny-plyn_square_1-copy-new.png&quot;,&quot;image_srcset&quot;:&quot;https:\\\/\\\/www.greenpeace.org\\\/static\\\/planet4-slovakia-stateless\\\/2022\\\/04\\\/e284d5ae-gp-zeleny-plyn_square_1-copy-new.png 1500w, https:\\\/\\\/www.greenpeace.org\\\/static\\\/planet4-slovakia-stateless\\\/2022\\\/04\\\/e284d5ae-gp-zeleny-plyn_square_1-copy-new-300x300.png 300w, https:\\\/\\\/www.greenpeace.org\\\/static\\\/planet4-slovakia-stateless\\\/2022\\\/04\\\/e284d5ae-gp-zeleny-plyn_square_1-copy-new-1024x1024.png 1024w, https:\\\/\\\/www.greenpeace.org\\\/static\\\/planet4-slovakia-stateless\\\/2022\\\/04\\\/e284d5ae-gp-zeleny-plyn_square_1-copy-new-150x150.png 150w, https:\\\/\\\/www.greenpeace.org\\\/static\\\/planet4-slovakia-stateless\\\/2022\\\/04\\\/e284d5ae-gp-zeleny-plyn_square_1-copy-new-768x768.png 768w, https:\\\/\\\/www.greenpeace.org\\\/static\\\/planet4-slovakia-stateless\\\/2022\\\/04\\\/e284d5ae-gp-zeleny-plyn_square_1-copy-new-1366x1366.png 1366w, https:\\\/\\\/www.greenpeace.org\\\/static\\\/planet4-slovakia-stateless\\\/2022\\\/04\\\/e284d5ae-gp-zeleny-plyn_square_1-copy-new-340x340.png 340w&quot;,&quot;image_sizes&quot;:false,&quot;alt_text&quot;:&quot;&quot;,&quot;caption&quot;:&quot;\\u00a0V spolupr\\u00e1ci s Hammer Agency sme vytvorili s\\u00e9riu vizu\\u00e1lov proti fos\\u00edlnemu plynu, ktor\\u00e9 reaguj\\u00fa na greewashing plyn\\u00e1rensk\\u00e9ho priemyslu.&quot;,&quot;focus_image&quot;:&quot;53% 8%&quot;,&quot;credits&quot;:&quot;&quot;},{&quot;image_src&quot;:&quot;https:\\\/\\\/www.greenpeace.org\\\/static\\\/planet4-slovakia-stateless\\\/2022\\\/04\\\/5c2f234f-gp-zeleny-plyn_square_3-copy-new.png&quot;,&quot;image_srcset&quot;:&quot;https:\\\/\\\/www.greenpeace.org\\\/static\\\/planet4-slovakia-stateless\\\/2022\\\/04\\\/5c2f234f-gp-zeleny-plyn_square_3-copy-new.png 1500w, https:\\\/\\\/www.greenpeace.org\\\/static\\\/planet4-slovakia-stateless\\\/2022\\\/04\\\/5c2f234f-gp-zeleny-plyn_square_3-copy-new-300x300.png 300w, https:\\\/\\\/www.greenpeace.org\\\/static\\\/planet4-slovakia-stateless\\\/2022\\\/04\\\/5c2f234f-gp-zeleny-plyn_square_3-copy-new-1024x1024.png 1024w, https:\\\/\\\/www.greenpeace.org\\\/static\\\/planet4-slovakia-stateless\\\/2022\\\/04\\\/5c2f234f-gp-zeleny-plyn_square_3-copy-new-150x150.png 150w, https:\\\/\\\/www.greenpeace.org\\\/static\\\/planet4-slovakia-stateless\\\/2022\\\/04\\\/5c2f234f-gp-zeleny-plyn_square_3-copy-new-768x768.png 768w, https:\\\/\\\/www.greenpeace.org\\\/static\\\/planet4-slovakia-stateless\\\/2022\\\/04\\\/5c2f234f-gp-zeleny-plyn_square_3-copy-new-1366x1366.png 1366w, https:\\\/\\\/www.greenpeace.org\\\/static\\\/planet4-slovakia-stateless\\\/2022\\\/04\\\/5c2f234f-gp-zeleny-plyn_square_3-copy-new-340x340.png 340w&quot;,&quot;image_sizes&quot;:false,&quot;alt_text&quot;:&quot;&quot;,&quot;caption&quot;:&quot;\\u00a0V spolupr\\u00e1ci s Hammer Agency sme vytvorili s\\u00e9riu vizu\\u00e1lov proti fos\\u00edlnemu plynu, ktor\\u00e9 reaguj\\u00fa na greewashing plyn\\u00e1rensk\\u00e9ho priemyslu.&quot;,&quot;focus_image&quot;:&quot;50% 50%&quot;,&quot;credits&quot;:&quot;&quot;}]}}\"><section class=\"block gallery-grid is-style-grid\"><\/section><\/div>\n<h2 class=\"wp-block-heading\"><strong>6 faktov o LNG termin\u00e1le&nbsp;<\/strong>&nbsp;<\/h2>\n\n<p>Ako je to v skuto\u010dnosti s LNG termin\u00e1lom? Je to naozaj tak\u00e1 modern\u00e1 a udr\u017eate\u013en\u00e1 technol\u00f3gia? Rozhodne nie!<\/p>\n\n<p>1. <strong><strong>Pl\u00e1n na v\u00fdstavbu LNG termin\u00e1lu v Bratislave je zastaran\u00fd a nezoh\u013ead\u0148uje najnov\u0161\u00ed v\u00fdvoj oh\u013eadom pl\u00e1nov na rie\u0161enie klimatickej kr\u00edzy<\/strong>, <\/strong>ak\u00fdm je napr\u00edklad dosiahnutie uhl\u00edkovej neutrality do 2050. Podpora fos\u00edlnej infra\u0161trukt\u00fary tieto ciele podkop\u00e1va, ke\u010f\u017ee namiesto radik\u00e1lneho zni\u017eovania spotreby fos\u00edlnych pal\u00edv n\u00e1s k nim prip\u00fata na \u010fal\u0161ie desiatky rokov. Navy\u0161e, od technol\u00f3gie LNG sa bude up\u00fa\u0161\u0165a\u0165 a rozhodne nespad\u00e1 medzi paliv\u00e1 bud\u00facnosti.<\/p>\n\n<p>2. Jedn\u00fdm z hlavn\u00fdch argumentov navrhovate\u013eov LNG termin\u00e1lu<strong><strong> je zni\u017eovanie emisi\u00ed sklen\u00edkov\u00fdch plynov. <\/strong><\/strong>Av\u0161ak pou\u017e\u00edvanie LNG ako paliva pre lode, pokia\u013e sa zoh\u013eadn\u00ed jeho cel\u00fd \u017eivotn\u00fd cyklus, celkovo nezni\u017euje emisie sklen\u00edkov\u00fdch plynov v porovnan\u00ed s konven\u010dn\u00fdmi palivami. Organiz\u00e1cia<strong><a href=\"https:\/\/www.transportenvironment.org\/sites\/te\/files\/2018_06_LNG_marine_fuel_EU_UMAS_study.pdf\"> Transport &amp; Environment vypo\u010d\u00edtala<\/a>, \u017ee nekontrolovan\u00fd \u00fanik met\u00e1nu m\u00f4\u017ee dokonca emisie z lodnej dopravy zv\u00fd\u0161i\u0165.<\/strong><\/p>\n\n<p>3. Podpora pre LNG je hrozbou pre zni\u017eovanie emisi\u00ed v sektore lodnej dopravu <strong><strong>a brzd\u00ed invest\u00edcie do<\/strong><a href=\"https:\/\/www.transportenvironment.org\/sites\/te\/files\/2018_06_LNG_marine_fuel_EU_UMAS_study.pdf\"><strong> rozvoja udr\u017eate\u013enej\u0161\u00edch alternat\u00edvnych<\/strong><\/a><strong>. <\/strong>Verejn\u00e9 zdroje by mali by\u0165 investovan\u00e9 do technol\u00f3gi\u00ed, ktor\u00e9 maj\u00fa bud\u00facnos\u0165 a dok\u00e1\u017eu zabezpe\u010di\u0165 zni\u017eovanie emisi\u00ed sklen\u00edkov\u00fdch plynov, <\/strong>nie ich prav\u00fd opak!<\/p>\n\n<p>4. Termin\u00e1l na skvapalnen\u00fd plyn, v bl\u00edzkosti centra a obytn\u00fdch \u0161tvrt\u00ed predstavuje<strong><strong> bezpe\u010dnostn\u00e9 riziko. <\/strong><\/strong>Pre\u010do?<strong> LNG je toti\u017e vysoko hor\u013eav\u00e1 l\u00e1tka.  <\/strong>Najv\u00fdznamnej\u0161\u00edm nebezpe\u010denstvom je teda mo\u017enos\u0165 po\u017eiaru a expl\u00f3zie. <strong>Za posledn\u00fdch 30 rokov bolo<a href=\"https:\/\/minerva.jrc.ec.europa.eu\/en\/shorturl\/technical_working_group_2_seveso_inspections\/woodlpg_lng_accidents_by_maureenpdf\"> zdokumentovan\u00fdch viac ako 19 neh\u00f4d<\/a> LNG.<\/strong><\/p>\n\n<p>5. Termin\u00e1l m\u00e1 dokonca<strong><strong> potenci\u00e1l zhor\u0161i\u0165 aj kvalitu ovzdu\u0161ia.<\/strong> <\/strong>Z\u00e1mer toti\u017e&nbsp; zv\u00fd\u0161i hustotu n\u00e1kladnej dopravy a s t\u00fdm s\u00favisiace <strong>zne\u010distenie ovzdu\u0161ia tuh\u00fdmi zne\u010dis\u0165uj\u00facimi l\u00e1tkami aj z cestn\u00fdch cisterien na fos\u00edlny zemn\u00fd plyn.<\/strong> Okrem toho m\u00e1 st\u00e1\u0165 len 50 metrov od CHVO \u017ditn\u00fd ostrov \u010do je najv\u00e4\u010d\u0161\u00ed zdroj pitnej vody v strednej Eur\u00f3pe. <\/p>\n\n<p>6.  Termin\u00e1l m\u00f4\u017ee by\u0165 aj <strong>pr\u00edpadn\u00fdm zdrojom zne\u010distenia vody nako\u013eko bude v bl\u00edzkosti CHVO \u017ditn\u00fd ostrov. <\/strong>Z\u00e1sobn\u00edky LNG maj\u00fa dvojstenn\u00fa \u0161trukt\u00faru s tepelnou izola\u010dnou vrstvou (EPS, perlit, miner\u00e1lna vata). V pr\u00edpade, ak sa zaved\u00fa najpr\u00edsnej\u0161ie monitorovacie procesy pod\u013ea OGMP 2.0, je ak\u00fdko\u013evek \u00fanik len ve\u013emi m\u00e1lo pravdepodobn\u00fd. Vy\u0161\u0161ia pravdepodobnos\u0165 zne\u010distenia je zo strany in\u00fdmi chemick\u00fdmi l\u00e1tkami pou\u017e\u00edvan\u00fdmi napr\u00edklad pri skladovan\u00ed a preprave LNG (inhib\u00edtory kor\u00f3zie, chladiv\u00e1, \u010distiace prostriedky, \u010dinidl\u00e1 na emulzie, r\u00f4zne adit\u00edva). Ak by do\u0161lo k ve\u013emi nepravdepodobnej situ\u00e1ci\u00ed \u00faniku LNG v podzemn\u00fdch z\u00e1sobn\u00edkoch, LNG sa r\u00fdchlo men\u00ed zv\u00e4\u010d\u0161a na plynn\u00fd met\u00e1n a NMVOC a unikne do ovzdu\u0161ia. <\/p>\n\n<p><a href=\"https:\/\/www.e3s-conferences.org\/articles\/e3sconf\/abs\/2023\/30\/e3sconf_eppct2023_02009\/e3sconf_eppct2023_02009.html\">Ak <strong>\u00fanik LNG postihne vodn\u00e9 ekosyst\u00e9my, m\u00f4\u017ee to ma\u0165 \u0161kodliv\u00fd vplyv na vodn\u00e9 organizmy a biotopy,<\/strong> ke\u010f\u017ee v tej chv\u00edli sa nemen\u00ed na plynn\u00fd met\u00e1n, m\u00f4\u017ee osta\u0165 v kvapalnej forme a mie\u0161a\u0165 sa s vodou.<\/a> Skvapalnen\u00fd plyn m\u00f4\u017ee vytvori\u0165 pl\u00e1vaj\u00face zne\u010distenie na vode a ma\u0165 toxick\u00fd vplyv na stojat\u00e9, pr\u00edpadne pomaly te\u010d\u00face vody. <a href=\"https:\/\/www.atlantis-press.com\/proceedings\/eesed-16\/25872540\">\u00danik do p\u00f4dy m\u00f4\u017ee sp\u00f4sobi\u0165 do\u010dasn\u00e9 zv\u00fd\u0161enie jej toxicity pre organizmy.<\/a> <\/p>\n\n<h2 class=\"wp-block-heading\"><strong>Prep\u00e1\u010d LNG, ale dnes u\u017e nie&#8230;<\/strong><\/h2>\n\n<p>Pre technol\u00f3giu LNG jednoducho nie je v dne\u0161nej dobe a u\u017e v\u00f4bec nie v Bratislave, ani na Slovensku miesto. Zabudnime na fos\u00edlny plyn a fos\u00edlne paliv\u00e1. Za\u010dnime kone\u010dne investova\u0165 do skuto\u010dne udr\u017eate\u013en\u00fdch a obnovite\u013en\u00fdch zdrojov, ktor\u00e9 maj\u00fa bud\u00facnos\u0165. <strong>Ak \u0165a v\u00fdstavba LNG termin\u00e1lu a podpora fos\u00edlnej infra\u0161trukt\u00fary na Slovensku znepokojila rovnako ako n\u00e1s, vyjadri svoj nes\u00fahlas<\/strong>.<\/p>\n\n<h2 class=\"wp-block-heading\"><strong>Ako sa m\u00f4\u017ee\u0161 zapoji\u0165<\/strong> <strong>proti v\u00fdstavbe LNG termin\u00e1lu v Bratislave?<\/strong><\/h2>\n\n<p>\u2705 <a href=\"https:\/\/www.mojapeticia.sk\/campaign\/verejna-vyzva-proti-vystavbe-lng-terminalu-v-bratislave\/ff9b6690-1556-454b-bc3e-432919cadaf2\" data-type=\"URL\" data-id=\"https:\/\/www.mojapeticia.sk\/campaign\/verejna-vyzva-proti-vystavbe-lng-terminalu-v-bratislave\/ff9b6690-1556-454b-bc3e-432919cadaf2\">Podp\u00ed\u0161 verejn\u00fa v\u00fdzvu.<\/a><\/p>\n\n<p>\u2705 Zdie\u013eaj inform\u00e1cie o fos\u00edlnom plyne s ostatn\u00fdmi v tvojom okol\u00ed.<\/p>\n\n<p>\u2705 Vytla\u010d si info let\u00e1k a vyves ho vo svojom okol\u00ed, v pr\u00e1ci \u010di v \u0161kole alebo ho uk\u00e1\u017e svojej rodine a priate\u013eom. <\/p>\n\n<p>\u2705 Vyves plag\u00e1t proti v\u00fdstavbe LNG vo svojej ob\u013e\u00fabenej re\u0161taur\u00e1cii, kaviarni alebo v pr\u00e1ci \u010di v \u0161kole. <\/p>\n\n<p><\/p>\n\n<h2 class=\"wp-block-heading\"><strong>Materi\u00e1ly na stiahnutie <\/strong><\/h2>\n\n<div class=\"wp-block-group is-layout-flow wp-block-group-is-layout-flow\">\n<div class=\"wp-block-buttons is-layout-flex wp-block-buttons-is-layout-flex\">\n<div class=\"wp-block-button is-style-cta\"><a class=\"wp-block-button__link wp-element-button\" href=\"https:\/\/www.greenpeace.org\/static\/planet4-slovakia-stateless\/2021\/06\/b619222b-info-letak-lngplyn-3.pdf\">STIAHNU\u0164 INFO LET\u00c1K <\/a><\/div>\n<\/div>\n\n\n\n<div class=\"wp-block-buttons is-layout-flex wp-block-buttons-is-layout-flex\">\n<div class=\"wp-block-button is-style-cta\"><a class=\"wp-block-button__link wp-element-button\" href=\"https:\/\/www.greenpeace.org\/static\/planet4-slovakia-stateless\/2021\/06\/993d2184-plagat_a4_3mm.pdf\">STIAHNU\u0164 PLAG\u00c1T  &#8211; print<\/a><\/div>\n<\/div>\n\n\n\n<div class=\"wp-block-buttons is-layout-flex wp-block-buttons-is-layout-flex\">\n<div class=\"wp-block-button is-style-cta\"><a class=\"wp-block-button__link wp-element-button\" href=\"https:\/\/www.greenpeace.org\/static\/planet4-slovakia-stateless\/2021\/06\/6719cac8-plagat_web_preview.jpg\">STIAHNU\u0164 PLAG\u00c1T &#8211; web<\/a><\/div>\n<\/div>\n<\/div>\n\n<div class=\"wp-block-buttons is-layout-flex wp-block-buttons-is-layout-flex\">\n<div class=\"wp-block-button is-style-cta\"><a class=\"wp-block-button__link wp-element-button\" href=\"https:\/\/drive.google.com\/drive\/folders\/1Ls8peDMK7RJedvoMCicJaeBnuaiP3oVU?usp=sharing\">STIAHNU\u0164 VIZU\u00c1LY &#8211; soci\u00e1lne siete<\/a><\/div>\n<\/div>\n\n<p>Chce\u0161 pravidelne dost\u00e1va\u0165 novinky a inform\u00e1cie o na\u0161ich kampaniach? Prihl\u00e1s sa na odber noviniek.<\/p>\n\n<div class=\"wp-block-group is-layout-flow wp-block-group-is-layout-flow\"><div data-render=\"planet4-blocks\/happypoint\" data-attributes=\"{&quot;attributes&quot;:{&quot;focus_image&quot;:&quot;50% 63%&quot;,&quot;opacity&quot;:5,&quot;id&quot;:4152,&quot;embed_code&quot;:&quot;&quot;,&quot;override_default_content&quot;:true,&quot;local_content_provider&quot;:&quot;embed_code&quot;}}\"><\/div><\/div>\n\n<p><\/p>\n\n<p>Ak m\u00e1\u0161 ot\u00e1zky oh\u013eadom LNG termin\u00e1lu a fos\u00edlneho plynu, radi ti ich zodpovieme.<strong> <\/strong>Nap\u00ed\u0161 n\u00e1m na emailovu adresu<strong> <\/strong><a href=\"mailto:info.slovakia@greenpeace.org\"><strong>info.slovakia@greenpeace.org<\/strong><\/a><\/p>\n","protected":false},"excerpt":{"rendered":"<p>Povedz svoje NIE pl\u00e1novanej v\u00fdstavbe LNG termin\u00e1lu v Bratislave! LNG termin\u00e1l na Dunaji v Bratislave?! Zl\u00fd vtip? Bohu\u017eia\u013e nie!&nbsp; V bratislavskom pr\u00edstave, priamo na kr\u00e1snom modrom Dunaji m\u00e1 vyr\u00e1s\u0165 termin\u00e1l na skvapalnen\u00fd zemn\u00fd plyn (LNG). V bl\u00edzkosti centra. Len k\u00fasok od ob\u013e\u00fabenej cyklohr\u00e1dze, z\u00e1hradk\u00e1rskej oblasti a promen\u00e1dy. V \u010dase, kedy poci\u0165ujeme klimatick\u00fa kr\u00edzu ka\u017ed\u00fdm d\u0148om [&hellip;]<\/p>\n","protected":false},"author":36,"featured_media":4254,"parent":0,"menu_order":0,"comment_status":"closed","ping_status":"closed","template":"","meta":{"ep_exclude_from_search":false,"p4_hide_page_title_checkbox":"","p4_title":"","p4_subtitle":"","p4_description":"","background_image_id":"","background_image":"","p4_button_title":"","p4_button_link":"","p4_button_link_checkbox":"","p4_og_title":"","p4_og_description":"","p4_og_image":"","p4_og_image_id":"","p4_seo_canonical_url":"","p4_campaign_name":"not set","p4_local_project":"not set","p4_basket_name":"not set","p4_department":"","footnotes":""},"categories":[21],"tags":[18,6],"class_list":["post-4146","page","type-page","status-publish","has-post-thumbnail","hentry","category-greenpeace","tag-energia","tag-klimatickakriza"],"_links":{"self":[{"href":"https:\/\/www.greenpeace.org\/slovakia\/wp-json\/wp\/v2\/pages\/4146","targetHints":{"allow":["GET"]}}],"collection":[{"href":"https:\/\/www.greenpeace.org\/slovakia\/wp-json\/wp\/v2\/pages"}],"about":[{"href":"https:\/\/www.greenpeace.org\/slovakia\/wp-json\/wp\/v2\/types\/page"}],"author":[{"embeddable":true,"href":"https:\/\/www.greenpeace.org\/slovakia\/wp-json\/wp\/v2\/users\/36"}],"replies":[{"embeddable":true,"href":"https:\/\/www.greenpeace.org\/slovakia\/wp-json\/wp\/v2\/comments?post=4146"}],"version-history":[{"count":20,"href":"https:\/\/www.greenpeace.org\/slovakia\/wp-json\/wp\/v2\/pages\/4146\/revisions"}],"predecessor-version":[{"id":9928,"href":"https:\/\/www.greenpeace.org\/slovakia\/wp-json\/wp\/v2\/pages\/4146\/revisions\/9928"}],"wp:featuredmedia":[{"embeddable":true,"href":"https:\/\/www.greenpeace.org\/slovakia\/wp-json\/wp\/v2\/media\/4254"}],"wp:attachment":[{"href":"https:\/\/www.greenpeace.org\/slovakia\/wp-json\/wp\/v2\/media?parent=4146"}],"wp:term":[{"taxonomy":"category","embeddable":true,"href":"https:\/\/www.greenpeace.org\/slovakia\/wp-json\/wp\/v2\/categories?post=4146"},{"taxonomy":"post_tag","embeddable":true,"href":"https:\/\/www.greenpeace.org\/slovakia\/wp-json\/wp\/v2\/tags?post=4146"}],"curies":[{"name":"wp","href":"https:\/\/api.w.org\/{rel}","templated":true}]}}