{"id":859,"date":"2019-11-06T18:50:15","date_gmt":"2019-11-06T17:50:15","guid":{"rendered":"https:\/\/master.k8s.p4.greenpeace.org\/slovakia\/?page_id=859"},"modified":"2026-04-08T10:57:35","modified_gmt":"2026-04-08T08:57:35","slug":"toxickelatky","status":"publish","type":"page","link":"https:\/\/www.greenpeace.org\/slovakia\/objavuj\/zmen\/toxickelatky\/","title":{"rendered":"#Toxick\u00e9L\u00e1tky"},"content":{"rendered":"\n                    <div class=\"wp-block-group is-vertical is-layout-flex wp-container-core-group-is-layout-8cf370e7 wp-block-group-is-layout-flex\">\n                    \n                                <p><span style=\"font-weight: 400\">Ch\u00e9mia bezpochyby priniesla \u013eudstvu mno\u017estvo pozit\u00edv. Ako v mnoh\u00fdch in\u00fdch veciach v\u0161ak \u010dlovek nepozn\u00e1 mieru a \u010dasto zbyto\u010dne zamoruje svoje okolie toxick\u00fdmi l\u00e1tkami. Od oble\u010denia, cez jedlo, kozmetiku &#8211; v podstate v\u0161ade n\u00e1jdeme prax, ktor\u00e1 n\u00e1m sp\u00f4sobuje zdravotn\u00e9 probl\u00e9my.<\/span>\r\n<span style=\"font-weight: 400\">Minulos\u0165 n\u00e1m priniesla na Slovensku mno\u017estvo pozostatkov toxick\u00e9ho zne\u010distenia a aj v s\u00fa\u010dasnosti si prid\u00e1vame nov\u00e9 a nov\u00e9.<\/span>\r\n<span style=\"font-weight: 400\">Na\u0161ou snahou by malo by\u0165 vy\u010disti\u0165 u\u017e sp\u00f4soben\u00e9 zne\u010distenie a najm\u00e4 presta\u0165 pou\u017e\u00edva\u0165 toxick\u00e9 l\u00e1tky, ktor\u00e9 vieme nahradi\u0165 bezpe\u010dnej\u0161\u00edmi alebo, ktor\u00e9 pou\u017e\u00edvame zbyto\u010dne.<\/span><\/p>\n                            \n\n                    \n                    <\/div>\n                    \n        <div class=\"wp-block-query actions-list p4-query-loop is-custom-layout-actions-list is-custom-layout-grid is-layout-grid wp-container-core-query-is-layout-29f43435 wp-block-query-is-layout-grid\"><h2 class=\"wp-block-heading\"><\/h2>\n        <p style=\"margin-top: 24px; margin-bottom: 32px;\"><\/p>\n        <div class=\"wp-block-query-no-results\">\n        <p >No posts found.<\/p>\n        <\/div>\n        \n        \n<div class=\"wp-block-buttons carousel-controls is-horizontal is-content-justification-space-between is-nowrap is-layout-flex wp-container-core-buttons-is-layout-044bd602 wp-block-buttons-is-layout-flex\">\n            <div class=\"wp-block-button carousel-control-prev\"><button type=\"button\" class=\"wp-block-button__link wp-element-button\">Prev<\/button><\/div>\n        \n\n            <div class=\"wp-block-button carousel-control-next\"><button type=\"button\" class=\"wp-block-button__link wp-element-button\">Next<\/button><\/div>\n        <\/div>\n\n        \n<div class=\"wp-block-buttons load-more-actions-container is-content-justification-center is-layout-flex wp-container-core-buttons-is-layout-16018d1d wp-block-buttons-is-layout-flex\">\n                <div class=\"wp-block-button is-style-secondary\"><button type=\"button\" class=\"wp-block-button__link wp-element-button\">Na\u010d\u00edta\u0165 viac<\/button><\/div>\n            \n<\/div>\n<\/div>\n        \n    <div class=\"wp-block-query posts-list p4-query-loop is-custom-layout-list is-layout-flow wp-block-query-is-layout-flow\">\n        <div class=\"wp-block-group is-content-justification-space-between is-layout-flex wp-container-core-group-is-layout-3d213aab wp-block-group-is-layout-flex\"><h2 class=\"wp-block-heading\">S\u00favisiace \u010dl\u00e1nky<\/h2>\n        <li class=\" wp-block-navigation-item see-all-link wp-block-navigation-link\"><a class=\"wp-block-navigation-item__content\"  href=\"http:\/\/www.greenpeace.org\/slovakia\/news-stories\/?tag=toxickelatky\"><span class=\"wp-block-navigation-item__label\">See all stories<\/span><\/a><\/li>\n        \n        <\/div>\n        \n\n    <p style=\"margin-top: 24px; margin-bottom: 36px;\"><\/p>\n\n    \n\n    <ul class=\"wp-block-post-template is-layout-flow wp-block-post-template-is-layout-flow\"><li class=\"wp-block-post post-9803 post type-post status-publish format-standard has-post-thumbnail hentry category-greenpeace tag-energia tag-toxickelatky tag-doprava tag-klimatickakriza tag-spotreba p4-page-type-clanok\">\n            \n<div class=\"wp-block-columns is-layout-flex wp-container-core-columns-is-layout-9d6595d7 wp-block-columns-is-layout-flex\"><figure class=\"wp-block-post-featured-image\"><a href=\"https:\/\/www.greenpeace.org\/slovakia\/clanok\/9803\/ake-environmentalne-problemy-so-sebou-prinasa-vyroba-baterii-v-madarsku-a-ake-poucenia-z-toho-si-moze-zobrat-slovensko\/\" target=\"_self\"  ><img loading=\"lazy\" decoding=\"async\" width=\"1536\" height=\"1024\" src=\"https:\/\/www.greenpeace.org\/static\/planet4-slovakia-stateless\/2025\/05\/26e4ccb4-photo_01.jpg\" class=\"attachment-post-thumbnail size-post-thumbnail wp-post-image wp-stateless-item\" alt=\"Ak\u00e9 environment\u00e1lne probl\u00e9my so sebou prin\u00e1\u0161a v\u00fdroba bat\u00e9ri\u00ed v Ma\u010farsku? (a ak\u00e9 pou\u010denia z toho si m\u00f4\u017ee zobra\u0165 Slovensko)\" style=\"object-fit:cover;\" srcset=\"https:\/\/www.greenpeace.org\/static\/planet4-slovakia-stateless\/2025\/05\/26e4ccb4-photo_01.jpg 1536w, https:\/\/www.greenpeace.org\/static\/planet4-slovakia-stateless\/2025\/05\/26e4ccb4-photo_01-300x200.jpg 300w, https:\/\/www.greenpeace.org\/static\/planet4-slovakia-stateless\/2025\/05\/26e4ccb4-photo_01-1024x683.jpg 1024w, https:\/\/www.greenpeace.org\/static\/planet4-slovakia-stateless\/2025\/05\/26e4ccb4-photo_01-768x512.jpg 768w, https:\/\/www.greenpeace.org\/static\/planet4-slovakia-stateless\/2025\/05\/26e4ccb4-photo_01-510x340.jpg 510w\" sizes=\"auto, (max-width: 1536px) 100vw, 1536px\" data-image-size=\"post-thumbnail\" data-stateless-media-bucket=\"planet4-slovakia-stateless\" data-stateless-media-name=\"2025\/05\/26e4ccb4-photo_01.jpg\" \/><\/a><\/figure>\n\n        <div class=\"wp-block-group is-layout-flow wp-block-group-is-layout-flow\">\n                <div class=\"wp-block-group is-layout-flex wp-block-group-is-layout-flex\"><div class=\"wp-block-post-terms\"><a href=\"https:\/\/www.greenpeace.org\/slovakia\/category\/greenpeace\/\">Greenpeace<\/a><\/div>\n                <div class=\"taxonomy-post_tag wp-block-post-terms\"><a href=\"https:\/\/www.greenpeace.org\/slovakia\/tag\/energia\/\" rel=\"tag\">Energia<\/a><span class=\"wp-block-post-terms__separator\"> <\/span><a href=\"https:\/\/www.greenpeace.org\/slovakia\/tag\/toxickelatky\/\" rel=\"tag\">Toxick\u00e9L\u00e1tky<\/a><span class=\"wp-block-post-terms__separator\"> <\/span><a href=\"https:\/\/www.greenpeace.org\/slovakia\/tag\/doprava\/\" rel=\"tag\">Doprava<\/a><span class=\"wp-block-post-terms__separator\"> <\/span><a href=\"https:\/\/www.greenpeace.org\/slovakia\/tag\/klimatickakriza\/\" rel=\"tag\">Klimatick\u00e1Kr\u00edza<\/a><span class=\"wp-block-post-terms__separator\"> <\/span><a href=\"https:\/\/www.greenpeace.org\/slovakia\/tag\/spotreba\/\" rel=\"tag\">Spotreba<\/a><\/div>\n                \n                <\/div>\n                \n        <h3 class=\"wp-block-post-title\"><a href=\"https:\/\/www.greenpeace.org\/slovakia\/clanok\/9803\/ake-environmentalne-problemy-so-sebou-prinasa-vyroba-baterii-v-madarsku-a-ake-poucenia-z-toho-si-moze-zobrat-slovensko\/\" target=\"_self\" >Ak\u00e9 environment\u00e1lne probl\u00e9my so sebou prin\u00e1\u0161a v\u00fdroba bat\u00e9ri\u00ed v Ma\u010farsku? (a ak\u00e9 pou\u010denia z toho si m\u00f4\u017ee zobra\u0165 Slovensko)<\/a><\/h3>\n        <div class=\"wp-block-post-excerpt\"><p class=\"wp-block-post-excerpt__excerpt\">V Ma\u010farsku narast\u00e1 po\u010det protestov miestnych obyvate\u013eov proti nov\u00fdm tov\u00e1r\u0148am na v\u00fdrobu bat\u00e9ri\u00ed, ktor\u00e9 vl\u00e1da \u010dasto ozna\u010duje za invest\u00edcie strategick\u00e9ho v\u00fdznamu. Toto ozna\u010denie v\u0161ak znamen\u00e1, \u017ee investori z\u00edskavaj\u00fa v\u00fdhody v&hellip; <\/p><\/div>\n        \n        <div class=\"wp-block-group posts-list-meta is-layout-flow wp-block-group-is-layout-flow\"><span class='article-list-item-author'>Mirka \u00c1belov\u00e1<\/span>\n        <div class=\"wp-block-post-date\"><time datetime=\"2025-05-13T14:39:49+02:00\">13 m\u00e1ja, 2025<\/time><\/div>\n        \n        <\/div>\n        <\/div>\n        <\/div>\n\n            <\/li><li class=\"wp-block-post post-5065 post type-post status-publish format-standard has-post-thumbnail hentry category-greenpeace category-issues category-zmen tag-energia tag-klimatickakriza tag-toxickelatky p4-page-type-tlacova-sprava\">\n            \n<div class=\"wp-block-columns is-layout-flex wp-container-core-columns-is-layout-9d6595d7 wp-block-columns-is-layout-flex\"><figure class=\"wp-block-post-featured-image\"><a href=\"https:\/\/www.greenpeace.org\/slovakia\/tlacova-sprava\/5065\/plynove-sporaky-dlhodobo-prekracuju-limity-znecistenia-ovzdusia-a-mozu-ohrozovat-zdravie-deti-ukazala-nova-studia\/\" target=\"_self\"  ><img loading=\"lazy\" decoding=\"async\" width=\"739\" height=\"514\" src=\"https:\/\/www.greenpeace.org\/static\/planet4-slovakia-stateless\/2023\/01\/6809c9b9-screenshot-studia-varenie-na-plyne.png\" class=\"attachment-post-thumbnail size-post-thumbnail wp-post-image wp-stateless-item\" alt=\"Plynov\u00e9 spor\u00e1ky dlhodobo prekra\u010duj\u00fa limity zne\u010distenia ovzdu\u0161ia a m\u00f4\u017eu ohrozova\u0165 zdravie det\u00ed\u00a0 &#8211; uk\u00e1zala nov\u00e1 \u0161t\u00fadia\" style=\"object-fit:cover;\" srcset=\"https:\/\/www.greenpeace.org\/static\/planet4-slovakia-stateless\/2023\/01\/6809c9b9-screenshot-studia-varenie-na-plyne.png 739w, https:\/\/www.greenpeace.org\/static\/planet4-slovakia-stateless\/2023\/01\/6809c9b9-screenshot-studia-varenie-na-plyne-300x209.png 300w, https:\/\/www.greenpeace.org\/static\/planet4-slovakia-stateless\/2023\/01\/6809c9b9-screenshot-studia-varenie-na-plyne-489x340.png 489w\" sizes=\"auto, (max-width: 739px) 100vw, 739px\" data-image-size=\"post-thumbnail\" data-stateless-media-bucket=\"planet4-slovakia-stateless\" data-stateless-media-name=\"2023\/01\/6809c9b9-screenshot-studia-varenie-na-plyne.png\" \/><\/a><\/figure>\n\n        <div class=\"wp-block-group is-layout-flow wp-block-group-is-layout-flow\">\n                <div class=\"wp-block-group is-layout-flex wp-block-group-is-layout-flex\"><div class=\"wp-block-post-terms\"><a href=\"https:\/\/www.greenpeace.org\/slovakia\/category\/greenpeace\/\">Greenpeace<\/a><\/div>\n                <div class=\"taxonomy-post_tag wp-block-post-terms\"><a href=\"https:\/\/www.greenpeace.org\/slovakia\/tag\/energia\/\" rel=\"tag\">Energia<\/a><span class=\"wp-block-post-terms__separator\"> <\/span><a href=\"https:\/\/www.greenpeace.org\/slovakia\/tag\/klimatickakriza\/\" rel=\"tag\">Klimatick\u00e1Kr\u00edza<\/a><span class=\"wp-block-post-terms__separator\"> <\/span><a href=\"https:\/\/www.greenpeace.org\/slovakia\/tag\/toxickelatky\/\" rel=\"tag\">Toxick\u00e9L\u00e1tky<\/a><\/div>\n                \n                <\/div>\n                \n        <h3 class=\"wp-block-post-title\"><a href=\"https:\/\/www.greenpeace.org\/slovakia\/tlacova-sprava\/5065\/plynove-sporaky-dlhodobo-prekracuju-limity-znecistenia-ovzdusia-a-mozu-ohrozovat-zdravie-deti-ukazala-nova-studia\/\" target=\"_self\" ><strong>Plynov\u00e9 spor\u00e1ky dlhodobo prekra\u010duj\u00fa limity zne\u010distenia ovzdu\u0161ia a m\u00f4\u017eu ohrozova\u0165 zdravie det\u00ed\u00a0 &#8211; uk\u00e1zala nov\u00e1 \u0161t\u00fadia<\/strong><\/a><\/h3>\n        <div class=\"wp-block-post-excerpt\"><p class=\"wp-block-post-excerpt__excerpt\">Pr\u00edprava jedla na plynovom spor\u00e1ku m\u00f4\u017ee v\u00e1\u017ene ohrozi\u0165 zdravie, najm\u00e4 u det\u00ed. Vypl\u00fdva to z novej \u0161t\u00fadie organiz\u00e1cie CLASP. Viac v tla\u010dovej spr\u00e1ve. <\/p><\/div>\n        \n        <div class=\"wp-block-group posts-list-meta is-layout-flow wp-block-group-is-layout-flow\"><span class='article-list-item-author'><a href='https:\/\/www.greenpeace.org\/slovakia\/author\/greenpeace-slovensko\/'>Greenpeace Slovensko<\/a><\/span>\n        <div class=\"wp-block-post-date\"><time datetime=\"2023-01-09T09:36:52+01:00\">9 janu\u00e1ra, 2023<\/time><\/div>\n        \n        <\/div>\n        <\/div>\n        <\/div>\n\n            <\/li><li class=\"wp-block-post post-4960 post type-post status-publish format-standard has-post-thumbnail hentry category-uncategorized tag-toxickelatky p4-page-type-tlacova-sprava\">\n            \n<div class=\"wp-block-columns is-layout-flex wp-container-core-columns-is-layout-9d6595d7 wp-block-columns-is-layout-flex\"><figure class=\"wp-block-post-featured-image\"><a href=\"https:\/\/www.greenpeace.org\/slovakia\/tlacova-sprava\/4960\/vysledky-testovania-greenpeace-rieka-slana-je-stale-vyrazne-kontaminovana-arzenom\/\" target=\"_self\"  ><img loading=\"lazy\" decoding=\"async\" width=\"2560\" height=\"1707\" src=\"https:\/\/www.greenpeace.org\/static\/planet4-slovakia-stateless\/2022\/10\/61dafbd6-mg_8501-scaled.jpg\" class=\"attachment-post-thumbnail size-post-thumbnail wp-post-image wp-stateless-item\" alt=\"V\u00fdsledky testovania Greenpeace: Rieka Slan\u00e1 je st\u00e1le v\u00fdrazne kontaminovan\u00e1 arz\u00e9nom\" style=\"object-fit:cover;\" srcset=\"https:\/\/www.greenpeace.org\/static\/planet4-slovakia-stateless\/2022\/10\/61dafbd6-mg_8501-scaled.jpg 2560w, https:\/\/www.greenpeace.org\/static\/planet4-slovakia-stateless\/2022\/10\/61dafbd6-mg_8501-300x200.jpg 300w, https:\/\/www.greenpeace.org\/static\/planet4-slovakia-stateless\/2022\/10\/61dafbd6-mg_8501-1024x683.jpg 1024w, https:\/\/www.greenpeace.org\/static\/planet4-slovakia-stateless\/2022\/10\/61dafbd6-mg_8501-768x512.jpg 768w, https:\/\/www.greenpeace.org\/static\/planet4-slovakia-stateless\/2022\/10\/61dafbd6-mg_8501-1536x1024.jpg 1536w, https:\/\/www.greenpeace.org\/static\/planet4-slovakia-stateless\/2022\/10\/61dafbd6-mg_8501-2048x1366.jpg 2048w, https:\/\/www.greenpeace.org\/static\/planet4-slovakia-stateless\/2022\/10\/61dafbd6-mg_8501-510x340.jpg 510w\" sizes=\"auto, (max-width: 2560px) 100vw, 2560px\" data-image-size=\"post-thumbnail\" data-stateless-media-bucket=\"planet4-slovakia-stateless\" data-stateless-media-name=\"2022\/10\/61dafbd6-mg_8501-scaled.jpg\" \/><\/a><\/figure>\n\n        <div class=\"wp-block-group is-layout-flow wp-block-group-is-layout-flow\">\n                <div class=\"wp-block-group is-layout-flex wp-block-group-is-layout-flex\"><div class=\"wp-block-post-terms\"><a href=\"https:\/\/www.greenpeace.org\/slovakia\/category\/uncategorized\/\">Uncategorized<\/a><\/div>\n                <div class=\"taxonomy-post_tag wp-block-post-terms\"><a href=\"https:\/\/www.greenpeace.org\/slovakia\/tag\/toxickelatky\/\" rel=\"tag\">Toxick\u00e9L\u00e1tky<\/a><\/div>\n                \n                <\/div>\n                \n        <h3 class=\"wp-block-post-title\"><a href=\"https:\/\/www.greenpeace.org\/slovakia\/tlacova-sprava\/4960\/vysledky-testovania-greenpeace-rieka-slana-je-stale-vyrazne-kontaminovana-arzenom\/\" target=\"_self\" >V\u00fdsledky testovania Greenpeace: Rieka Slan\u00e1 je st\u00e1le v\u00fdrazne kontaminovan\u00e1 arz\u00e9nom<\/a><\/h3>\n        <div class=\"wp-block-post-excerpt\"><p class=\"wp-block-post-excerpt__excerpt\">Organiz\u00e1cia Greenpeace vykonala merania na rieke Slan\u00e1, aby presk\u00famala zne\u010distenie rieky arz\u00e9nom. Experti z organiz\u00e1cie Greenpeace Ma\u010farsko odobrali vzorky sedimentov na troch miestach na Slovensku a na ma\u010farskom \u00faseku rieky.&hellip; <\/p><\/div>\n        \n        <div class=\"wp-block-group posts-list-meta is-layout-flow wp-block-group-is-layout-flow\"><span class='article-list-item-author'><a href='https:\/\/www.greenpeace.org\/slovakia\/author\/greenpeace-slovensko\/'>Greenpeace Slovensko<\/a><\/span>\n        <div class=\"wp-block-post-date\"><time datetime=\"2022-10-11T11:42:22+02:00\">11 okt\u00f3bra, 2022<\/time><\/div>\n        \n        <\/div>\n        <\/div>\n        <\/div>\n\n            <\/li><\/ul>\n\n    \n<div class=\"wp-block-buttons carousel-controls is-horizontal is-content-justification-space-between is-nowrap is-layout-flex wp-container-core-buttons-is-layout-044bd602 wp-block-buttons-is-layout-flex\">\n            <div class=\"wp-block-button carousel-control-prev\"><button type=\"button\" class=\"wp-block-button__link wp-element-button\">Prev<\/button><\/div>\n        \n\n            <div class=\"wp-block-button carousel-control-next\"><button type=\"button\" class=\"wp-block-button__link wp-element-button\">Next<\/button><\/div>\n        <\/div>\n\n\n    <li class=\" wp-block-navigation-item see-all-link wp-block-navigation-link\"><a class=\"wp-block-navigation-item__content\"  href=\"http:\/\/www.greenpeace.org\/slovakia\/news-stories\/?tag=toxickelatky\"><span class=\"wp-block-navigation-item__label\">See all stories<\/span><\/a><\/li><\/div>\n    <div data-render=\"planet4-blocks\/happypoint\" data-attributes=\"{&quot;attributes&quot;:{&quot;focus_image&quot;:&quot;0% 0%&quot;,&quot;opacity&quot;:30,&quot;override_default_content&quot;:false,&quot;local_content_provider&quot;:&quot;none&quot;}}\"><\/div>","protected":false},"excerpt":{"rendered":"<p>Ch\u00e9mia bezpochyby priniesla \u013eudstvu mno\u017estvo pozit\u00edv. Ako v mnoh\u00fdch in\u00fdch veciach v\u0161ak \u010dlovek nepozn\u00e1 mieru a \u010dasto zbyto\u010dne zamoruje svoje okolie toxick\u00fdmi l\u00e1tkami. Od oble\u010denia, cez jedlo, kozmetiku &#8211; v podstate v\u0161ade n\u00e1jdeme prax, ktor\u00e1 n\u00e1m sp\u00f4sobuje zdravotn\u00e9 probl\u00e9my.<\/p>\n","protected":false},"author":1,"featured_media":982,"parent":54,"menu_order":0,"comment_status":"closed","ping_status":"closed","template":"","meta":{"ep_exclude_from_search":false,"p4_hide_page_title_checkbox":"","p4_title":"","p4_subtitle":"","p4_description":"","background_image_id":"","background_image":"","p4_button_title":"","p4_button_link":"","p4_button_link_checkbox":"","p4_og_title":"","p4_og_description":"","p4_og_image":"","p4_og_image_id":"","p4_seo_canonical_url":"","p4_campaign_name":"not set","p4_local_project":"","p4_basket_name":"not set","p4_department":"","footnotes":""},"categories":[3],"tags":[22],"class_list":["post-859","page","type-page","status-publish","has-post-thumbnail","hentry","category-zmen","tag-toxickelatky"],"_links":{"self":[{"href":"https:\/\/www.greenpeace.org\/slovakia\/wp-json\/wp\/v2\/pages\/859","targetHints":{"allow":["GET"]}}],"collection":[{"href":"https:\/\/www.greenpeace.org\/slovakia\/wp-json\/wp\/v2\/pages"}],"about":[{"href":"https:\/\/www.greenpeace.org\/slovakia\/wp-json\/wp\/v2\/types\/page"}],"author":[{"embeddable":true,"href":"https:\/\/www.greenpeace.org\/slovakia\/wp-json\/wp\/v2\/users\/1"}],"replies":[{"embeddable":true,"href":"https:\/\/www.greenpeace.org\/slovakia\/wp-json\/wp\/v2\/comments?post=859"}],"version-history":[{"count":12,"href":"https:\/\/www.greenpeace.org\/slovakia\/wp-json\/wp\/v2\/pages\/859\/revisions"}],"predecessor-version":[{"id":10198,"href":"https:\/\/www.greenpeace.org\/slovakia\/wp-json\/wp\/v2\/pages\/859\/revisions\/10198"}],"up":[{"embeddable":true,"href":"https:\/\/www.greenpeace.org\/slovakia\/wp-json\/wp\/v2\/pages\/54"}],"wp:featuredmedia":[{"embeddable":true,"href":"https:\/\/www.greenpeace.org\/slovakia\/wp-json\/wp\/v2\/media\/982"}],"wp:attachment":[{"href":"https:\/\/www.greenpeace.org\/slovakia\/wp-json\/wp\/v2\/media?parent=859"}],"wp:term":[{"taxonomy":"category","embeddable":true,"href":"https:\/\/www.greenpeace.org\/slovakia\/wp-json\/wp\/v2\/categories?post=859"},{"taxonomy":"post_tag","embeddable":true,"href":"https:\/\/www.greenpeace.org\/slovakia\/wp-json\/wp\/v2\/tags?post=859"}],"curies":[{"name":"wp","href":"https:\/\/api.w.org\/{rel}","templated":true}]}}