{"id":884,"date":"2019-11-20T16:31:25","date_gmt":"2019-11-20T15:31:25","guid":{"rendered":"https:\/\/master.k8s.p4.greenpeace.org\/slovakia\/?page_id=884"},"modified":"2025-04-09T09:47:54","modified_gmt":"2025-04-09T07:47:54","slug":"kontakt","status":"publish","type":"page","link":"https:\/\/www.greenpeace.org\/slovakia\/kontakt\/","title":{"rendered":"Kontakt"},"content":{"rendered":"\n<p>Nap\u00edsa\u0165 n\u00e1m m\u00f4\u017eete na <strong>info.slovakia@greenpeace.org<\/strong><\/p>\n\n<p>Kancel\u00e1ria Greenpeace Slovensko s\u00eddli na Van\u010durovej 7 v Bratislave.<br><strong>Na\u0161a faktura\u010dn\u00e1 a po\u0161tov\u00e1 adresa je:<\/strong> <\/p>\n\n<p>Greenpeace Slovensko<br>N\u00e1m. SNP 35<br>P.O.Box 58<br>814 99 Bratislava<br>I\u010cO: 36069086<\/p>\n\n<div class=\"wp-block-buttons is-layout-flex wp-block-buttons-is-layout-flex\">\n<div class=\"wp-block-button is-style-cta\"><a class=\"wp-block-button__link wp-element-button\" href=\"https:\/\/www.greenpeace.sk\/slovakia\/presscentrum\/\">Kontakt pre m\u00e9di\u00e1 \/ Press contact<\/a><\/div>\n\n\n<\/div>\n\n<p><strong>Spoznajte n\u00e1\u0161 t\u00edm <\/strong><br><\/p>\n\n<figure class=\"wp-block-image alignleft size-large is-resized\"><img loading=\"lazy\" decoding=\"async\" width=\"768\" height=\"1024\" src=\"https:\/\/www.greenpeace.org\/static\/planet4-slovakia-stateless\/2025\/01\/db5c8725-mirka-abelova_small_5-768x1024.jpg\" alt=\"\" class=\"wp-image-9714\" style=\"width:348px;height:464px\" srcset=\"https:\/\/www.greenpeace.org\/static\/planet4-slovakia-stateless\/2025\/01\/db5c8725-mirka-abelova_small_5-768x1024.jpg 768w, https:\/\/www.greenpeace.org\/static\/planet4-slovakia-stateless\/2025\/01\/db5c8725-mirka-abelova_small_5-225x300.jpg 225w, https:\/\/www.greenpeace.org\/static\/planet4-slovakia-stateless\/2025\/01\/db5c8725-mirka-abelova_small_5-1152x1536.jpg 1152w, https:\/\/www.greenpeace.org\/static\/planet4-slovakia-stateless\/2025\/01\/db5c8725-mirka-abelova_small_5-1536x2048.jpg 1536w, https:\/\/www.greenpeace.org\/static\/planet4-slovakia-stateless\/2025\/01\/db5c8725-mirka-abelova_small_5-1025x1366.jpg 1025w, https:\/\/www.greenpeace.org\/static\/planet4-slovakia-stateless\/2025\/01\/db5c8725-mirka-abelova_small_5-255x340.jpg 255w, https:\/\/www.greenpeace.org\/static\/planet4-slovakia-stateless\/2025\/01\/db5c8725-mirka-abelova_small_5.jpg 1875w\" sizes=\"auto, (max-width: 768px) 100vw, 768px\" \/><figcaption class=\"wp-element-caption\">Mirka \u00c1belov\u00e1, Hovorky\u0148a a PR mana\u017e\u00e9rka<\/figcaption><\/figure>\n\n<figure class=\"wp-block-image alignleft size-large is-resized  caption-alignment-center\"><img loading=\"lazy\" decoding=\"async\" width=\"768\" height=\"1024\" src=\"https:\/\/www.greenpeace.org\/static\/planet4-slovakia-stateless\/2024\/09\/da7d6f53-portret_large-11-768x1024.jpg\" alt=\"\" class=\"wp-image-9634\" style=\"width:349px;height:465px\" srcset=\"https:\/\/www.greenpeace.org\/static\/planet4-slovakia-stateless\/2024\/09\/da7d6f53-portret_large-11-768x1024.jpg 768w, https:\/\/www.greenpeace.org\/static\/planet4-slovakia-stateless\/2024\/09\/da7d6f53-portret_large-11-225x300.jpg 225w, https:\/\/www.greenpeace.org\/static\/planet4-slovakia-stateless\/2024\/09\/da7d6f53-portret_large-11-1152x1536.jpg 1152w, https:\/\/www.greenpeace.org\/static\/planet4-slovakia-stateless\/2024\/09\/da7d6f53-portret_large-11-1536x2048.jpg 1536w, https:\/\/www.greenpeace.org\/static\/planet4-slovakia-stateless\/2024\/09\/da7d6f53-portret_large-11-1025x1366.jpg 1025w, https:\/\/www.greenpeace.org\/static\/planet4-slovakia-stateless\/2024\/09\/da7d6f53-portret_large-11-255x340.jpg 255w, https:\/\/www.greenpeace.org\/static\/planet4-slovakia-stateless\/2024\/09\/da7d6f53-portret_large-11-scaled.jpg 1920w\" sizes=\"auto, (max-width: 768px) 100vw, 768px\" \/><figcaption class=\"wp-element-caption\">Dorota Osvaldov\u00e1, Koordin\u00e1torka kampane<br><\/figcaption><\/figure>\n\n<figure class=\"wp-block-image alignleft size-large is-resized  caption-alignment-center\"><img loading=\"lazy\" decoding=\"async\" width=\"768\" height=\"1024\" src=\"https:\/\/www.greenpeace.org\/static\/planet4-slovakia-stateless\/2025\/01\/bbde1724-paulina-karabova_small_5-768x1024.jpg\" alt=\"\" class=\"wp-image-9716\" style=\"width:345px;height:460px\" srcset=\"https:\/\/www.greenpeace.org\/static\/planet4-slovakia-stateless\/2025\/01\/bbde1724-paulina-karabova_small_5-768x1024.jpg 768w, https:\/\/www.greenpeace.org\/static\/planet4-slovakia-stateless\/2025\/01\/bbde1724-paulina-karabova_small_5-225x300.jpg 225w, https:\/\/www.greenpeace.org\/static\/planet4-slovakia-stateless\/2025\/01\/bbde1724-paulina-karabova_small_5-1152x1536.jpg 1152w, https:\/\/www.greenpeace.org\/static\/planet4-slovakia-stateless\/2025\/01\/bbde1724-paulina-karabova_small_5-1536x2048.jpg 1536w, https:\/\/www.greenpeace.org\/static\/planet4-slovakia-stateless\/2025\/01\/bbde1724-paulina-karabova_small_5-1025x1366.jpg 1025w, https:\/\/www.greenpeace.org\/static\/planet4-slovakia-stateless\/2025\/01\/bbde1724-paulina-karabova_small_5-255x340.jpg 255w, https:\/\/www.greenpeace.org\/static\/planet4-slovakia-stateless\/2025\/01\/bbde1724-paulina-karabova_small_5.jpg 1875w\" sizes=\"auto, (max-width: 768px) 100vw, 768px\" \/><figcaption class=\"wp-element-caption\">Paul\u00edna Karabov\u00e1, Koordin\u00e1torka dobrovo\u013en\u00edctva<br>a zapojenia verejnosti<\/figcaption><\/figure>\n\n<figure class=\"wp-block-image alignleft size-large is-resized  caption-alignment-center\"><img loading=\"lazy\" decoding=\"async\" width=\"768\" height=\"1024\" src=\"https:\/\/www.greenpeace.org\/static\/planet4-slovakia-stateless\/2025\/01\/2073e585-portret_large-4-768x1024.jpg\" alt=\"\" class=\"wp-image-9719\" style=\"width:345px;height:460px\" srcset=\"https:\/\/www.greenpeace.org\/static\/planet4-slovakia-stateless\/2025\/01\/2073e585-portret_large-4-768x1024.jpg 768w, https:\/\/www.greenpeace.org\/static\/planet4-slovakia-stateless\/2025\/01\/2073e585-portret_large-4-225x300.jpg 225w, https:\/\/www.greenpeace.org\/static\/planet4-slovakia-stateless\/2025\/01\/2073e585-portret_large-4-1152x1536.jpg 1152w, https:\/\/www.greenpeace.org\/static\/planet4-slovakia-stateless\/2025\/01\/2073e585-portret_large-4-1536x2048.jpg 1536w, https:\/\/www.greenpeace.org\/static\/planet4-slovakia-stateless\/2025\/01\/2073e585-portret_large-4-1025x1366.jpg 1025w, https:\/\/www.greenpeace.org\/static\/planet4-slovakia-stateless\/2025\/01\/2073e585-portret_large-4-255x340.jpg 255w, https:\/\/www.greenpeace.org\/static\/planet4-slovakia-stateless\/2025\/01\/2073e585-portret_large-4-scaled.jpg 1920w\" sizes=\"auto, (max-width: 768px) 100vw, 768px\" \/><figcaption class=\"wp-element-caption\">Magdal\u00e9na Kump\u00e1nov\u00e1, Mana\u017e\u00e9rka digit\u00e1lnej komunik\u00e1cie<\/figcaption><\/figure>\n\n<figure class=\"wp-block-image alignleft size-large is-resized\"><img loading=\"lazy\" decoding=\"async\" width=\"768\" height=\"1024\" src=\"https:\/\/www.greenpeace.org\/static\/planet4-slovakia-stateless\/2022\/07\/40b864d9-portret_small-16-768x1024.jpg\" alt=\"\" class=\"wp-image-4910\" style=\"width:347px;height:462px\" srcset=\"https:\/\/www.greenpeace.org\/static\/planet4-slovakia-stateless\/2022\/07\/40b864d9-portret_small-16-768x1024.jpg 768w, https:\/\/www.greenpeace.org\/static\/planet4-slovakia-stateless\/2022\/07\/40b864d9-portret_small-16-225x300.jpg 225w, https:\/\/www.greenpeace.org\/static\/planet4-slovakia-stateless\/2022\/07\/40b864d9-portret_small-16-1152x1536.jpg 1152w, https:\/\/www.greenpeace.org\/static\/planet4-slovakia-stateless\/2022\/07\/40b864d9-portret_small-16-1536x2048.jpg 1536w, https:\/\/www.greenpeace.org\/static\/planet4-slovakia-stateless\/2022\/07\/40b864d9-portret_small-16-1025x1366.jpg 1025w, https:\/\/www.greenpeace.org\/static\/planet4-slovakia-stateless\/2022\/07\/40b864d9-portret_small-16-255x340.jpg 255w, https:\/\/www.greenpeace.org\/static\/planet4-slovakia-stateless\/2022\/07\/40b864d9-portret_small-16.jpg 1875w\" sizes=\"auto, (max-width: 768px) 100vw, 768px\" \/><figcaption class=\"wp-element-caption\">Ren\u00e1ta Vargov\u00e1, HR, finance &amp; office management <\/figcaption><\/figure>\n","protected":false},"excerpt":{"rendered":"<p>Nap\u00edsa\u0165 n\u00e1m m\u00f4\u017eete na info.slovakia@greenpeace.org Kancel\u00e1ria Greenpeace Slovensko s\u00eddli na Van\u010durovej 7 v Bratislave.Na\u0161a faktura\u010dn\u00e1 a po\u0161tov\u00e1 adresa je: Greenpeace SlovenskoN\u00e1m. SNP 35P.O.Box 58814 99 BratislavaI\u010cO: 36069086 Spoznajte n\u00e1\u0161 t\u00edm<\/p>\n","protected":false},"author":1,"featured_media":9714,"parent":0,"menu_order":0,"comment_status":"closed","ping_status":"closed","template":"page-templates\/evergreen.php","meta":{"ep_exclude_from_search":false,"p4_hide_page_title_checkbox":"","p4_title":"","p4_subtitle":"","p4_description":"","background_image_id":"","background_image":"","p4_button_title":"","p4_button_link":"","p4_button_link_checkbox":"","p4_og_title":"","p4_og_description":"","p4_og_image":"","p4_og_image_id":"","p4_seo_canonical_url":"","p4_campaign_name":"not set","p4_local_project":"not set","p4_basket_name":"not set","p4_department":"","footnotes":""},"categories":[],"tags":[13],"class_list":["post-884","page","type-page","status-publish","has-post-thumbnail","hentry","tag-onas"],"_links":{"self":[{"href":"https:\/\/www.greenpeace.org\/slovakia\/wp-json\/wp\/v2\/pages\/884","targetHints":{"allow":["GET"]}}],"collection":[{"href":"https:\/\/www.greenpeace.org\/slovakia\/wp-json\/wp\/v2\/pages"}],"about":[{"href":"https:\/\/www.greenpeace.org\/slovakia\/wp-json\/wp\/v2\/types\/page"}],"author":[{"embeddable":true,"href":"https:\/\/www.greenpeace.org\/slovakia\/wp-json\/wp\/v2\/users\/1"}],"replies":[{"embeddable":true,"href":"https:\/\/www.greenpeace.org\/slovakia\/wp-json\/wp\/v2\/comments?post=884"}],"version-history":[{"count":20,"href":"https:\/\/www.greenpeace.org\/slovakia\/wp-json\/wp\/v2\/pages\/884\/revisions"}],"predecessor-version":[{"id":9778,"href":"https:\/\/www.greenpeace.org\/slovakia\/wp-json\/wp\/v2\/pages\/884\/revisions\/9778"}],"wp:featuredmedia":[{"embeddable":true,"href":"https:\/\/www.greenpeace.org\/slovakia\/wp-json\/wp\/v2\/media\/9714"}],"wp:attachment":[{"href":"https:\/\/www.greenpeace.org\/slovakia\/wp-json\/wp\/v2\/media?parent=884"}],"wp:term":[{"taxonomy":"category","embeddable":true,"href":"https:\/\/www.greenpeace.org\/slovakia\/wp-json\/wp\/v2\/categories?post=884"},{"taxonomy":"post_tag","embeddable":true,"href":"https:\/\/www.greenpeace.org\/slovakia\/wp-json\/wp\/v2\/tags?post=884"}],"curies":[{"name":"wp","href":"https:\/\/api.w.org\/{rel}","templated":true}]}}