{"id":2045,"date":"2019-06-11T15:03:20","date_gmt":"2019-06-11T15:03:20","guid":{"rendered":"https:\/\/master.k8s.p4.greenpeace.org\/slovenia\/?page_id=2045"},"modified":"2025-06-23T16:44:43","modified_gmt":"2025-06-23T14:44:43","slug":"doniraj","status":"publish","type":"page","link":"https:\/\/www.greenpeace.org\/slovenia\/ukrepaj\/doniraj\/","title":{"rendered":"Doniraj"},"content":{"rendered":"\n                \n                <div class=\"wp-block-group alignfull is-layout-flow wp-block-group-is-layout-flow\">\n                \n                <div class=\"wp-block-group container is-layout-flow wp-block-group-is-layout-flow\">\n                \n                <div class=\"wp-block-media-text alignfull has-media-on-the-right is-stacked-on-mobile is-pattern-p4-page-header is-style-parallax\">\n\n                <div class=\"wp-block-media-text__content\">\n                    <div class=\"wp-block-group is-layout-flow wp-block-group-is-layout-flow\">\n                    \n                        <h1 class=\"wp-block-heading has-white-background-color has-background\">\n                            Doniraj\n                        <\/h1>\n                    <\/div>\n                \n\n                \n                        <p style=\"font-size:1.25rem\">\n                            Pri Greenpeacu smo po\u010da\u0161\u010deni, da na\u0161e delo skoraj v celoti financiramo z donacijami strastnih posameznikov, ki jim je mar za planet in nam \u017eelijo pomagati pri ustvarjanju sprememb ter z nekaterimi nepovratnimi sredstvi zasebnih dobrodelnih fundacij, s katerimi delimo enake vrednote.\r\n\r\nPri zbiranju sredstev in v na\u0161em finan\u010dnem poslovanju zagotavljamo popolno transparentnost, zato na regijski ravni javno poro\u010damo o svojih gospodarskih, okoljskih in dru\u017ebenih rezultatih. Te informacije vsakoletno delimo v na\u0161ih Poro\u010dilih o odgovornosti (<em>ang. Annual reports<\/em>), ki so dostopna na spletni strani <a href=\"https:\/\/spenden.greenpeace.at\/help\">Greenpeacea v Avstriji<\/a>. Zadnje poro\u010dilo je dostopno <a href=\"https:\/\/greenpeace.at\/ueber-uns\/jahresbericht\/\">tukaj<\/a>.\r\n\r\n<strong>Brez va\u0161e podpore bi se na\u0161e delo ustavilo. Podprite nas z enkratno ali mese\u010dno donacijo:<\/strong>\n                        <\/p>\n                    \n\n                \n                        <div class=\"wp-block-buttons is-layout-flex wp-block-buttons-is-layout-flex\">\n                            \n                        <\/div>\n                        <div class=\"wp-block-button is-style-cta\">\n                            <a class=\"wp-block-button__link wp-element-button\" href=\"https:\/\/podpiram.greenpeace.si\/donacija\/\" target=\"_blank\" rel=\"noreferrer noopener\">\n                                Doniraj\n                            <\/a>\n                        <\/div>\n                    \n\n                <\/div>\n                <figure class=\"wp-block-media-text__media\">\n                    <img loading=\"lazy\" decoding=\"async\" width=\"7344\" height=\"2528\"\n                        src=\"https:\/\/www.greenpeace.org\/static\/planet4-slovenia-stateless\/2019\/06\/42ca432f-doniraj.jpg\"\n                        alt=\"\"\n                        sizes=\"auto, (min-width: 601px) 50vw, 100vw\" srcset=\"https:\/\/www.greenpeace.org\/static\/planet4-slovenia-stateless\/2019\/06\/42ca432f-doniraj.jpg 7344w, https:\/\/www.greenpeace.org\/static\/planet4-slovenia-stateless\/2019\/06\/42ca432f-doniraj-300x103.jpg 300w, https:\/\/www.greenpeace.org\/static\/planet4-slovenia-stateless\/2019\/06\/42ca432f-doniraj-768x264.jpg 768w, https:\/\/www.greenpeace.org\/static\/planet4-slovenia-stateless\/2019\/06\/42ca432f-doniraj-1024x352.jpg 1024w, https:\/\/www.greenpeace.org\/static\/planet4-slovenia-stateless\/2019\/06\/42ca432f-doniraj-2048x705.jpg 2048w, https:\/\/www.greenpeace.org\/static\/planet4-slovenia-stateless\/2019\/06\/42ca432f-doniraj-510x176.jpg 510w\" class=\"wp-image-2046 size-full\"\n                    \/>\n                <\/figure>\n                <\/div>\n                \n                <\/div>\n                \n                <\/div>\n                \n                ","protected":false},"excerpt":{"rendered":"<p>Greenpeace ne sprejema finan\u010dnih sredstev in\u0161titucij EU, vlad, korporacij ali politi\u010dnih strank &#8211; na\u0161e delo je mogo\u010de le zaradi donacij posameznikov.<\/p>\n","protected":false},"author":25,"featured_media":1565,"parent":9,"menu_order":6,"comment_status":"closed","ping_status":"closed","template":"","meta":{"ep_exclude_from_search":false,"p4_hide_page_title_checkbox":"on","p4_title":"","p4_subtitle":"","p4_description":"","background_image_id":"","background_image":"","p4_button_title":"","p4_button_link":"","p4_button_link_checkbox":"","p4_og_title":"","p4_og_description":"","p4_og_image":"","p4_og_image_id":"","p4_seo_canonical_url":"","p4_campaign_name":"not set","p4_local_project":"not set","p4_basket_name":"not set","p4_department":"","footnotes":""},"categories":[44],"tags":[27],"class_list":["post-2045","page","type-page","status-publish","has-post-thumbnail","hentry","category-o-nas","tag-greenpeace"],"_links":{"self":[{"href":"https:\/\/www.greenpeace.org\/slovenia\/wp-json\/wp\/v2\/pages\/2045","targetHints":{"allow":["GET"]}}],"collection":[{"href":"https:\/\/www.greenpeace.org\/slovenia\/wp-json\/wp\/v2\/pages"}],"about":[{"href":"https:\/\/www.greenpeace.org\/slovenia\/wp-json\/wp\/v2\/types\/page"}],"author":[{"embeddable":true,"href":"https:\/\/www.greenpeace.org\/slovenia\/wp-json\/wp\/v2\/users\/25"}],"replies":[{"embeddable":true,"href":"https:\/\/www.greenpeace.org\/slovenia\/wp-json\/wp\/v2\/comments?post=2045"}],"version-history":[{"count":10,"href":"https:\/\/www.greenpeace.org\/slovenia\/wp-json\/wp\/v2\/pages\/2045\/revisions"}],"predecessor-version":[{"id":52696,"href":"https:\/\/www.greenpeace.org\/slovenia\/wp-json\/wp\/v2\/pages\/2045\/revisions\/52696"}],"up":[{"embeddable":true,"href":"https:\/\/www.greenpeace.org\/slovenia\/wp-json\/wp\/v2\/pages\/9"}],"wp:featuredmedia":[{"embeddable":true,"href":"https:\/\/www.greenpeace.org\/slovenia\/wp-json\/wp\/v2\/media\/1565"}],"wp:attachment":[{"href":"https:\/\/www.greenpeace.org\/slovenia\/wp-json\/wp\/v2\/media?parent=2045"}],"wp:term":[{"taxonomy":"category","embeddable":true,"href":"https:\/\/www.greenpeace.org\/slovenia\/wp-json\/wp\/v2\/categories?post=2045"},{"taxonomy":"post_tag","embeddable":true,"href":"https:\/\/www.greenpeace.org\/slovenia\/wp-json\/wp\/v2\/tags?post=2045"}],"curies":[{"name":"wp","href":"https:\/\/api.w.org\/{rel}","templated":true}]}}

<div class="wp-block-group alignfull is-layout-flow wp-block-group-is-layout-flow">
                
                <div class="wp-block-group container is-layout-flow wp-block-group-is-layout-flow">
                
                <div class="wp-block-media-text alignfull has-media-on-the-right is-stacked-on-mobile is-pattern-p4-page-header is-style-parallax">

                <div class="wp-block-media-text__content">
                    <div class="wp-block-group is-layout-flow wp-block-group-is-layout-flow">
                    
                        <h1 class="wp-block-heading has-white-background-color has-background">
                            Doniraj
                        </h1>
                    </div>
                

                
                        <p style="font-size:1.25rem">
                            Pri Greenpeacu smo počaščeni, da naše delo skoraj v celoti financiramo z donacijami strastnih posameznikov, ki jim je mar za planet in nam želijo pomagati pri ustvarjanju sprememb ter z nekaterimi nepovratnimi sredstvi zasebnih dobrodelnih fundacij, s katerimi delimo enake vrednote.

Pri zbiranju sredstev in v našem finančnem poslovanju zagotavljamo popolno transparentnost, zato na regijski ravni javno poročamo o svojih gospodarskih, okoljskih in družbenih rezultatih. Te informacije vsakoletno delimo v naših Poročilih o odgovornosti (<em>ang. Annual reports</em>), ki so dostopna na spletni strani <a href="https://spenden.greenpeace.at/help">Greenpeacea v Avstriji</a>. Zadnje poročilo je dostopno <a href="https://greenpeace.at/ueber-uns/jahresbericht/">tukaj</a>.

<strong>Brez vaše podpore bi se naše delo ustavilo. Podprite nas z enkratno ali mesečno donacijo:</strong>
                        </p>
                    

                
                        <div class="wp-block-buttons is-layout-flex wp-block-buttons-is-layout-flex">
                            
                        </div>
                        <div class="wp-block-button is-style-cta">
                            <a class="wp-block-button__link wp-element-button" href="https://podpiram.greenpeace.si/donacija/" target="_blank" rel="noreferrer noopener">
                                Doniraj
                            </a>
                        </div>
                    

                </div>
                <figure class="wp-block-media-text__media">
                    <img loading="lazy" decoding="async" width="7344" height="2528"
                        src="https://www.greenpeace.org/static/planet4-slovenia-stateless/2019/06/42ca432f-doniraj.jpg"
                        alt=""
                        sizes="auto, (min-width: 601px) 50vw, 100vw" srcset="https://www.greenpeace.org/static/planet4-slovenia-stateless/2019/06/42ca432f-doniraj.jpg 7344w, https://www.greenpeace.org/static/planet4-slovenia-stateless/2019/06/42ca432f-doniraj-300x103.jpg 300w, https://www.greenpeace.org/static/planet4-slovenia-stateless/2019/06/42ca432f-doniraj-768x264.jpg 768w, https://www.greenpeace.org/static/planet4-slovenia-stateless/2019/06/42ca432f-doniraj-1024x352.jpg 1024w, https://www.greenpeace.org/static/planet4-slovenia-stateless/2019/06/42ca432f-doniraj-2048x705.jpg 2048w, https://www.greenpeace.org/static/planet4-slovenia-stateless/2019/06/42ca432f-doniraj-510x176.jpg 510w" class="wp-image-2046 size-full"
                    />
                </figure>
                </div>
                
                </div>
                
                </div>

<p>Greenpeace ne sprejema finančnih sredstev inštitucij EU, vlad, korporacij ali političnih strank &#8211; naše delo je mogoče le zaradi donacij posameznikov.</p>
