{"id":3619,"date":"2021-01-18T13:00:36","date_gmt":"2021-01-18T13:00:36","guid":{"rendered":"https:\/\/www.greenpeace.org\/slovenia\/?page_id=3619"},"modified":"2025-07-02T09:41:54","modified_gmt":"2025-07-02T07:41:54","slug":"spletna-projekcija-filma-kako-spremeniti-svet","status":"publish","type":"page","link":"https:\/\/www.greenpeace.org\/slovenia\/spletna-projekcija-filma-kako-spremeniti-svet\/","title":{"rendered":"Spletna projekcija filma \u00bbKako spremeniti svet\u00ab"},"content":{"rendered":"\n                    <div class=\"wp-block-group is-vertical is-layout-flex wp-container-core-group-is-layout-8cf370e7 wp-block-group-is-layout-flex\">\n                    \n\n                    \n                    <\/div>\n                    \n<p><strong>V torek, 26. 1. 2021, <\/strong>smo priredili brezpla\u010dno spletno projekcijo dokumentarnega filma <strong>\u00bbKako spremeniti svet\u00ab.<\/strong>\u00a0Na dogodek se je prijavilo preko 300 ljudi, projekcija filma pa se je za\u010dela iz pribli\u017eno 150 razli\u010dnih prijav.<\/p>\n\n<h2 class=\"wp-block-heading\">Zakaj smo dogodek organizirali?<\/h2>\n\n<p>Leto 2021 je leto, ko bo Greenpeace kot okoljevarstvena organizacija dopolnil <strong>abrahama<\/strong>.<strong> <\/strong>Minilo je<strong> 50 let<\/strong> od prvih zametkov, ko se je skupina pogumnih aktivistov iz Vancouvra v zarjaveli ladji&nbsp; podala na morje proti Am\u010ditki na Aljaski, da bi prepre\u010dila jedrski poskus ameri\u0161ke vlade. Kar se je za\u010delo kot spontana reakcija proti oboro\u017eevalni tekmi, se je pod vodstvom radikalnega misleca <strong>Roberta Hunterja<\/strong> raz\u0161irilo v globalno ekolo\u0161ko gibanje, ki so ga poimenovali Greenpeace.<\/p>\n\n<p>V \u010dast na\u0161im pionirjem in ekolo\u0161kemu boju skozi vsa ta leta smo pripravili projekcijo dokumentarnega filma z naslovom <strong>\u00bbKako spremeniti svet\u00ab<\/strong>, ki preko arhivskih posnetkov, intervjujev in zapisov iz dnevnikov Roberta Hunterja ori\u0161e za\u010detke in nadaljnji razvoj na\u0161e organizacije. Vabimo vas, da z ogledom filma spoznate kako je Greenpeace v sedemdesetih letih pri\u010del spreminjati svet in vplivati na odlo\u010ditve vlad, ki so dotlej brezvestno pobijale kite in tjulnje, brezmejno onesna\u017eevale okolje in izvajale jedrske poskuse v morjih. Nekatera na\u010dela in ideje, ki so se takrat rodile veljajo in zaznamujejo na\u0161o organizacijo \u0161e danes. Prva med njimi je ideja<strong> mirnega, nenasilnega <\/strong>in<strong> neposrednega delovanja<\/strong>, po kateri je Greenpeace zaslovel in bo vedno predstavljal na\u0161e temeljno na\u010delo.<\/p>\n<div data-render=\"planet4-blocks\/happypoint\" data-attributes=\"{&quot;attributes&quot;:{&quot;focus_image&quot;:&quot;55.00000000000001% 23%&quot;,&quot;id&quot;:3621,&quot;opacity&quot;:30,&quot;override_default_content&quot;:false,&quot;local_content_provider&quot;:&quot;none&quot;}}\"><\/div>\n<p><\/p>\n\n<h2 class=\"wp-block-heading\">Napovednik filma<\/h2>\n\n<p>Danes je Greenpeace <strong>globalna organizacija<\/strong> in se je v vseh teh petdesetih letih raz\u0161iril v ve\u010d kot <strong>55 dr\u017eav po svetu<\/strong>. Na\u0161e poslanstvo je boj proti vsem oblikam zlorabe okolja. Bili smo klju\u010dni akter za skoraj popolno izkoreninjenje lova kitov in konec jedrskih poskusov po vsem svetu. Brez na\u0161ih podpornikov z njihovimi mese\u010dnimi donacijami in na\u0161e velike globalne mre\u017ee aktivistov in prostovoljcev pa to sploh ne bi bilo mogo\u010de.&nbsp;<\/p>\n\n<figure class=\"wp-block-embed-youtube aligncenter wp-block-embed is-type-video is-provider-youtube wp-embed-aspect-16-9 wp-has-aspect-ratio\"><div class=\"wp-block-embed__wrapper\">\n<lite-youtube style=\"background-image: url('https:\/\/i.ytimg.com\/vi\/U-XQAN9L_MQ\/hqdefault.jpg');\" videoid=\"U-XQAN9L_MQ\" params=\"rel=0\"><\/lite-youtube>\n<\/div><\/figure>\n\n<p><\/p>\n\n<h2 class=\"wp-block-heading\">Komu je film namenjen?<\/h2>\n\n<p>Film je namenjen vsem starej\u0161im od 18 let, ki jih zanima delovanje na\u0161e organizacije in kako je nastala. Vabimo vas, da si ogledate film in spoznate ali \u017eelite tudi vi biti del te velike zgodbe. Posebej ga namenjamo tistim, ki bi podobno kot na\u0161i pionirji zapluli z nami v aktivisti\u010dne vode proti izzivom, ki \u010dakajo pred nami.&nbsp;<\/p>\n\n<p><\/p>\n\n<h2 class=\"wp-block-heading\">Si \u017eeli\u0161 postati okoljski aktivist\/ka?<\/h2>\n\n<p>Zaradi gro\u017enje podnebnih sprememb in izgube biotske raznovrstnosti na\u0161e delovanje postaja pomembnej\u0161e kot kdajkoli prej. Od na\u0161ih odlo\u010devalcev moramo odlo\u010dno zahtevati konec dobe fosilnih goriv ter preiti v trajnostno in pravi\u010dno dru\u017ebo za vse.&nbsp;<\/p>\n\n<p>Brez na\u0161e velike globalne mre\u017ee prostovoljcev in aktivistov si tega boja ne znamo predstavljati, saj je srce Greenpeaca in je klju\u010dna za izvedbo na\u0161ih aktivnosti.&nbsp;<\/p>\n\n<p>Vedno i\u0161\u010demo in smo odprti za strastne ljudi, ki se nam \u017eelijo pridru\u017eiti. \u010ce te torej skrbi za na\u0161o prihodnost in bi rad\/a glede tega kaj storil\/a, te vabimo, da si najprej ogleda\u0161 dokumentarni film, nato pa te bomo obvestili o nadaljnjih korakih in izobra\u017eevanjih za sodelovanje v na\u0161ih akcijah.&nbsp;<\/p>\n<div data-render=\"planet4-blocks\/columns\" data-attributes=\"{&quot;attributes&quot;:{&quot;columns_block_style&quot;:&quot;icons&quot;,&quot;columns_title&quot;:&quot;&quot;,&quot;columns_description&quot;:&quot;Seveda je ogled filma dobrodo\\u0161el tudi za vse ostale, ki bi vas utegnil zanimati. Pri na\\u0161em delovanju pa lahko pomagate tudi kot:&quot;,&quot;columns&quot;:[{&quot;title&quot;:&quot;DONATORJI&quot;,&quot;description&quot;:&quot;Greenpeace je svojo neodvisnost vedno videl kot klju\\u010d za svoj uspeh. Dejstvo, da nikoli ne sprejemamo sredstev od korporacij, vlad in vladnih institucij, je zelo pomembno. Hvale\\u017eni smo vsem fizi\\u010dnim osebam, ki nas finan\\u010dno podpirajo po vsem svetu in nam tako omogo\\u010dajo uresni\\u010devati ambiciozne kampanje v tem boju. Tudi vi nam lahko pomagate v obliki mese\\u010dne ali enkratne donacije.\\n&quot;,&quot;attachment&quot;:&quot;https:\\\/\\\/www.greenpeace.org\\\/static\\\/planet4-slovenia-stateless\\\/2019\\\/04\\\/c53e87c7-65de2860-icon-chisiamo-150x150.png&quot;,&quot;cta_link&quot;:&quot;https:\\\/\\\/cee.donate.greenpeace.org\\\/sl\\\/campaigns\\\/?utm_source=greenpeace.org&amp;utm_medium=referral&amp;utm_campaign=CEE_SI_005_Donate&amp;utm_term=P4visitors&quot;,&quot;cta_text&quot;:&quot;&gt;&gt; DONIRAJ&quot;,&quot;link_new_tab&quot;:true,&quot;attachment_srcset&quot;:false},{&quot;title&quot;:&quot;PODPORNIKI&quot;,&quot;description&quot;:&quot;Lahko pa nam pomagate tudi s spletnim aktivizmom, s podpisom na\\u0161ih peticij, deljenjem na\\u0161ih pozivov, pisanjem pisem in pozivov na\\u0161im odlo\\u010devalcem. Ve\\u010d o na\\u0161em delu, kampanjah in peticijah si lahko preberete na spletni strani:\\n\\n&quot;,&quot;attachment&quot;:&quot;https:\\\/\\\/storage.googleapis.com\\\/planet4-slovenia-stateless-develop\\\/2019\\\/02\\\/c47e570f-support-us-2.png&quot;,&quot;cta_link&quot;:&quot;https:\\\/\\\/www.greenpeace.org\\\/slovenia\\\/ukrepaj\\\/&quot;,&quot;cta_text&quot;:&quot;&gt;&gt; UKREPAJ!&quot;,&quot;link_new_tab&quot;:true,&quot;attachment_srcset&quot;:false}],&quot;className&quot;:&quot;block-wide enform-full-width-bg&quot;}}\"><\/div>\n<div class=\"wp-block-buttons aligncenter is-layout-flex wp-block-buttons-is-layout-flex\"><\/div>\n\n<p><\/p>\n","protected":false},"excerpt":{"rendered":"<p>V torek, 26. 1. 2021, smo priredili brezpla\u010dno spletno projekcijo dokumentarnega filma \u00bbKako spremeniti svet\u00ab.\u00a0Na dogodek se je prijavilo preko 300 ljudi, projekcija filma pa se je za\u010dela iz pribli\u017eno 150 razli\u010dnih prijav. Zakaj smo dogodek organizirali? Leto 2021 je leto, ko bo Greenpeace kot okoljevarstvena organizacija dopolnil abrahama. Minilo je 50 let od prvih [&hellip;]<\/p>\n","protected":false},"author":25,"featured_media":3621,"parent":0,"menu_order":0,"comment_status":"closed","ping_status":"closed","template":"","meta":{"ep_exclude_from_search":false,"p4_hide_page_title_checkbox":"","p4_title":"","p4_subtitle":"","p4_description":"","background_image_id":"","background_image":"","p4_button_title":"","p4_button_link":"","p4_button_link_checkbox":"","p4_og_title":"","p4_og_description":"","p4_og_image":"","p4_og_image_id":"","p4_seo_canonical_url":"","p4_campaign_name":"not set","p4_local_project":"not set","p4_basket_name":"not set","p4_department":"","footnotes":""},"categories":[44],"tags":[26,27],"class_list":["post-3619","page","type-page","status-publish","has-post-thumbnail","hentry","category-o-nas","tag-aktivizem","tag-greenpeace"],"_links":{"self":[{"href":"https:\/\/www.greenpeace.org\/slovenia\/wp-json\/wp\/v2\/pages\/3619","targetHints":{"allow":["GET"]}}],"collection":[{"href":"https:\/\/www.greenpeace.org\/slovenia\/wp-json\/wp\/v2\/pages"}],"about":[{"href":"https:\/\/www.greenpeace.org\/slovenia\/wp-json\/wp\/v2\/types\/page"}],"author":[{"embeddable":true,"href":"https:\/\/www.greenpeace.org\/slovenia\/wp-json\/wp\/v2\/users\/25"}],"replies":[{"embeddable":true,"href":"https:\/\/www.greenpeace.org\/slovenia\/wp-json\/wp\/v2\/comments?post=3619"}],"version-history":[{"count":20,"href":"https:\/\/www.greenpeace.org\/slovenia\/wp-json\/wp\/v2\/pages\/3619\/revisions"}],"predecessor-version":[{"id":52827,"href":"https:\/\/www.greenpeace.org\/slovenia\/wp-json\/wp\/v2\/pages\/3619\/revisions\/52827"}],"wp:featuredmedia":[{"embeddable":true,"href":"https:\/\/www.greenpeace.org\/slovenia\/wp-json\/wp\/v2\/media\/3621"}],"wp:attachment":[{"href":"https:\/\/www.greenpeace.org\/slovenia\/wp-json\/wp\/v2\/media?parent=3619"}],"wp:term":[{"taxonomy":"category","embeddable":true,"href":"https:\/\/www.greenpeace.org\/slovenia\/wp-json\/wp\/v2\/categories?post=3619"},{"taxonomy":"post_tag","embeddable":true,"href":"https:\/\/www.greenpeace.org\/slovenia\/wp-json\/wp\/v2\/tags?post=3619"}],"curies":[{"name":"wp","href":"https:\/\/api.w.org\/{rel}","templated":true}]}}