{"id":49625,"date":"2022-03-08T07:46:26","date_gmt":"2022-03-08T07:46:26","guid":{"rendered":"https:\/\/www.greenpeace.org\/slovenia\/?page_id=49625"},"modified":"2024-07-30T13:32:23","modified_gmt":"2024-07-30T13:32:23","slug":"postani-prostovoljec_ka","status":"publish","type":"page","link":"https:\/\/www.greenpeace.org\/slovenia\/ukrepaj\/postani-prostovoljec_ka\/","title":{"rendered":"Postani prostovoljec_ka"},"content":{"rendered":"\n<p><em>(if you would like to see this page in English, please follow <a href=\"https:\/\/www.greenpeace.org\/slovenia\/become-a-volunteer\/\">this link<\/a>.<\/em>)<\/p>\n\n<p><strong>Greenpeace je organizacija, ki jo poganjajo ljudje, donacije pa omogo\u010dajo vsak na\u0161 korak! Skupaj ozave\u0161\u010damo in ukrepamo!<\/strong><\/p>\n\n<p>Vsak_a ima mo\u010d pomagati ustvariti bolj pravi\u010dno, po\u0161teno in sonaravno prihodnost. Obstaja veliko na\u010dinov, kako lahko pomaga\u0161, vklju\u010dno s sodelovanjem v na\u0161ih kampanjah, obiskovanjem sre\u010danj ali dogodkov, sodelovanjem v akcijah in celo z organizacijo lastnih aktivnosti.<\/p>\n\n<p>Registriraj se tukaj, \u010de \u017eeli\u0161 postati prostovoljka_ec in del svojega dragocenega \u010dasa in energije posvetiti nam. Izjemno vesele_i bomo tvoje pomo\u010di! \ud83d\ude42<\/p>\n\n<p><strong>Kaj vse lahko storite v okviru prostovoljstva?<\/strong><\/p>\n\n<ol class=\"wp-block-list\">\n<li><strong>Organizacija javnih prireditev in aktivnosti ter sodelovanje pri njih<\/strong> \u2013 Pomo\u010d pri organizaciji demonstracij, protestov, gverilskih akcij, drugih dogodkov in aktivnosti.&nbsp;<\/li>\n\n\n\n<li><strong>Nenasilne neposredne akcije<\/strong> \u2013 Ozave\u0161\u010danje javnosti o okoljskih zlo\u010dinih in nepremi\u0161ljenem delovanju tistih, ki uni\u010dujejo Zemljo tako doma kot v tujini. Prostovoljke_ci lahko po opravljenem akcijskem usposabljanju sodelujejo tako pri pripravah kot pri samih dogodkih.<\/li>\n\n\n\n<li><strong>Pisanje \u010dlankov<\/strong> \u2013 Pisanje \u010dlankov za spletno stran ali \u010dasopis Greenpeace.<\/li>\n\n\n\n<li><strong>Spletni aktivizem<\/strong> \u2013 Pisanje na forumih, podpisovanje peticij, pomo\u010d pri delu s socialnimi omre\u017eji.<\/li>\n\n\n\n<li><strong>Zastopanje Greenpeacea v javnosti<\/strong> \u2013 Obve\u0161\u010danje o delu Greenpeacea na info stojnicah, predavanja, predstavitve.<\/li>\n\n\n\n<li><strong>Strokovno delo<\/strong> \u2013 Pomo\u010d pri strokovnih aktivnostih za na\u0161e akcije v sodelovanju s sodelavkami_ci v na\u0161i pisarni.<\/li>\n<\/ol>\n\n<p><em>Izpolni vpra\u0161alnik in kontaktirali te bomo z datumom prvega sre\u010danja, na katerem se bomo dogovorili o vseh informacijah za tvojo vklju\u010ditev.<\/em><\/p>\n","protected":false},"excerpt":{"rendered":"<p>Greenpeace je organizacija, ki jo poganjajo ljudje, prostovoljni prispevki pa dajejo mo\u010d vsakemu na\u0161emu koraku! Skupaj \u0161irimo zavedanje in ukrepamo!<\/p>\n","protected":false},"author":25,"featured_media":50111,"parent":9,"menu_order":5,"comment_status":"closed","ping_status":"closed","template":"","meta":{"ep_exclude_from_search":false,"p4_hide_page_title_checkbox":"","p4_title":"Postani prostovoljec_ka","p4_subtitle":"","p4_description":"","background_image_id":"50267","background_image":"https:\/\/www.greenpeace.org\/static\/planet4-slovenia-stateless\/2023\/05\/d4f77e11-photo2-scaled.jpg","p4_button_title":"Prijavi se in za\u010dni svoje potovanje","p4_button_link":"","p4_button_link_checkbox":"","p4_og_title":"","p4_og_description":"","p4_og_image":"","p4_og_image_id":"","p4_seo_canonical_url":"","p4_campaign_name":"not set","p4_local_project":"not set","p4_basket_name":"not set","p4_department":"","footnotes":""},"categories":[44],"tags":[27,26],"class_list":["post-49625","page","type-page","status-publish","has-post-thumbnail","hentry","category-o-nas","tag-greenpeace","tag-aktivizem"],"_links":{"self":[{"href":"https:\/\/www.greenpeace.org\/slovenia\/wp-json\/wp\/v2\/pages\/49625","targetHints":{"allow":["GET"]}}],"collection":[{"href":"https:\/\/www.greenpeace.org\/slovenia\/wp-json\/wp\/v2\/pages"}],"about":[{"href":"https:\/\/www.greenpeace.org\/slovenia\/wp-json\/wp\/v2\/types\/page"}],"author":[{"embeddable":true,"href":"https:\/\/www.greenpeace.org\/slovenia\/wp-json\/wp\/v2\/users\/25"}],"replies":[{"embeddable":true,"href":"https:\/\/www.greenpeace.org\/slovenia\/wp-json\/wp\/v2\/comments?post=49625"}],"version-history":[{"count":12,"href":"https:\/\/www.greenpeace.org\/slovenia\/wp-json\/wp\/v2\/pages\/49625\/revisions"}],"predecessor-version":[{"id":51763,"href":"https:\/\/www.greenpeace.org\/slovenia\/wp-json\/wp\/v2\/pages\/49625\/revisions\/51763"}],"up":[{"embeddable":true,"href":"https:\/\/www.greenpeace.org\/slovenia\/wp-json\/wp\/v2\/pages\/9"}],"wp:featuredmedia":[{"embeddable":true,"href":"https:\/\/www.greenpeace.org\/slovenia\/wp-json\/wp\/v2\/media\/50111"}],"wp:attachment":[{"href":"https:\/\/www.greenpeace.org\/slovenia\/wp-json\/wp\/v2\/media?parent=49625"}],"wp:term":[{"taxonomy":"category","embeddable":true,"href":"https:\/\/www.greenpeace.org\/slovenia\/wp-json\/wp\/v2\/categories?post=49625"},{"taxonomy":"post_tag","embeddable":true,"href":"https:\/\/www.greenpeace.org\/slovenia\/wp-json\/wp\/v2\/tags?post=49625"}],"curies":[{"name":"wp","href":"https:\/\/api.w.org\/{rel}","templated":true}]}}

<p><em>(if you would like to see this page in English, please follow <a href="https://www.greenpeace.org/slovenia/become-a-volunteer/">this link</a>.</em>)</p>

<p><strong>Greenpeace je organizacija, ki jo poganjajo ljudje, donacije pa omogočajo vsak naš korak! Skupaj ozaveščamo in ukrepamo!</strong></p>

<p>Vsak_a ima moč pomagati ustvariti bolj pravično, pošteno in sonaravno prihodnost. Obstaja veliko načinov, kako lahko pomagaš, vključno s sodelovanjem v naših kampanjah, obiskovanjem srečanj ali dogodkov, sodelovanjem v akcijah in celo z organizacijo lastnih aktivnosti.</p>

<p>Registriraj se tukaj, če želiš postati prostovoljka_ec in del svojega dragocenega časa in energije posvetiti nam. Izjemno vesele_i bomo tvoje pomoči! 🙂</p>

<p><strong>Kaj vse lahko storite v okviru prostovoljstva?</strong></p>

<ol class="wp-block-list">
<li><strong>Organizacija javnih prireditev in aktivnosti ter sodelovanje pri njih</strong> – Pomoč pri organizaciji demonstracij, protestov, gverilskih akcij, drugih dogodkov in aktivnosti.&nbsp;</li>



<li><strong>Nenasilne neposredne akcije</strong> – Ozaveščanje javnosti o okoljskih zločinih in nepremišljenem delovanju tistih, ki uničujejo Zemljo tako doma kot v tujini. Prostovoljke_ci lahko po opravljenem akcijskem usposabljanju sodelujejo tako pri pripravah kot pri samih dogodkih.</li>



<li><strong>Pisanje člankov</strong> – Pisanje člankov za spletno stran ali časopis Greenpeace.</li>



<li><strong>Spletni aktivizem</strong> – Pisanje na forumih, podpisovanje peticij, pomoč pri delu s socialnimi omrežji.</li>



<li><strong>Zastopanje Greenpeacea v javnosti</strong> – Obveščanje o delu Greenpeacea na info stojnicah, predavanja, predstavitve.</li>



<li><strong>Strokovno delo</strong> – Pomoč pri strokovnih aktivnostih za naše akcije v sodelovanju s sodelavkami_ci v naši pisarni.</li>
</ol>

<p><em>Izpolni vprašalnik in kontaktirali te bomo z datumom prvega srečanja, na katerem se bomo dogovorili o vseh informacijah za tvojo vključitev.</em></p>

<p>Greenpeace je organizacija, ki jo poganjajo ljudje, prostovoljni prispevki pa dajejo moč vsakemu našemu koraku! Skupaj širimo zavedanje in ukrepamo!</p>

Prijavi se in začni svoje potovanje
