{"id":50123,"date":"2023-04-03T07:43:31","date_gmt":"2023-04-03T07:43:31","guid":{"rendered":"https:\/\/www.greenpeace.org\/slovenia\/?page_id=50123"},"modified":"2024-03-26T11:45:59","modified_gmt":"2024-03-26T11:45:59","slug":"podnebni-zlocin","status":"publish","type":"page","link":"https:\/\/www.greenpeace.org\/slovenia\/ukrepaj\/podnebni-zlocin\/","title":{"rendered":"Podnebni zlo\u010din"},"content":{"rendered":"\n                    <div class=\"wp-block-group is-vertical is-layout-flex wp-container-core-group-is-layout-8cf370e7 wp-block-group-is-layout-flex\">\n                    \n                                <p>Preglej obto\u017enice osumljenih kaznivega dejanja in postani sodnik Podnebnega zlo\u010dina 2023.\n\nZa Podnebni zlo\u010din 2023 je ljudstvo izglasovalo &#8230;<\/p>\n                            \n\n                    \n                            <div class=\"wp-block-buttons is-layout-flex wp-block-buttons-is-layout-flex\">\n                            <div class=\"wp-block-button\">\n                                <a class=\"wp-block-button__link wp-element-button\" href=\"https:\/\/podpiram.greenpeace.si\/podnebni-zlocin\/\" target=\"\" rel=\"noreferrer noopener\">\n                                    OGLEJ SI OSUMLJENE\n                                <\/a>\n                            <\/div>\n                            <\/div>\n                            \n                    <\/div>\n                    \n<div class=\"wp-block-group block is-pattern-p4-take-action-pattern-layout is-layout-flow wp-block-group-is-layout-flow\">\n\n<div class=\"wp-block-group alignfull is-layout-flow wp-block-group-is-layout-flow\" style=\"padding-top:56px;padding-bottom:56px\">\n<div class=\"wp-block-group container is-layout-flow wp-block-group-is-layout-flow\"><\/div>\n<\/div>\n\n<\/div>\n<div data-render=\"planet4-blocks\/happypoint\" data-attributes=\"{&quot;attributes&quot;:{&quot;opacity&quot;:100,&quot;id&quot;:50120,&quot;override_default_content&quot;:true,&quot;local_content_provider&quot;:&quot;none&quot;}}\"><\/div>\n<p><\/p>\n\n<p><\/p>\n\n<p><\/p>\n\n<p><\/p>\n\n<p><\/p>\n\n<p><\/p>\n","protected":false},"excerpt":{"rendered":"<p>Preglej obto\u017enice osumljenih kaznivega dejanja in postani sodnik Podnebnega zlo\u010dina 2023.<\/p>\n<p>Razsodba v imenu ljudstva se bo zgodila 22. aprila na dan Zemlje.<\/p>\n","protected":false},"author":25,"featured_media":50124,"parent":9,"menu_order":1,"comment_status":"closed","ping_status":"closed","template":"","meta":{"ep_exclude_from_search":false,"p4_hide_page_title_checkbox":"","p4_title":"","p4_subtitle":"","p4_description":"","background_image_id":"","background_image":"","p4_button_title":"","p4_button_link":"","p4_button_link_checkbox":"","p4_og_title":"Podnebni zlo\u010din","p4_og_description":"Preglej obto\u017enice osumljenih kaznivega dejanja in postani sodnik Podnebnega zlo\u010dina 2023.\n\nRazsodba v imenu ljudstva se bo zgodila 22. aprila na dan Zemlje.","p4_og_image":"","p4_og_image_id":"","p4_seo_canonical_url":"","p4_campaign_name":"","p4_local_project":"","p4_basket_name":"Climate &amp; Energy","p4_department":"","footnotes":""},"categories":[45],"tags":[23],"class_list":["post-50123","page","type-page","status-publish","has-post-thumbnail","hentry","category-podnebje","tag-podnebje"],"_links":{"self":[{"href":"https:\/\/www.greenpeace.org\/slovenia\/wp-json\/wp\/v2\/pages\/50123","targetHints":{"allow":["GET"]}}],"collection":[{"href":"https:\/\/www.greenpeace.org\/slovenia\/wp-json\/wp\/v2\/pages"}],"about":[{"href":"https:\/\/www.greenpeace.org\/slovenia\/wp-json\/wp\/v2\/types\/page"}],"author":[{"embeddable":true,"href":"https:\/\/www.greenpeace.org\/slovenia\/wp-json\/wp\/v2\/users\/25"}],"replies":[{"embeddable":true,"href":"https:\/\/www.greenpeace.org\/slovenia\/wp-json\/wp\/v2\/comments?post=50123"}],"version-history":[{"count":13,"href":"https:\/\/www.greenpeace.org\/slovenia\/wp-json\/wp\/v2\/pages\/50123\/revisions"}],"predecessor-version":[{"id":50580,"href":"https:\/\/www.greenpeace.org\/slovenia\/wp-json\/wp\/v2\/pages\/50123\/revisions\/50580"}],"up":[{"embeddable":true,"href":"https:\/\/www.greenpeace.org\/slovenia\/wp-json\/wp\/v2\/pages\/9"}],"wp:featuredmedia":[{"embeddable":true,"href":"https:\/\/www.greenpeace.org\/slovenia\/wp-json\/wp\/v2\/media\/50124"}],"wp:attachment":[{"href":"https:\/\/www.greenpeace.org\/slovenia\/wp-json\/wp\/v2\/media?parent=50123"}],"wp:term":[{"taxonomy":"category","embeddable":true,"href":"https:\/\/www.greenpeace.org\/slovenia\/wp-json\/wp\/v2\/categories?post=50123"},{"taxonomy":"post_tag","embeddable":true,"href":"https:\/\/www.greenpeace.org\/slovenia\/wp-json\/wp\/v2\/tags?post=50123"}],"curies":[{"name":"wp","href":"https:\/\/api.w.org\/{rel}","templated":true}]}}

Podnebni zločin

<div class="wp-block-group is-vertical is-layout-flex wp-container-core-group-is-layout-8cf370e7 wp-block-group-is-layout-flex">
                    
                                <p>Preglej obtožnice osumljenih kaznivega dejanja in postani sodnik Podnebnega zločina 2023.

Za Podnebni zločin 2023 je ljudstvo izglasovalo &#8230;</p>
                            

                    
                            <div class="wp-block-buttons is-layout-flex wp-block-buttons-is-layout-flex">
                            <div class="wp-block-button">
                                <a class="wp-block-button__link wp-element-button" href="https://podpiram.greenpeace.si/podnebni-zlocin/" target="" rel="noreferrer noopener">
                                    OGLEJ SI OSUMLJENE
                                </a>
                            </div>
                            </div>
                            
                    </div>
                    
<div class="wp-block-group block is-pattern-p4-take-action-pattern-layout is-layout-flow wp-block-group-is-layout-flow">

<div class="wp-block-group alignfull is-layout-flow wp-block-group-is-layout-flow" style="padding-top:56px;padding-bottom:56px">
<div class="wp-block-group container is-layout-flow wp-block-group-is-layout-flow"></div>
</div>

</div>
<div data-render="planet4-blocks/happypoint" data-attributes="{&quot;attributes&quot;:{&quot;opacity&quot;:100,&quot;id&quot;:50120,&quot;override_default_content&quot;:true,&quot;local_content_provider&quot;:&quot;none&quot;}}"></div>
<p></p>

<p></p>

<p></p>

<p></p>

<p></p>

<p></p>

<p>Preglej obtožnice osumljenih kaznivega dejanja in postani sodnik Podnebnega zločina 2023.</p>
<p>Razsodba v imenu ljudstva se bo zgodila 22. aprila na dan Zemlje.</p>

Preglej obtožnice osumljenih kaznivega dejanja in postani sodnik Podnebnega zločina 2023.

Razsodba v imenu ljudstva se bo zgodila 22. aprila na dan Zemlje.
