{"id":60,"date":"2018-05-09T13:35:15","date_gmt":"2018-05-09T13:35:15","guid":{"rendered":"https:\/\/k8s.p4.greenpeace.org\/defaultcontent\/?page_id=60"},"modified":"2026-04-08T10:56:21","modified_gmt":"2026-04-08T08:56:21","slug":"podnebje","status":"publish","type":"page","link":"https:\/\/www.greenpeace.org\/slovenia\/razisci\/podnebje\/","title":{"rendered":"Podnebje"},"content":{"rendered":"\n                    <div class=\"wp-block-group is-vertical is-layout-flex wp-container-core-group-is-layout-8cf370e7 wp-block-group-is-layout-flex\">\n                    \n                                <p>Podnebje se vse hitreje spreminja. Izzivamo mo\u010d fosilnih korporacij, krepimo podporo obnovljivi energiji in energijo, ki jo proizvajajo dr\u017eavljani ter velike onesna\u017eevalce kli\u010demo k odgovornosti. \u010casa za odlo\u010dno ukrepanje zmanjkuje.<\/p>\n                            \n\n                    \n                    <\/div>\n                    <div data-render=\"planet4-blocks\/gallery\" data-attributes=\"{&quot;attributes&quot;:{&quot;gallery_block_style&quot;:2,&quot;gallery_block_title&quot;:&quot;Na\\u0161a vizija&quot;,&quot;gallery_block_description&quot;:&quot;Podjetja s fosilnimi gorivi se bodo borila z zobmi in \\u017eeblji, da nas bodo obdr\\u017eali na poti, ki jim bo prinesla \\u0161e nekaj let dobi\\u010dka - pot, ki nas potiska k prepadu. Enako trdo se moramo boriti - \\u0161e tr\\u0161e - in izkoristiti prilo\\u017enost, da prevzamemo nadzor nad lastno usodo. Mogo\\u010de je to na\\u0161a zadnja prilo\\u017enost. Mi smo tisti, ki smo jih \\u010dakali. Smo generacija, ki bo pre\\u0161la premog in nafto.&quot;,&quot;multiple_image&quot;:&quot;903,2134,1974&quot;,&quot;gallery_block_focus_points&quot;:&quot;{u0022903u0022:u002239% 57.99999999999999%u0022,u00221974u0022:u002250% 50%u0022,u00222134u0022:u002250% 50%u0022}&quot;,&quot;image_data&quot;:[{&quot;url&quot;:&quot;https:\\\/\\\/www.greenpeace.org\\\/static\\\/planet4-slovenia-stateless\\\/2019\\\/03\\\/dd36f897-dd36f897-50811304_2440882685940040_7294652513716797440_org-300x225.jpg&quot;,&quot;focalPoint&quot;:{&quot;x&quot;:0.39,&quot;y&quot;:0.57},&quot;id&quot;:&quot;903&quot;},{&quot;url&quot;:&quot;https:\\\/\\\/www.greenpeace.org\\\/static\\\/planet4-slovenia-stateless\\\/2019\\\/05\\\/2f4a7258-gp036du-300x246.jpg&quot;,&quot;focalPoint&quot;:{&quot;x&quot;:0.5,&quot;y&quot;:0.5},&quot;id&quot;:&quot;1974&quot;},{&quot;url&quot;:&quot;https:\\\/\\\/www.greenpeace.org\\\/static\\\/planet4-slovenia-stateless\\\/2019\\\/07\\\/c4cb6c29-gp0stss5w-300x200.jpg&quot;,&quot;focalPoint&quot;:{&quot;x&quot;:0.5,&quot;y&quot;:0.5},&quot;id&quot;:&quot;2134&quot;}],&quot;images&quot;:[{&quot;image_src&quot;:&quot;https:\\\/\\\/www.greenpeace.org\\\/static\\\/planet4-slovenia-stateless\\\/2019\\\/03\\\/dd36f897-dd36f897-50811304_2440882685940040_7294652513716797440_org-768x575.jpg&quot;,&quot;image_srcset&quot;:&quot;https:\\\/\\\/www.greenpeace.org\\\/static\\\/planet4-slovenia-stateless\\\/2019\\\/03\\\/dd36f897-dd36f897-50811304_2440882685940040_7294652513716797440_org-768x575.jpg 768w, https:\\\/\\\/www.greenpeace.org\\\/static\\\/planet4-slovenia-stateless\\\/2019\\\/03\\\/dd36f897-dd36f897-50811304_2440882685940040_7294652513716797440_org-300x225.jpg 300w, https:\\\/\\\/www.greenpeace.org\\\/static\\\/planet4-slovenia-stateless\\\/2019\\\/03\\\/dd36f897-dd36f897-50811304_2440882685940040_7294652513716797440_org-454x340.jpg 454w, https:\\\/\\\/www.greenpeace.org\\\/static\\\/planet4-slovenia-stateless\\\/2019\\\/03\\\/dd36f897-dd36f897-50811304_2440882685940040_7294652513716797440_org.jpg 800w&quot;,&quot;image_sizes&quot;:&quot;(max-width: 768px) 100vw, 768px&quot;,&quot;alt_text&quot;:&quot;&quot;,&quot;caption&quot;:&quot;&quot;,&quot;focus_image&quot;:&quot;&quot;,&quot;credits&quot;:&quot;&quot;},{&quot;image_src&quot;:&quot;https:\\\/\\\/www.greenpeace.org\\\/static\\\/planet4-slovenia-stateless\\\/2019\\\/07\\\/c4cb6c29-gp0stss5w-768x512.jpg&quot;,&quot;image_srcset&quot;:&quot;https:\\\/\\\/www.greenpeace.org\\\/static\\\/planet4-slovenia-stateless\\\/2019\\\/07\\\/c4cb6c29-gp0stss5w-768x512.jpg 768w, https:\\\/\\\/www.greenpeace.org\\\/static\\\/planet4-slovenia-stateless\\\/2019\\\/07\\\/c4cb6c29-gp0stss5w-300x200.jpg 300w, https:\\\/\\\/www.greenpeace.org\\\/static\\\/planet4-slovenia-stateless\\\/2019\\\/07\\\/c4cb6c29-gp0stss5w-1024x683.jpg 1024w, https:\\\/\\\/www.greenpeace.org\\\/static\\\/planet4-slovenia-stateless\\\/2019\\\/07\\\/c4cb6c29-gp0stss5w-510x340.jpg 510w, https:\\\/\\\/www.greenpeace.org\\\/static\\\/planet4-slovenia-stateless\\\/2019\\\/07\\\/c4cb6c29-gp0stss5w.jpg 1200w&quot;,&quot;image_sizes&quot;:&quot;(max-width: 768px) 100vw, 768px&quot;,&quot;alt_text&quot;:&quot;Akcija na termoelektrarni Meirama v \\u0161panski A Coruni. \\u00a9 Pablo Blazquez \\\/ Greenpeace&quot;,&quot;caption&quot;:&quot;Akcija na termoelektrarni Meirama v \\u0161panski A Coruni. \\u00a9 Pablo Blazquez \\\/ Greenpeace&quot;,&quot;focus_image&quot;:&quot;&quot;,&quot;credits&quot;:&quot;\\u00a9 Pablo Blazquez \\\/ Greenpeace&quot;},{&quot;image_src&quot;:&quot;https:\\\/\\\/www.greenpeace.org\\\/static\\\/planet4-slovenia-stateless\\\/2019\\\/05\\\/2f4a7258-gp036du-768x630.jpg&quot;,&quot;image_srcset&quot;:&quot;https:\\\/\\\/www.greenpeace.org\\\/static\\\/planet4-slovenia-stateless\\\/2019\\\/05\\\/2f4a7258-gp036du-768x630.jpg 768w, https:\\\/\\\/www.greenpeace.org\\\/static\\\/planet4-slovenia-stateless\\\/2019\\\/05\\\/2f4a7258-gp036du-300x246.jpg 300w, https:\\\/\\\/www.greenpeace.org\\\/static\\\/planet4-slovenia-stateless\\\/2019\\\/05\\\/2f4a7258-gp036du-1024x841.jpg 1024w, https:\\\/\\\/www.greenpeace.org\\\/static\\\/planet4-slovenia-stateless\\\/2019\\\/05\\\/2f4a7258-gp036du-414x340.jpg 414w, https:\\\/\\\/www.greenpeace.org\\\/static\\\/planet4-slovenia-stateless\\\/2019\\\/05\\\/2f4a7258-gp036du.jpg 1200w&quot;,&quot;image_sizes&quot;:&quot;(max-width: 768px) 100vw, 768px&quot;,&quot;alt_text&quot;:&quot;Renewable Energy Farm in Germany. \\u00a9 Paul Langrock \\\/ Zenit \\\/ Greenpeace&quot;,&quot;caption&quot;:&quot;Renewable energy facilities on a former US-base in Morbach. Mixture of wind, biomass and solar power run by the JuWi Group.  A Vestas windmill and photovoltaic facilities.&quot;,&quot;focus_image&quot;:&quot;&quot;,&quot;credits&quot;:&quot;\\u00a9 Paul Langrock \\\/ Zenit \\\/ Greenpeace&quot;}]}}\"><\/div>\n    <div class=\"wp-block-query posts-list p4-query-loop is-custom-layout-list is-layout-flow wp-block-query-is-layout-flow\">\n        <div class=\"wp-block-group is-content-justification-space-between is-layout-flex wp-container-core-group-is-layout-3d213aab wp-block-group-is-layout-flex\"><h2 class=\"wp-block-heading\">Zadnje objave<\/h2>\n        <li class=\" wp-block-navigation-item see-all-link wp-block-navigation-link\"><a class=\"wp-block-navigation-item__content\"  href=\"http:\/\/www.greenpeace.org\/slovenia\/news-stories\/?tag=\"><span class=\"wp-block-navigation-item__label\">See all stories<\/span><\/a><\/li>\n        \n        <\/div>\n        \n\n    <p style=\"margin-top: 24px; margin-bottom: 36px;\"><\/p>\n\n    \n\n    <ul class=\"wp-block-post-template is-layout-flow wp-block-post-template-is-layout-flow\"><li class=\"wp-block-post post-79113 post type-post status-publish format-standard has-post-thumbnail hentry category-energetika tag-obnovljivivirienergije\">\n            \n<div class=\"wp-block-columns is-layout-flex wp-container-core-columns-is-layout-9d6595d7 wp-block-columns-is-layout-flex\"><figure class=\"wp-block-post-featured-image\"><a href=\"https:\/\/www.greenpeace.org\/slovenia\/blog\/79113\/svet-na-razpotju-odvisnost-ali-svoboda\/\" target=\"_self\"  ><img loading=\"lazy\" decoding=\"async\" width=\"600\" height=\"460\" src=\"https:\/\/www.greenpeace.org\/static\/planet4-slovenia-stateless\/2026\/04\/f5bb59ba-vlecenje-vrvi.jpg\" class=\"attachment-post-thumbnail size-post-thumbnail wp-post-image wp-stateless-item\" alt=\"Svet na razpotju: odvisnost ali svoboda?\" style=\"object-fit:cover;\" srcset=\"https:\/\/www.greenpeace.org\/static\/planet4-slovenia-stateless\/2026\/04\/f5bb59ba-vlecenje-vrvi.jpg 600w, https:\/\/www.greenpeace.org\/static\/planet4-slovenia-stateless\/2026\/04\/f5bb59ba-vlecenje-vrvi-300x230.jpg 300w, https:\/\/www.greenpeace.org\/static\/planet4-slovenia-stateless\/2026\/04\/f5bb59ba-vlecenje-vrvi-443x340.jpg 443w\" sizes=\"auto, (max-width: 600px) 100vw, 600px\" data-image-size=\"post-thumbnail\" data-stateless-media-bucket=\"planet4-slovenia-stateless\" data-stateless-media-name=\"2026\/04\/f5bb59ba-vlecenje-vrvi.jpg\" \/><\/a><\/figure>\n\n        <div class=\"wp-block-group is-layout-flow wp-block-group-is-layout-flow\">\n                <div class=\"wp-block-group is-layout-flex wp-block-group-is-layout-flex\"><div class=\"wp-block-post-terms\"><a href=\"https:\/\/www.greenpeace.org\/slovenia\/category\/teme\/energetika\/\">Energetika<\/a><\/div>\n                <div class=\"taxonomy-post_tag wp-block-post-terms\"><a href=\"https:\/\/www.greenpeace.org\/slovenia\/tag\/obnovljivivirienergije\/\" rel=\"tag\">Obnovljivi viri energije<\/a><\/div>\n                \n                <\/div>\n                \n        <h3 class=\"wp-block-post-title\"><a href=\"https:\/\/www.greenpeace.org\/slovenia\/blog\/79113\/svet-na-razpotju-odvisnost-ali-svoboda\/\" target=\"_self\" >Svet na razpotju: odvisnost ali svoboda?<\/a><\/h3>\n        <div class=\"wp-block-post-excerpt\"><p class=\"wp-block-post-excerpt__excerpt\">Slovenija in Evropa sta \u0161e vedno mo\u010dno odvisni od uvo\u017eenih fosilnih goriv, kar nas izpostavlja geopoliti\u010dnim in ekonomskim tveganjem. \u010clanek razkriva, kako kratkoro\u010dne re\u0161itve ne odpravijo temeljne ranljivosti in zakaj je prehod na doma\u010de obnovljive vire klju\u010d do energetske avtonomije, trajnosti in stabilnosti. <\/p><\/div>\n        \n        <div class=\"wp-block-group posts-list-meta is-layout-flow wp-block-group-is-layout-flow\"><span class='article-list-item-author'>Nina \u0160tros, Greenpeace<\/span>\n        <div class=\"wp-block-post-date\"><time datetime=\"2026-04-07T12:35:11+02:00\">7 aprila, 2026<\/time><\/div>\n        \n        <\/div>\n        <\/div>\n        <\/div>\n\n            <\/li><li class=\"wp-block-post post-78853 post type-post status-publish format-standard has-post-thumbnail hentry category-energetika tag-jedrska-energija tag-obnovljivivirienergije p4-page-type-sporocilo-za-javnost\">\n            \n<div class=\"wp-block-columns is-layout-flex wp-container-core-columns-is-layout-9d6595d7 wp-block-columns-is-layout-flex\"><figure class=\"wp-block-post-featured-image\"><a href=\"https:\/\/www.greenpeace.org\/slovenia\/sporocilo-za-javnost\/78853\/novoletna-cestitka-robertu-golobu\/\" target=\"_self\"  ><img loading=\"lazy\" decoding=\"async\" width=\"2560\" height=\"1707\" src=\"https:\/\/www.greenpeace.org\/static\/planet4-slovenia-stateless\/2026\/01\/74fd448c-gp-ljubljana-2026-28243-scaled.jpg\" class=\"attachment-post-thumbnail size-post-thumbnail wp-post-image wp-stateless-item\" alt=\"Greenpeace z novoletno \u010destitko Robertu Golobu: \u00bbNaj bo konec jedrskih pravljic\u00ab\" style=\"object-fit:cover;\" srcset=\"https:\/\/www.greenpeace.org\/static\/planet4-slovenia-stateless\/2026\/01\/74fd448c-gp-ljubljana-2026-28243-scaled.jpg 2560w, https:\/\/www.greenpeace.org\/static\/planet4-slovenia-stateless\/2026\/01\/74fd448c-gp-ljubljana-2026-28243-300x200.jpg 300w, https:\/\/www.greenpeace.org\/static\/planet4-slovenia-stateless\/2026\/01\/74fd448c-gp-ljubljana-2026-28243-1024x683.jpg 1024w, https:\/\/www.greenpeace.org\/static\/planet4-slovenia-stateless\/2026\/01\/74fd448c-gp-ljubljana-2026-28243-768x512.jpg 768w, https:\/\/www.greenpeace.org\/static\/planet4-slovenia-stateless\/2026\/01\/74fd448c-gp-ljubljana-2026-28243-1536x1024.jpg 1536w, https:\/\/www.greenpeace.org\/static\/planet4-slovenia-stateless\/2026\/01\/74fd448c-gp-ljubljana-2026-28243-2048x1366.jpg 2048w, https:\/\/www.greenpeace.org\/static\/planet4-slovenia-stateless\/2026\/01\/74fd448c-gp-ljubljana-2026-28243-510x340.jpg 510w\" sizes=\"auto, (max-width: 2560px) 100vw, 2560px\" data-image-size=\"post-thumbnail\" data-stateless-media-bucket=\"planet4-slovenia-stateless\" data-stateless-media-name=\"2026\/01\/74fd448c-gp-ljubljana-2026-28243-scaled.jpg\" \/><\/a><\/figure>\n\n        <div class=\"wp-block-group is-layout-flow wp-block-group-is-layout-flow\">\n                <div class=\"wp-block-group is-layout-flex wp-block-group-is-layout-flex\"><div class=\"wp-block-post-terms\"><a href=\"https:\/\/www.greenpeace.org\/slovenia\/category\/teme\/energetika\/\">Energetika<\/a><\/div>\n                <div class=\"taxonomy-post_tag wp-block-post-terms\"><a href=\"https:\/\/www.greenpeace.org\/slovenia\/tag\/jedrska-energija\/\" rel=\"tag\">Jedrska energija<\/a><span class=\"wp-block-post-terms__separator\"> <\/span><a href=\"https:\/\/www.greenpeace.org\/slovenia\/tag\/obnovljivivirienergije\/\" rel=\"tag\">Obnovljivi viri energije<\/a><\/div>\n                \n                <\/div>\n                \n        <h3 class=\"wp-block-post-title\"><a href=\"https:\/\/www.greenpeace.org\/slovenia\/sporocilo-za-javnost\/78853\/novoletna-cestitka-robertu-golobu\/\" target=\"_self\" >Greenpeace z novoletno \u010destitko Robertu Golobu: \u00bbNaj bo konec jedrskih pravljic\u00ab<\/a><\/h3>\n        <div class=\"wp-block-post-excerpt\"><p class=\"wp-block-post-excerpt__excerpt\">Ljubljana, 8. januar 2026 \u2013 Aktivisti Greenpeaca Slovenija so danes pred poslopjem Vlade RS predsedniku vlade dr. Robertu Golobu predali simboli\u010dno novoletno \u010destitko v obliki velike karikature in uradnega dopisa&hellip; <\/p><\/div>\n        \n        <div class=\"wp-block-group posts-list-meta is-layout-flow wp-block-group-is-layout-flow\"><span class='article-list-item-author'>Greenpeace Slovenija<\/span>\n        <div class=\"wp-block-post-date\"><time datetime=\"2026-01-08T13:32:01+01:00\">8 januarja, 2026<\/time><\/div>\n        \n        <\/div>\n        <\/div>\n        <\/div>\n\n            <\/li><li class=\"wp-block-post post-78680 post type-post status-publish format-standard has-post-thumbnail hentry category-podnebje tag-podnebje tag-cop30 p4-page-type-blog\">\n            \n<div class=\"wp-block-columns is-layout-flex wp-container-core-columns-is-layout-9d6595d7 wp-block-columns-is-layout-flex\"><figure class=\"wp-block-post-featured-image\"><a href=\"https:\/\/www.greenpeace.org\/slovenia\/blog\/78680\/cop30-dva-tedna-podnebnega-kaosa\/\" target=\"_self\"  ><img loading=\"lazy\" decoding=\"async\" width=\"1200\" height=\"857\" src=\"https:\/\/www.greenpeace.org\/static\/planet4-slovenia-stateless\/2025\/11\/efec627f-cop3.jpeg\" class=\"attachment-post-thumbnail size-post-thumbnail wp-post-image wp-stateless-item\" alt=\"COP30: Dva tedna podnebnega kaosa\" style=\"object-fit:cover;\" srcset=\"https:\/\/www.greenpeace.org\/static\/planet4-slovenia-stateless\/2025\/11\/efec627f-cop3.jpeg 1200w, https:\/\/www.greenpeace.org\/static\/planet4-slovenia-stateless\/2025\/11\/efec627f-cop3-300x214.jpeg 300w, https:\/\/www.greenpeace.org\/static\/planet4-slovenia-stateless\/2025\/11\/efec627f-cop3-1024x731.jpeg 1024w, https:\/\/www.greenpeace.org\/static\/planet4-slovenia-stateless\/2025\/11\/efec627f-cop3-768x548.jpeg 768w, https:\/\/www.greenpeace.org\/static\/planet4-slovenia-stateless\/2025\/11\/efec627f-cop3-476x340.jpeg 476w\" sizes=\"auto, (max-width: 1200px) 100vw, 1200px\" data-image-size=\"post-thumbnail\" data-stateless-media-bucket=\"planet4-slovenia-stateless\" data-stateless-media-name=\"2025\/11\/efec627f-cop3.jpeg\" \/><\/a><\/figure>\n\n        <div class=\"wp-block-group is-layout-flow wp-block-group-is-layout-flow\">\n                <div class=\"wp-block-group is-layout-flex wp-block-group-is-layout-flex\"><div class=\"wp-block-post-terms\"><a href=\"https:\/\/www.greenpeace.org\/slovenia\/category\/teme\/podnebje\/\">Podnebje<\/a><\/div>\n                <div class=\"taxonomy-post_tag wp-block-post-terms\"><a href=\"https:\/\/www.greenpeace.org\/slovenia\/tag\/podnebje\/\" rel=\"tag\">Podnebje<\/a><span class=\"wp-block-post-terms__separator\"> <\/span><a href=\"https:\/\/www.greenpeace.org\/slovenia\/tag\/cop30\/\" rel=\"tag\">cop30<\/a><\/div>\n                \n                <\/div>\n                \n        <h3 class=\"wp-block-post-title\"><a href=\"https:\/\/www.greenpeace.org\/slovenia\/blog\/78680\/cop30-dva-tedna-podnebnega-kaosa\/\" target=\"_self\" >COP30: Dva tedna podnebnega kaosa<\/a><\/h3>\n        <div class=\"wp-block-post-excerpt\"><p class=\"wp-block-post-excerpt__excerpt\">30. podnebna konferenca ZN se je kon\u010dala z dogovorom v zadnjem trenutku glede gozdnih ukrepov in razo\u010daranjem pri opustitvi fosilnih goriv. <\/p><\/div>\n        \n        <div class=\"wp-block-group posts-list-meta is-layout-flow wp-block-group-is-layout-flow\"><span class='article-list-item-author'>Sara Kosirnik<\/span>\n        <div class=\"wp-block-post-date\"><time datetime=\"2025-11-27T13:11:38+01:00\">27 novembra, 2025<\/time><\/div>\n        \n        <\/div>\n        <\/div>\n        <\/div>\n\n            <\/li><\/ul>\n\n    \n<div class=\"wp-block-buttons carousel-controls is-horizontal is-content-justification-space-between is-nowrap is-layout-flex wp-container-core-buttons-is-layout-044bd602 wp-block-buttons-is-layout-flex\">\n            <div class=\"wp-block-button carousel-control-prev\"><button type=\"button\" class=\"wp-block-button__link wp-element-button\">Prev<\/button><\/div>\n        \n\n            <div class=\"wp-block-button carousel-control-next\"><button type=\"button\" class=\"wp-block-button__link wp-element-button\">Next<\/button><\/div>\n        <\/div>\n\n\n    <li class=\" wp-block-navigation-item see-all-link wp-block-navigation-link\"><a class=\"wp-block-navigation-item__content\"  href=\"http:\/\/www.greenpeace.org\/slovenia\/news-stories\/?tag=\"><span class=\"wp-block-navigation-item__label\">See all stories<\/span><\/a><\/li><\/div>\n    \n        <div class=\"wp-block-query actions-list p4-query-loop is-custom-layout-actions-list is-custom-layout-grid is-layout-grid wp-container-core-query-is-layout-29f43435 wp-block-query-is-layout-grid\"><h2 class=\"wp-block-heading\"><\/h2>\n        <p style=\"margin-top: 24px; margin-bottom: 32px;\"><\/p>\n        <div class=\"wp-block-query-no-results\">\n        <p >No posts found.<\/p>\n        <\/div>\n        \n        \n<div class=\"wp-block-buttons carousel-controls is-horizontal is-content-justification-space-between is-nowrap is-layout-flex wp-container-core-buttons-is-layout-044bd602 wp-block-buttons-is-layout-flex\">\n            <div class=\"wp-block-button carousel-control-prev\"><button type=\"button\" class=\"wp-block-button__link wp-element-button\">Prev<\/button><\/div>\n        \n\n            <div class=\"wp-block-button carousel-control-next\"><button type=\"button\" class=\"wp-block-button__link wp-element-button\">Next<\/button><\/div>\n        <\/div>\n\n        \n<div class=\"wp-block-buttons load-more-actions-container is-content-justification-center is-layout-flex wp-container-core-buttons-is-layout-16018d1d wp-block-buttons-is-layout-flex\">\n                <div class=\"wp-block-button is-style-secondary\"><button type=\"button\" class=\"wp-block-button__link wp-element-button\">Nalo\u017ei ve\u010d<\/button><\/div>\n            \n<\/div>\n<\/div>\n        \n    <div class=\"wp-block-query posts-list p4-query-loop is-custom-layout-grid is-layout-grid wp-container-core-query-is-layout-b8bb0bd1 wp-block-query-is-layout-grid\">\n        <div class=\"wp-block-group is-content-justification-space-between is-layout-flex wp-container-core-group-is-layout-3d213aab wp-block-group-is-layout-flex\"><h2 class=\"wp-block-heading\"><\/h2>\n        <li class=\" wp-block-navigation-item see-all-link wp-block-navigation-link\"><a class=\"wp-block-navigation-item__content\"  href=\"http:\/\/www.greenpeace.org\/slovenia\/news-stories\/?tag=\"><span class=\"wp-block-navigation-item__label\">See all stories<\/span><\/a><\/li>\n        \n        <\/div>\n        \n\n    <p style=\"margin-top: 24px; margin-bottom: 36px;\"><\/p>\n\n    <div class=\"wp-block-query-no-results\">\n        <p style=\"\">No posts found.<\/p>\n        <\/div>\n\n    \n\n    \n<div class=\"wp-block-buttons carousel-controls is-horizontal is-content-justification-space-between is-nowrap is-layout-flex wp-container-core-buttons-is-layout-044bd602 wp-block-buttons-is-layout-flex\">\n            <div class=\"wp-block-button carousel-control-prev\"><button type=\"button\" class=\"wp-block-button__link wp-element-button\">Prev<\/button><\/div>\n        \n\n            <div class=\"wp-block-button carousel-control-next\"><button type=\"button\" class=\"wp-block-button__link wp-element-button\">Next<\/button><\/div>\n        <\/div>\n\n\n    <li class=\" wp-block-navigation-item see-all-link wp-block-navigation-link\"><a class=\"wp-block-navigation-item__content\"  href=\"http:\/\/www.greenpeace.org\/slovenia\/news-stories\/?tag=\"><span class=\"wp-block-navigation-item__label\">See all stories<\/span><\/a><\/li><\/div>\n    ","protected":false},"excerpt":{"rendered":"<p>Podnebje se vse hitreje spreminja. Izzivamo mo\u010d fosilnih korporacij, krepimo podporo obnovljivi energiji in energijo, ki jo proizvajajo dr\u017eavljani ter velike onesna\u017eevalce kli\u010demo k odgovornosti. \u010casa za odlo\u010dno ukrepanje zmanjkuje.<\/p>\n","protected":false},"author":5,"featured_media":2132,"parent":11,"menu_order":0,"comment_status":"closed","ping_status":"closed","template":"","meta":{"ep_exclude_from_search":false,"p4_hide_page_title_checkbox":"","p4_title":"","p4_subtitle":"","p4_description":"","background_image_id":"","background_image":"","p4_button_title":"","p4_button_link":"","p4_button_link_checkbox":"","p4_og_title":"","p4_og_description":"","p4_og_image":"","p4_og_image_id":"","p4_seo_canonical_url":"","p4_campaign_name":"not set","p4_local_project":"","p4_basket_name":"not set","p4_department":"","footnotes":""},"categories":[45],"tags":[23,29,32,33,35,41],"class_list":["post-60","page","type-page","status-publish","has-post-thumbnail","hentry","category-podnebje","tag-podnebje","tag-energetskeskupnosti","tag-brezpremoga","tag-tes","tag-jedrska-energija","tag-obnovljivivirienergije"],"_links":{"self":[{"href":"https:\/\/www.greenpeace.org\/slovenia\/wp-json\/wp\/v2\/pages\/60","targetHints":{"allow":["GET"]}}],"collection":[{"href":"https:\/\/www.greenpeace.org\/slovenia\/wp-json\/wp\/v2\/pages"}],"about":[{"href":"https:\/\/www.greenpeace.org\/slovenia\/wp-json\/wp\/v2\/types\/page"}],"author":[{"embeddable":true,"href":"https:\/\/www.greenpeace.org\/slovenia\/wp-json\/wp\/v2\/users\/5"}],"replies":[{"embeddable":true,"href":"https:\/\/www.greenpeace.org\/slovenia\/wp-json\/wp\/v2\/comments?post=60"}],"version-history":[{"count":20,"href":"https:\/\/www.greenpeace.org\/slovenia\/wp-json\/wp\/v2\/pages\/60\/revisions"}],"predecessor-version":[{"id":79146,"href":"https:\/\/www.greenpeace.org\/slovenia\/wp-json\/wp\/v2\/pages\/60\/revisions\/79146"}],"up":[{"embeddable":true,"href":"https:\/\/www.greenpeace.org\/slovenia\/wp-json\/wp\/v2\/pages\/11"}],"wp:featuredmedia":[{"embeddable":true,"href":"https:\/\/www.greenpeace.org\/slovenia\/wp-json\/wp\/v2\/media\/2132"}],"wp:attachment":[{"href":"https:\/\/www.greenpeace.org\/slovenia\/wp-json\/wp\/v2\/media?parent=60"}],"wp:term":[{"taxonomy":"category","embeddable":true,"href":"https:\/\/www.greenpeace.org\/slovenia\/wp-json\/wp\/v2\/categories?post=60"},{"taxonomy":"post_tag","embeddable":true,"href":"https:\/\/www.greenpeace.org\/slovenia\/wp-json\/wp\/v2\/tags?post=60"}],"curies":[{"name":"wp","href":"https:\/\/api.w.org\/{rel}","templated":true}]}}