{"id":69,"date":"2018-05-09T13:37:23","date_gmt":"2018-05-09T13:37:23","guid":{"rendered":"https:\/\/k8s.p4.greenpeace.org\/defaultcontent\/?page_id=69"},"modified":"2025-09-23T12:07:16","modified_gmt":"2025-09-23T10:07:16","slug":"prekomerna-potrosnja","status":"publish","type":"page","link":"https:\/\/www.greenpeace.org\/slovenia\/razisci\/prekomerna-potrosnja\/","title":{"rendered":"Prekomerna potro\u0161nja"},"content":{"rendered":"\n                    <div class=\"wp-block-group is-vertical is-layout-flex wp-container-core-group-is-layout-8cf370e7 wp-block-group-is-layout-flex\">\n                    \n                                <p>Kupi, uporabi, zavrzi. Hitra hrana, hitra moda, plastika za enkratno uporabo in prehitro zastarele elektronske naprave onesna\u017eujejo na\u0161 planet. Nakupujmo manj, u\u017eivajmo ve\u010d!<\/p>\n                            \n\n                    \n                            <div class=\"wp-block-buttons is-layout-flex wp-block-buttons-is-layout-flex\">\n                            <div class=\"wp-block-button\">\n                                <a class=\"wp-block-button__link wp-element-button\" href=\"https:\/\/www.greenpeace.org\/slovenia\/ukrepaj\/osvobodimo-se-plastike\/\" target=\"_blank\" rel=\"noreferrer noopener\">\n                                    UKREPAJ\n                                <\/a>\n                            <\/div>\n                            <\/div>\n                            \n                    <\/div>\n                    <div data-render=\"planet4-blocks\/gallery\" data-attributes=\"{&quot;attributes&quot;:{&quot;gallery_block_style&quot;:2,&quot;gallery_block_title&quot;:&quot;Na\\u0161a vizija&quot;,&quot;gallery_block_description&quot;:&quot;Prekomerna potro\\u0161nja poganja za\\u010daran krog uni\\u010devanja okolja in nepravi\\u010dnosti. Prizadevati si moramo, da \\u010dlove\\u0161ko gospodarstvo deluje znotraj naravnih danosti in da se ne pona\\u0161amo s tem, kar porabimo, ampak s tem, kar prispevamo.&quot;,&quot;multiple_image&quot;:&quot;2283,1379,2127&quot;,&quot;gallery_block_focus_points&quot;:&quot;{u00221379u0022:u002257% 45%u0022,u00222127u0022:u002230% 50%u0022,u00222283u0022:u002262% 62%u0022}&quot;,&quot;image_data&quot;:[{&quot;url&quot;:&quot;https:\\\/\\\/www.greenpeace.org\\\/static\\\/planet4-slovenia-stateless\\\/2019\\\/10\\\/3f018d1e-gp0stq7oo.jpg&quot;,&quot;focalPoint&quot;:{&quot;x&quot;:&quot;0.62&quot;,&quot;y&quot;:&quot;0.62&quot;},&quot;id&quot;:2283},{&quot;url&quot;:&quot;https:\\\/\\\/www.greenpeace.org\\\/static\\\/planet4-slovenia-stateless\\\/2019\\\/04\\\/8dea7e53-gp0stphkz.jpg&quot;,&quot;focalPoint&quot;:{&quot;x&quot;:&quot;0.58&quot;,&quot;y&quot;:&quot;0.45&quot;},&quot;id&quot;:1379},{&quot;url&quot;:&quot;https:\\\/\\\/www.greenpeace.org\\\/static\\\/planet4-slovenia-stateless\\\/2019\\\/07\\\/5c76f45a-gp0stt4ty.jpg&quot;,&quot;focalPoint&quot;:{&quot;x&quot;:&quot;0.30&quot;,&quot;y&quot;:&quot;0.50&quot;},&quot;id&quot;:2127}],&quot;images&quot;:[{&quot;image_src&quot;:&quot;https:\\\/\\\/www.greenpeace.org\\\/static\\\/planet4-slovenia-stateless\\\/2019\\\/10\\\/3f018d1e-gp0stq7oo-768x550.jpg&quot;,&quot;image_srcset&quot;:&quot;https:\\\/\\\/www.greenpeace.org\\\/static\\\/planet4-slovenia-stateless\\\/2019\\\/10\\\/3f018d1e-gp0stq7oo-768x550.jpg 768w, https:\\\/\\\/www.greenpeace.org\\\/static\\\/planet4-slovenia-stateless\\\/2019\\\/10\\\/3f018d1e-gp0stq7oo-300x215.jpg 300w, https:\\\/\\\/www.greenpeace.org\\\/static\\\/planet4-slovenia-stateless\\\/2019\\\/10\\\/3f018d1e-gp0stq7oo-1024x733.jpg 1024w, https:\\\/\\\/www.greenpeace.org\\\/static\\\/planet4-slovenia-stateless\\\/2019\\\/10\\\/3f018d1e-gp0stq7oo-475x340.jpg 475w, https:\\\/\\\/www.greenpeace.org\\\/static\\\/planet4-slovenia-stateless\\\/2019\\\/10\\\/3f018d1e-gp0stq7oo.jpg 1199w&quot;,&quot;image_sizes&quot;:&quot;(max-width: 768px) 100vw, 768px&quot;,&quot;alt_text&quot;:&quot;Plastic Waste Blown Away from Waste Landfill La Crau in France. \\u00a9 Wolf Wichmann \\\/ Greenpeace&quot;,&quot;caption&quot;:&quot;Plastic waste blown away from formerly open domestic waste landfill La Crau in Entressen France. The landfill was open until 2008. Plastic bags, film and foil entangled in bushes and washed up in canal.&quot;,&quot;focus_image&quot;:&quot;&quot;,&quot;credits&quot;:&quot;\\u00a9 Wolf Wichmann \\\/ Greenpeace&quot;},{&quot;image_src&quot;:&quot;https:\\\/\\\/www.greenpeace.org\\\/static\\\/planet4-slovenia-stateless\\\/2019\\\/04\\\/8dea7e53-gp0stphkz-768x513.jpg&quot;,&quot;image_srcset&quot;:&quot;https:\\\/\\\/www.greenpeace.org\\\/static\\\/planet4-slovenia-stateless\\\/2019\\\/04\\\/8dea7e53-gp0stphkz-768x513.jpg 768w, https:\\\/\\\/www.greenpeace.org\\\/static\\\/planet4-slovenia-stateless\\\/2019\\\/04\\\/8dea7e53-gp0stphkz-300x200.jpg 300w, https:\\\/\\\/www.greenpeace.org\\\/static\\\/planet4-slovenia-stateless\\\/2019\\\/04\\\/8dea7e53-gp0stphkz-1024x684.jpg 1024w, https:\\\/\\\/www.greenpeace.org\\\/static\\\/planet4-slovenia-stateless\\\/2019\\\/04\\\/8dea7e53-gp0stphkz-510x340.jpg 510w, https:\\\/\\\/www.greenpeace.org\\\/static\\\/planet4-slovenia-stateless\\\/2019\\\/04\\\/8dea7e53-gp0stphkz.jpg 1200w&quot;,&quot;image_sizes&quot;:&quot;(max-width: 768px) 100vw, 768px&quot;,&quot;alt_text&quot;:&quot;Over Consumption - Shopaholics in Hong Kong. \\u00a9 Sam Fong \\\/ Greenpeace&quot;,&quot;caption&quot;:&quot;Hong Kongers love buying clothes and, apparently, throwing them away as well.\\nLast year the region discarded 110,000 tonnes of textiles, equivalent to about 1,400 T-Shirts every minute \\u2013 an amount that could cover 25,000 Hong Kong Stadiums.&quot;,&quot;focus_image&quot;:&quot;&quot;,&quot;credits&quot;:&quot;\\u00a9 Sam Fong \\\/ Greenpeace&quot;},{&quot;image_src&quot;:&quot;https:\\\/\\\/www.greenpeace.org\\\/static\\\/planet4-slovenia-stateless\\\/2019\\\/07\\\/5c76f45a-gp0stt4ty-768x512.jpg&quot;,&quot;image_srcset&quot;:&quot;https:\\\/\\\/www.greenpeace.org\\\/static\\\/planet4-slovenia-stateless\\\/2019\\\/07\\\/5c76f45a-gp0stt4ty-768x512.jpg 768w, https:\\\/\\\/www.greenpeace.org\\\/static\\\/planet4-slovenia-stateless\\\/2019\\\/07\\\/5c76f45a-gp0stt4ty-300x200.jpg 300w, https:\\\/\\\/www.greenpeace.org\\\/static\\\/planet4-slovenia-stateless\\\/2019\\\/07\\\/5c76f45a-gp0stt4ty-1024x683.jpg 1024w, https:\\\/\\\/www.greenpeace.org\\\/static\\\/planet4-slovenia-stateless\\\/2019\\\/07\\\/5c76f45a-gp0stt4ty-510x340.jpg 510w, https:\\\/\\\/www.greenpeace.org\\\/static\\\/planet4-slovenia-stateless\\\/2019\\\/07\\\/5c76f45a-gp0stt4ty.jpg 1200w&quot;,&quot;image_sizes&quot;:&quot;(max-width: 768px) 100vw, 768px&quot;,&quot;alt_text&quot;:&quot;Praznovanje mednarodnega dneva gozdov v D\\u017eakarti \\u00a9 Jurnasyanto Sukarno \\\/ Greenpeace&quot;,&quot;caption&quot;:&quot;Greenpeaceovi prostovoljci so razdelili sadike in semena dreves ljudem na ulici Jakarte v okviru mednarodnega dneva gozdov.&quot;,&quot;focus_image&quot;:&quot;&quot;,&quot;credits&quot;:&quot;\\u00a9 Jurnasyanto Sukarno \\\/ Greenpeace&quot;}]}}\"><\/div><div data-render=\"planet4-blocks\/columns\" data-attributes=\"{&quot;attributes&quot;:{&quot;columns_block_style&quot;:&quot;image&quot;,&quot;columns_title&quot;:&quot;&quot;,&quot;className&quot;:&quot;is-style-image&quot;,&quot;columns_description&quot;:&quot;&quot;,&quot;columns&quot;:[]}}\"><\/div>\n    <div class=\"wp-block-query posts-list p4-query-loop is-custom-layout-grid is-layout-grid wp-container-core-query-is-layout-b8bb0bd1 wp-block-query-is-layout-grid\">\n        <div class=\"wp-block-group is-content-justification-space-between is-layout-flex wp-container-core-group-is-layout-3d213aab wp-block-group-is-layout-flex\"><h2 class=\"wp-block-heading\">Publications<\/h2>\n        <li class=\" wp-block-navigation-item see-all-link wp-block-navigation-link\"><a class=\"wp-block-navigation-item__content\"  href=\"http:\/\/www.greenpeace.org\/slovenia\/news-stories\/?post-type=\"><span class=\"wp-block-navigation-item__label\">See all stories<\/span><\/a><\/li>\n        \n        <\/div>\n        \n\n    <p style=\"margin-top: 24px; margin-bottom: 36px;\"><\/p>\n\n    <div class=\"wp-block-query-no-results\">\n        <p style=\"\">No posts found.<\/p>\n        <\/div>\n\n    \n\n    \n<div class=\"wp-block-buttons carousel-controls is-horizontal is-content-justification-space-between is-nowrap is-layout-flex wp-container-core-buttons-is-layout-044bd602 wp-block-buttons-is-layout-flex\">\n            <div class=\"wp-block-button carousel-control-prev\"><button type=\"button\" class=\"wp-block-button__link wp-element-button\">Prev<\/button><\/div>\n        \n\n            <div class=\"wp-block-button carousel-control-next\"><button type=\"button\" class=\"wp-block-button__link wp-element-button\">Next<\/button><\/div>\n        <\/div>\n\n\n    <li class=\" wp-block-navigation-item see-all-link wp-block-navigation-link\"><a class=\"wp-block-navigation-item__content\"  href=\"http:\/\/www.greenpeace.org\/slovenia\/news-stories\/?post-type=\"><span class=\"wp-block-navigation-item__label\">See all stories<\/span><\/a><\/li><\/div>\n    \n    <div class=\"wp-block-query posts-list p4-query-loop is-custom-layout-list is-layout-flow wp-block-query-is-layout-flow\">\n        <div class=\"wp-block-group is-content-justification-space-between is-layout-flex wp-container-core-group-is-layout-3d213aab wp-block-group-is-layout-flex\"><h2 class=\"wp-block-heading\">Zadnje objave<\/h2>\n        <li class=\" wp-block-navigation-item see-all-link wp-block-navigation-link\"><a class=\"wp-block-navigation-item__content\"  href=\"http:\/\/www.greenpeace.org\/slovenia\/news-stories\/?tag=detox\"><span class=\"wp-block-navigation-item__label\">See all stories<\/span><\/a><\/li>\n        \n        <\/div>\n        \n\n    <p style=\"margin-top: 24px; margin-bottom: 36px;\"><\/p>\n\n    \n\n    <ul class=\"wp-block-post-template is-layout-flow wp-block-post-template-is-layout-flow\"><li class=\"wp-block-post post-50052 post type-post status-publish format-standard has-post-thumbnail hentry category-prekomerna-potrosnja tag-detox tag-plastika p4-page-type-blog\">\n            \n<div class=\"wp-block-columns is-layout-flex wp-container-core-columns-is-layout-9d6595d7 wp-block-columns-is-layout-flex\"><figure class=\"wp-block-post-featured-image\"><a href=\"https:\/\/www.greenpeace.org\/slovenia\/blog\/50052\/zgodba-o-greenpeacu-in-nevarnih-kemikalijah\/\" target=\"_self\"  ><img loading=\"lazy\" decoding=\"async\" width=\"477\" height=\"393\" src=\"https:\/\/www.greenpeace.org\/static\/planet4-slovenia-stateless\/2023\/02\/d8763809-screenshot-2023-02-16-ewz.png\" class=\"attachment-post-thumbnail size-post-thumbnail wp-post-image wp-stateless-item\" alt=\"Zgodba o Greenpeacu in nevarnih kemikalijah\" style=\"object-fit:cover;\" srcset=\"https:\/\/www.greenpeace.org\/static\/planet4-slovenia-stateless\/2023\/02\/d8763809-screenshot-2023-02-16-ewz.png 477w, https:\/\/www.greenpeace.org\/static\/planet4-slovenia-stateless\/2023\/02\/d8763809-screenshot-2023-02-16-ewz-300x247.png 300w, https:\/\/www.greenpeace.org\/static\/planet4-slovenia-stateless\/2023\/02\/d8763809-screenshot-2023-02-16-ewz-413x340.png 413w\" sizes=\"auto, (max-width: 477px) 100vw, 477px\" data-image-size=\"post-thumbnail\" data-stateless-media-bucket=\"planet4-slovenia-stateless\" data-stateless-media-name=\"2023\/02\/d8763809-screenshot-2023-02-16-ewz.png\" \/><\/a><\/figure>\n\n        <div class=\"wp-block-group is-layout-flow wp-block-group-is-layout-flow\">\n                <div class=\"wp-block-group is-layout-flex wp-block-group-is-layout-flex\"><div class=\"wp-block-post-terms\"><a href=\"https:\/\/www.greenpeace.org\/slovenia\/category\/teme\/prekomerna-potrosnja\/\">Prekomerna potro\u0161nja<\/a><\/div>\n                <div class=\"taxonomy-post_tag wp-block-post-terms\"><a href=\"https:\/\/www.greenpeace.org\/slovenia\/tag\/detox\/\" rel=\"tag\">Detox<\/a><span class=\"wp-block-post-terms__separator\"> <\/span><a href=\"https:\/\/www.greenpeace.org\/slovenia\/tag\/plastika\/\" rel=\"tag\">Plastika<\/a><\/div>\n                \n                <\/div>\n                \n        <h3 class=\"wp-block-post-title\"><a href=\"https:\/\/www.greenpeace.org\/slovenia\/blog\/50052\/zgodba-o-greenpeacu-in-nevarnih-kemikalijah\/\" target=\"_self\" >Zgodba o Greenpeacu in nevarnih kemikalijah<\/a><\/h3>\n        <div class=\"wp-block-post-excerpt\"><p class=\"wp-block-post-excerpt__excerpt\">Na prelomu tiso\u010dletja je bila Evropa v klju\u010dnem obdobju razvoja svoje politike o kemikalijah, znane kot uredba REACH. Ta naj bi bistveno izbolj\u0161ala na\u010din regulacije in uporabe kemikalij po vsej&hellip; <\/p><\/div>\n        \n        <div class=\"wp-block-group posts-list-meta is-layout-flow wp-block-group-is-layout-flow\"><span class='article-list-item-author'>Matja\u017e Dove\u010dar, Greenpeace<\/span>\n        <div class=\"wp-block-post-date\"><time datetime=\"2023-02-16T11:45:37+01:00\">16 februarja, 2023<\/time><\/div>\n        \n        <\/div>\n        <\/div>\n        <\/div>\n\n            <\/li><li class=\"wp-block-post post-49960 post type-post status-publish format-standard has-post-thumbnail hentry category-prekomerna-potrosnja tag-plastika tag-greenpeace p4-page-type-blog\">\n            \n<div class=\"wp-block-columns is-layout-flex wp-container-core-columns-is-layout-9d6595d7 wp-block-columns-is-layout-flex\"><figure class=\"wp-block-post-featured-image\"><a href=\"https:\/\/www.greenpeace.org\/slovenia\/blog\/49960\/namesto-crnega-ta-teden-obelezimo-zeleni-petek\/\" target=\"_self\"  ><img loading=\"lazy\" decoding=\"async\" width=\"1080\" height=\"1068\" src=\"https:\/\/www.greenpeace.org\/static\/planet4-slovenia-stateless\/2022\/11\/bf9b01fc-screenshot_20211127-065759_instagram.jpg\" class=\"attachment-post-thumbnail size-post-thumbnail wp-post-image wp-stateless-item\" alt=\"Namesto \u010drnega &#8211; ta teden obele\u017eimo zeleni petek \ud83d\udc9a\" style=\"object-fit:cover;\" srcset=\"https:\/\/www.greenpeace.org\/static\/planet4-slovenia-stateless\/2022\/11\/bf9b01fc-screenshot_20211127-065759_instagram.jpg 1080w, https:\/\/www.greenpeace.org\/static\/planet4-slovenia-stateless\/2022\/11\/bf9b01fc-screenshot_20211127-065759_instagram-300x297.jpg 300w, https:\/\/www.greenpeace.org\/static\/planet4-slovenia-stateless\/2022\/11\/bf9b01fc-screenshot_20211127-065759_instagram-1024x1013.jpg 1024w, https:\/\/www.greenpeace.org\/static\/planet4-slovenia-stateless\/2022\/11\/bf9b01fc-screenshot_20211127-065759_instagram-768x759.jpg 768w, https:\/\/www.greenpeace.org\/static\/planet4-slovenia-stateless\/2022\/11\/bf9b01fc-screenshot_20211127-065759_instagram-344x340.jpg 344w\" sizes=\"auto, (max-width: 1080px) 100vw, 1080px\" data-image-size=\"post-thumbnail\" data-stateless-media-bucket=\"planet4-slovenia-stateless\" data-stateless-media-name=\"2022\/11\/bf9b01fc-screenshot_20211127-065759_instagram.jpg\" \/><\/a><\/figure>\n\n        <div class=\"wp-block-group is-layout-flow wp-block-group-is-layout-flow\">\n                <div class=\"wp-block-group is-layout-flex wp-block-group-is-layout-flex\"><div class=\"wp-block-post-terms\"><a href=\"https:\/\/www.greenpeace.org\/slovenia\/category\/teme\/prekomerna-potrosnja\/\">Prekomerna potro\u0161nja<\/a><\/div>\n                <div class=\"taxonomy-post_tag wp-block-post-terms\"><a href=\"https:\/\/www.greenpeace.org\/slovenia\/tag\/plastika\/\" rel=\"tag\">Plastika<\/a><span class=\"wp-block-post-terms__separator\"> <\/span><a href=\"https:\/\/www.greenpeace.org\/slovenia\/tag\/greenpeace\/\" rel=\"tag\">Greenpeace<\/a><\/div>\n                \n                <\/div>\n                \n        <h3 class=\"wp-block-post-title\"><a href=\"https:\/\/www.greenpeace.org\/slovenia\/blog\/49960\/namesto-crnega-ta-teden-obelezimo-zeleni-petek\/\" target=\"_self\" >Namesto \u010drnega &#8211; ta teden obele\u017eimo zeleni petek \ud83d\udc9a<\/a><\/h3>\n        <div class=\"wp-block-post-excerpt\"><p class=\"wp-block-post-excerpt__excerpt\">Prepri\u010dani smo, da so tudi va\u0161i predalniki klasi\u010dne in elektronske po\u0161te te dni preplavljeni z \u201codli\u010dnimi ponudbami Black Friday\u201d. Raznovrstni oglasi nam vse glasneje sporo\u010dajo, da nikoli ve\u010d ne bo&hellip; <\/p><\/div>\n        \n        <div class=\"wp-block-group posts-list-meta is-layout-flow wp-block-group-is-layout-flow\"><span class='article-list-item-author'>Greenpeace v Sloveniji<\/span>\n        <div class=\"wp-block-post-date\"><time datetime=\"2022-11-23T10:31:16+01:00\">23 novembra, 2022<\/time><\/div>\n        \n        <\/div>\n        <\/div>\n        <\/div>\n\n            <\/li><li class=\"wp-block-post post-49470 post type-post status-publish format-standard has-post-thumbnail hentry category-prekomerna-potrosnja tag-plastika p4-page-type-blog\">\n            \n<div class=\"wp-block-columns is-layout-flex wp-container-core-columns-is-layout-9d6595d7 wp-block-columns-is-layout-flex\"><figure class=\"wp-block-post-featured-image\"><a href=\"https:\/\/www.greenpeace.org\/slovenia\/blog\/49470\/animirana-plasticna-zgodba-iz-juzne-koreje\/\" target=\"_self\"  ><img loading=\"lazy\" decoding=\"async\" width=\"1920\" height=\"1080\" src=\"https:\/\/www.greenpeace.org\/static\/planet4-slovenia-stateless\/2021\/12\/a635950e-plastic-story.png\" class=\"attachment-post-thumbnail size-post-thumbnail wp-post-image wp-stateless-item\" alt=\"Animirana &#8220;plasti\u010dna zgodba&#8221; iz Ju\u017ene Koreje\" style=\"object-fit:cover;\" srcset=\"https:\/\/www.greenpeace.org\/static\/planet4-slovenia-stateless\/2021\/12\/a635950e-plastic-story.png 1920w, https:\/\/www.greenpeace.org\/static\/planet4-slovenia-stateless\/2021\/12\/a635950e-plastic-story-300x169.png 300w, https:\/\/www.greenpeace.org\/static\/planet4-slovenia-stateless\/2021\/12\/a635950e-plastic-story-1024x576.png 1024w, https:\/\/www.greenpeace.org\/static\/planet4-slovenia-stateless\/2021\/12\/a635950e-plastic-story-768x432.png 768w, https:\/\/www.greenpeace.org\/static\/planet4-slovenia-stateless\/2021\/12\/a635950e-plastic-story-1536x864.png 1536w, https:\/\/www.greenpeace.org\/static\/planet4-slovenia-stateless\/2021\/12\/a635950e-plastic-story-510x287.png 510w\" sizes=\"auto, (max-width: 1920px) 100vw, 1920px\" data-image-size=\"post-thumbnail\" data-stateless-media-bucket=\"planet4-slovenia-stateless\" data-stateless-media-name=\"2021\/12\/a635950e-plastic-story.png\" \/><\/a><\/figure>\n\n        <div class=\"wp-block-group is-layout-flow wp-block-group-is-layout-flow\">\n                <div class=\"wp-block-group is-layout-flex wp-block-group-is-layout-flex\"><div class=\"wp-block-post-terms\"><a href=\"https:\/\/www.greenpeace.org\/slovenia\/category\/teme\/prekomerna-potrosnja\/\">Prekomerna potro\u0161nja<\/a><\/div>\n                <div class=\"taxonomy-post_tag wp-block-post-terms\"><a href=\"https:\/\/www.greenpeace.org\/slovenia\/tag\/plastika\/\" rel=\"tag\">Plastika<\/a><\/div>\n                \n                <\/div>\n                \n        <h3 class=\"wp-block-post-title\"><a href=\"https:\/\/www.greenpeace.org\/slovenia\/blog\/49470\/animirana-plasticna-zgodba-iz-juzne-koreje\/\" target=\"_self\" >Animirana &#8220;plasti\u010dna zgodba&#8221; iz Ju\u017ene Koreje<\/a><\/h3>\n        <div class=\"wp-block-post-excerpt\"><p class=\"wp-block-post-excerpt__excerpt\">Plasi\u010dna zgodba je postavljena v leto 2050, je ne\u017ena zgodba o vnukinji in dedku, ki si skupaj delita vsakdanje trenutke sredi onesna\u017eenja s plastiko, ki so ga desetletja prej povzro\u010dile korporacije. <\/p><\/div>\n        \n        <div class=\"wp-block-group posts-list-meta is-layout-flow wp-block-group-is-layout-flow\"><span class='article-list-item-author'>Greenpeace Slovenija<\/span>\n        <div class=\"wp-block-post-date\"><time datetime=\"2021-12-17T09:16:45+01:00\">17 decembra, 2021<\/time><\/div>\n        \n        <\/div>\n        <\/div>\n        <\/div>\n\n            <\/li><\/ul>\n\n    \n<div class=\"wp-block-buttons carousel-controls is-horizontal is-content-justification-space-between is-nowrap is-layout-flex wp-container-core-buttons-is-layout-044bd602 wp-block-buttons-is-layout-flex\">\n            <div class=\"wp-block-button carousel-control-prev\"><button type=\"button\" class=\"wp-block-button__link wp-element-button\">Prev<\/button><\/div>\n        \n\n            <div class=\"wp-block-button carousel-control-next\"><button type=\"button\" class=\"wp-block-button__link wp-element-button\">Next<\/button><\/div>\n        <\/div>\n\n\n    <li class=\" wp-block-navigation-item see-all-link wp-block-navigation-link\"><a class=\"wp-block-navigation-item__content\"  href=\"http:\/\/www.greenpeace.org\/slovenia\/news-stories\/?tag=detox\"><span class=\"wp-block-navigation-item__label\">See all stories<\/span><\/a><\/li><\/div>\n    <p>&nbsp;<\/p>\n<div data-render=\"planet4-blocks\/happypoint\" data-attributes=\"{&quot;attributes&quot;:{&quot;focus_image&quot;:&quot;50% 50%&quot;,&quot;opacity&quot;:40,&quot;mailing_list_iframe&quot;:true,&quot;id&quot;:1725,&quot;override_default_content&quot;:false,&quot;local_content_provider&quot;:&quot;none&quot;}}\"><\/div>","protected":false},"excerpt":{"rendered":"<p>Kupi, uporabi, zavrzi. Hitra hrana, hitra moda, plastika za enkratno uporabo in prehitro zastarele elektronske naprave onesna\u017eujejo na\u0161 planet. Nakupujmo manj, u\u017eivajmo ve\u010d! &nbsp;<\/p>\n","protected":false},"author":1,"featured_media":1379,"parent":11,"menu_order":0,"comment_status":"closed","ping_status":"closed","template":"","meta":{"ep_exclude_from_search":false,"p4_hide_page_title_checkbox":"","p4_title":"","p4_subtitle":"","p4_description":"","background_image_id":"","background_image":"","p4_button_title":"","p4_button_link":"","p4_button_link_checkbox":"","p4_og_title":"","p4_og_description":"","p4_og_image":"","p4_og_image_id":"","p4_seo_canonical_url":"","p4_campaign_name":"not set","p4_local_project":"","p4_basket_name":"not set","p4_department":"","footnotes":""},"categories":[42],"tags":[22,30,38],"class_list":["post-69","page","type-page","status-publish","has-post-thumbnail","hentry","category-prekomerna-potrosnja","tag-plastika","tag-prehrana","tag-detox"],"_links":{"self":[{"href":"https:\/\/www.greenpeace.org\/slovenia\/wp-json\/wp\/v2\/pages\/69","targetHints":{"allow":["GET"]}}],"collection":[{"href":"https:\/\/www.greenpeace.org\/slovenia\/wp-json\/wp\/v2\/pages"}],"about":[{"href":"https:\/\/www.greenpeace.org\/slovenia\/wp-json\/wp\/v2\/types\/page"}],"author":[{"embeddable":true,"href":"https:\/\/www.greenpeace.org\/slovenia\/wp-json\/wp\/v2\/users\/1"}],"replies":[{"embeddable":true,"href":"https:\/\/www.greenpeace.org\/slovenia\/wp-json\/wp\/v2\/comments?post=69"}],"version-history":[{"count":20,"href":"https:\/\/www.greenpeace.org\/slovenia\/wp-json\/wp\/v2\/pages\/69\/revisions"}],"predecessor-version":[{"id":53095,"href":"https:\/\/www.greenpeace.org\/slovenia\/wp-json\/wp\/v2\/pages\/69\/revisions\/53095"}],"up":[{"embeddable":true,"href":"https:\/\/www.greenpeace.org\/slovenia\/wp-json\/wp\/v2\/pages\/11"}],"wp:featuredmedia":[{"embeddable":true,"href":"https:\/\/www.greenpeace.org\/slovenia\/wp-json\/wp\/v2\/media\/1379"}],"wp:attachment":[{"href":"https:\/\/www.greenpeace.org\/slovenia\/wp-json\/wp\/v2\/media?parent=69"}],"wp:term":[{"taxonomy":"category","embeddable":true,"href":"https:\/\/www.greenpeace.org\/slovenia\/wp-json\/wp\/v2\/categories?post=69"},{"taxonomy":"post_tag","embeddable":true,"href":"https:\/\/www.greenpeace.org\/slovenia\/wp-json\/wp\/v2\/tags?post=69"}],"curies":[{"name":"wp","href":"https:\/\/api.w.org\/{rel}","templated":true}]}}