{"id":51633,"date":"2022-05-06T13:37:17","date_gmt":"2022-05-06T12:37:17","guid":{"rendered":"https:\/\/www.greenpeace.org\/sweden\/?page_id=51633"},"modified":"2024-03-26T12:50:00","modified_gmt":"2024-03-26T11:50:00","slug":"planet-one-makerspacet-for-unga","status":"publish","type":"page","link":"https:\/\/www.greenpeace.org\/sweden\/agera\/planet-one-makerspacet-for-unga\/","title":{"rendered":"Planet One &#8211; Makerspacet f\u00f6r unga!"},"content":{"rendered":"\n                    <div class=\"wp-block-group is-vertical is-layout-flex wp-container-core-group-is-layout-8cf370e7 wp-block-group-is-layout-flex\">\n                    \n                                <p>Planet One \u00e4r klimatprojektet f\u00f6r dig som vill engagera sig f\u00f6r en b\u00e4ttre v\u00e4rld! Vi vill skapa trygga platser d\u00e4r du som ung, med intresse f\u00f6r klimat- och milj\u00f6fr\u00e5gor, kan engagera dig och driva p\u00e5verkansarbete b\u00e5de lokalt och globalt i s\u00e5 kallade &#8217;makerspaces&#8217;; en plats d\u00e4r vi utvecklar och delar kunskap, tankar och id\u00e9er med varandra. H\u00e4r kan du delta i lokala och globala aktiviteter samt utveckla och driva egna projekt som ber\u00f6r milj\u00f6-, r\u00e4ttvise- och klimatfr\u00e5gor. Projektets huvudsakliga m\u00e5lgrupp \u00e4r unga mellan 15 och 25 \u00e5r, men alla \u00e4r v\u00e4lkomna!<\/p>\n                            \n\n                    \n                    <\/div>\n                    \n<figure class=\"wp-block-image size-large\"><img loading=\"lazy\" decoding=\"async\" width=\"1024\" height=\"576\" src=\"https:\/\/www.greenpeace.org\/static\/planet4-sweden-stateless\/2022\/05\/2137cc2e-2-1024x576.png\" alt=\"\" class=\"wp-image-51639\" srcset=\"https:\/\/www.greenpeace.org\/static\/planet4-sweden-stateless\/2022\/05\/2137cc2e-2-1024x576.png 1024w, https:\/\/www.greenpeace.org\/static\/planet4-sweden-stateless\/2022\/05\/2137cc2e-2-300x169.png 300w, https:\/\/www.greenpeace.org\/static\/planet4-sweden-stateless\/2022\/05\/2137cc2e-2-768x432.png 768w, https:\/\/www.greenpeace.org\/static\/planet4-sweden-stateless\/2022\/05\/2137cc2e-2-510x287.png 510w, https:\/\/www.greenpeace.org\/static\/planet4-sweden-stateless\/2022\/05\/2137cc2e-2.png 1366w\" sizes=\"auto, (max-width: 1024px) 100vw, 1024px\" \/><\/figure>\n\n<p><strong>Den globala ungdomsr\u00f6relsen f\u00f6r klimatr\u00e4ttvisa har redan b\u00f6rjat f\u00f6r\u00e4ndra v\u00e4rlden.<\/strong> Vi upplever just nu ett snabbt v\u00e4xande engagemang hos unga att verka f\u00f6r en b\u00e4ttre v\u00e4rld. Samtidigt ser vi hur ledande diktaturer i olika delar av v\u00e4rlden krymper det demokratiska rummet f\u00f6r sina medborgare. Att engagera sig i milj\u00f6-, klimat- och andra r\u00e4ttighetsfr\u00e5gor, gr\u00e4srotsr\u00f6relser eller icke-statliga organisationer kan f\u00f6r m\u00e5nga vara f\u00f6renat med livsfara.<\/p>\n\n<p><strong>Genom projektet Planet One driver Fryshuset och Greenpeace s\u00e5 kallade \u2018makerspaces\u2019 i Armenien, Kamerun, Kenya, Sverige, Sydafrika och Ungern.<\/strong> Genom dessa fysiska m\u00f6tesplatser erbjuds unga s\u00e4kra utrymmen att m\u00f6tas och engagera sig tillsammans i globala och lokala milj\u00f6- och klimatfr\u00e5gor, med fokus p\u00e5 l\u00e4rande-genom-g\u00f6rande. Alla lokala makerspaces kan dessutom samverka med varandra och utveckla ett ungt globalt p\u00e5verkansn\u00e4tverk genom projektets digitala plattform.<\/p>\n\n<p>Fryshuset och Greenpeace vill att ungas engagemang i klimat- och milj\u00f6fr\u00e5gor tas p\u00e5 allvar s\u00e5 att de kan vara med och bidra till faktiska positiva omst\u00e4llningar b\u00e5de lokalt och globalt. <strong>Genom Planet One vill vi s\u00e4kerst\u00e4lla att unga runt om i v\u00e4rlden f\u00e5r mer j\u00e4mlika f\u00f6ruts\u00e4ttningar att kunna p\u00e5verka i en av v\u00e5r tids mest avg\u00f6rande framtidsfr\u00e5ga.<\/strong><\/p>\n\n<h4 class=\"wp-block-heading\"><strong>M\u00f6tesplatsen Momentum, Stockholm<\/strong><\/h4>\n\n<p>Som en del av det globala initiativet Planet One har den lokala m\u00f6tesplatsen och makerspacet Momentum \u00f6ppet flera eftermiddagar i veckan, med aktiviteter och \u00f6ppet hus p\u00e5 M\u00e5rtensdalsgatan 4 i Stockholm! <\/p>\n\n<p>Varmt v\u00e4lkommen till v\u00e5ra aktiviteter och events, f\u00f6r att umg\u00e5s och inspireras, samt med dina id\u00e9er och funderingar. F\u00f6lj Momentum p\u00e5 <a href=\"https:\/\/instagram.com\/momentum.hub?utm_medium=copy_link\">Instagram<\/a> och <a href=\"https:\/\/www.facebook.com\/Momentum.Stockholm\">Facebook<\/a> f\u00f6r de senaste uppdateringarna och hur du kan engagera dig.&nbsp;<\/p>\n\n<h3 class=\"wp-block-heading\"><strong>Vill du samverka med Planet One?<\/strong><\/h3>\n\n<p>Kontakta projektledare Julia Hedberg p\u00e5<a href=\"mailto:julia.hedberg@greenpeace.org\"> julia.hedberg@greenpeace.org.<\/a><\/p>\n\n<p>H\u00e4r kan du l\u00e4sa <a href=\"https:\/\/planetone.org\/\">mer om Planet One p\u00e5 den internationella hemsidan<\/a><\/p>\n\n<p><strong><em>Projektet m\u00f6jligg\u00f6rs med hj\u00e4lp av gener\u00f6s finansiering fr\u00e5n Svenska Postkodlotteriet.<\/em><\/strong><\/p>\n\n<figure class=\"wp-block-image size-large is-resized\"><img loading=\"lazy\" decoding=\"async\" src=\"https:\/\/www.greenpeace.org\/static\/planet4-sweden-stateless\/2022\/05\/88a9ff10-image2-1024x672.png\" alt=\"\" class=\"wp-image-51631\" width=\"332\" height=\"218\" srcset=\"https:\/\/www.greenpeace.org\/static\/planet4-sweden-stateless\/2022\/05\/88a9ff10-image2-1024x672.png 1024w, https:\/\/www.greenpeace.org\/static\/planet4-sweden-stateless\/2022\/05\/88a9ff10-image2-300x197.png 300w, https:\/\/www.greenpeace.org\/static\/planet4-sweden-stateless\/2022\/05\/88a9ff10-image2-768x504.png 768w, https:\/\/www.greenpeace.org\/static\/planet4-sweden-stateless\/2022\/05\/88a9ff10-image2-1536x1007.png 1536w, https:\/\/www.greenpeace.org\/static\/planet4-sweden-stateless\/2022\/05\/88a9ff10-image2-510x334.png 510w, https:\/\/www.greenpeace.org\/static\/planet4-sweden-stateless\/2022\/05\/88a9ff10-image2.png 1749w\" sizes=\"auto, (max-width: 332px) 100vw, 332px\" \/><\/figure>\n","protected":false},"excerpt":{"rendered":"<p>Planet One \u00e4r klimatprojektet f\u00f6r dig som \u00e4r ung!<\/p>\n","protected":false},"author":34,"featured_media":51634,"parent":9,"menu_order":1,"comment_status":"closed","ping_status":"closed","template":"","meta":{"ep_exclude_from_search":false,"p4_hide_page_title_checkbox":"","p4_title":"","p4_subtitle":"","p4_description":"","background_image_id":"","background_image":"","p4_button_title":"","p4_button_link":"","p4_button_link_checkbox":"","p4_og_title":"","p4_og_description":"","p4_og_image":"","p4_og_image_id":"","p4_seo_canonical_url":"","p4_campaign_name":"not set","p4_local_project":"not set","p4_basket_name":"not set","p4_department":"","footnotes":""},"categories":[1],"tags":[31],"class_list":["post-51633","page","type-page","status-publish","has-post-thumbnail","hentry","category-greenpeace","tag-aktivism"],"_links":{"self":[{"href":"https:\/\/www.greenpeace.org\/sweden\/wp-json\/wp\/v2\/pages\/51633","targetHints":{"allow":["GET"]}}],"collection":[{"href":"https:\/\/www.greenpeace.org\/sweden\/wp-json\/wp\/v2\/pages"}],"about":[{"href":"https:\/\/www.greenpeace.org\/sweden\/wp-json\/wp\/v2\/types\/page"}],"author":[{"embeddable":true,"href":"https:\/\/www.greenpeace.org\/sweden\/wp-json\/wp\/v2\/users\/34"}],"replies":[{"embeddable":true,"href":"https:\/\/www.greenpeace.org\/sweden\/wp-json\/wp\/v2\/comments?post=51633"}],"version-history":[{"count":10,"href":"https:\/\/www.greenpeace.org\/sweden\/wp-json\/wp\/v2\/pages\/51633\/revisions"}],"predecessor-version":[{"id":59719,"href":"https:\/\/www.greenpeace.org\/sweden\/wp-json\/wp\/v2\/pages\/51633\/revisions\/59719"}],"up":[{"embeddable":true,"href":"https:\/\/www.greenpeace.org\/sweden\/wp-json\/wp\/v2\/pages\/9"}],"wp:featuredmedia":[{"embeddable":true,"href":"https:\/\/www.greenpeace.org\/sweden\/wp-json\/wp\/v2\/media\/51634"}],"wp:attachment":[{"href":"https:\/\/www.greenpeace.org\/sweden\/wp-json\/wp\/v2\/media?parent=51633"}],"wp:term":[{"taxonomy":"category","embeddable":true,"href":"https:\/\/www.greenpeace.org\/sweden\/wp-json\/wp\/v2\/categories?post=51633"},{"taxonomy":"post_tag","embeddable":true,"href":"https:\/\/www.greenpeace.org\/sweden\/wp-json\/wp\/v2\/tags?post=51633"}],"curies":[{"name":"wp","href":"https:\/\/api.w.org\/{rel}","templated":true}]}}

Planet One &#8211; Makerspacet för unga!

<div class="wp-block-group is-vertical is-layout-flex wp-container-core-group-is-layout-8cf370e7 wp-block-group-is-layout-flex">
                    
                                <p>Planet One är klimatprojektet för dig som vill engagera sig för en bättre värld! Vi vill skapa trygga platser där du som ung, med intresse för klimat- och miljöfrågor, kan engagera dig och driva påverkansarbete både lokalt och globalt i så kallade &#8217;makerspaces&#8217;; en plats där vi utvecklar och delar kunskap, tankar och idéer med varandra. Här kan du delta i lokala och globala aktiviteter samt utveckla och driva egna projekt som berör miljö-, rättvise- och klimatfrågor. Projektets huvudsakliga målgrupp är unga mellan 15 och 25 år, men alla är välkomna!</p>
                            

                    
                    </div>
                    
<figure class="wp-block-image size-large"><img loading="lazy" decoding="async" width="1024" height="576" src="https://www.greenpeace.org/static/planet4-sweden-stateless/2022/05/2137cc2e-2-1024x576.png" alt="" class="wp-image-51639" srcset="https://www.greenpeace.org/static/planet4-sweden-stateless/2022/05/2137cc2e-2-1024x576.png 1024w, https://www.greenpeace.org/static/planet4-sweden-stateless/2022/05/2137cc2e-2-300x169.png 300w, https://www.greenpeace.org/static/planet4-sweden-stateless/2022/05/2137cc2e-2-768x432.png 768w, https://www.greenpeace.org/static/planet4-sweden-stateless/2022/05/2137cc2e-2-510x287.png 510w, https://www.greenpeace.org/static/planet4-sweden-stateless/2022/05/2137cc2e-2.png 1366w" sizes="auto, (max-width: 1024px) 100vw, 1024px" /></figure>

<p><strong>Den globala ungdomsrörelsen för klimaträttvisa har redan börjat förändra världen.</strong> Vi upplever just nu ett snabbt växande engagemang hos unga att verka för en bättre värld. Samtidigt ser vi hur ledande diktaturer i olika delar av världen krymper det demokratiska rummet för sina medborgare. Att engagera sig i miljö-, klimat- och andra rättighetsfrågor, gräsrotsrörelser eller icke-statliga organisationer kan för många vara förenat med livsfara.</p>

<p><strong>Genom projektet Planet One driver Fryshuset och Greenpeace så kallade ‘makerspaces’ i Armenien, Kamerun, Kenya, Sverige, Sydafrika och Ungern.</strong> Genom dessa fysiska mötesplatser erbjuds unga säkra utrymmen att mötas och engagera sig tillsammans i globala och lokala miljö- och klimatfrågor, med fokus på lärande-genom-görande. Alla lokala makerspaces kan dessutom samverka med varandra och utveckla ett ungt globalt påverkansnätverk genom projektets digitala plattform.</p>

<p>Fryshuset och Greenpeace vill att ungas engagemang i klimat- och miljöfrågor tas på allvar så att de kan vara med och bidra till faktiska positiva omställningar både lokalt och globalt. <strong>Genom Planet One vill vi säkerställa att unga runt om i världen får mer jämlika förutsättningar att kunna påverka i en av vår tids mest avgörande framtidsfråga.</strong></p>

<h4 class="wp-block-heading"><strong>Mötesplatsen Momentum, Stockholm</strong></h4>

<p>Som en del av det globala initiativet Planet One har den lokala mötesplatsen och makerspacet Momentum öppet flera eftermiddagar i veckan, med aktiviteter och öppet hus på Mårtensdalsgatan 4 i Stockholm! </p>

<p>Varmt välkommen till våra aktiviteter och events, för att umgås och inspireras, samt med dina idéer och funderingar. Följ Momentum på <a href="https://instagram.com/momentum.hub?utm_medium=copy_link">Instagram</a> och <a href="https://www.facebook.com/Momentum.Stockholm">Facebook</a> för de senaste uppdateringarna och hur du kan engagera dig.&nbsp;</p>

<h3 class="wp-block-heading"><strong>Vill du samverka med Planet One?</strong></h3>

<p>Kontakta projektledare Julia Hedberg på<a href="mailto:julia.hedberg@greenpeace.org"> julia.hedberg@greenpeace.org.</a></p>

<p>Här kan du läsa <a href="https://planetone.org/">mer om Planet One på den internationella hemsidan</a></p>

<p><strong><em>Projektet möjliggörs med hjälp av generös finansiering från Svenska Postkodlotteriet.</em></strong></p>

<figure class="wp-block-image size-large is-resized"><img loading="lazy" decoding="async" src="https://www.greenpeace.org/static/planet4-sweden-stateless/2022/05/88a9ff10-image2-1024x672.png" alt="" class="wp-image-51631" width="332" height="218" srcset="https://www.greenpeace.org/static/planet4-sweden-stateless/2022/05/88a9ff10-image2-1024x672.png 1024w, https://www.greenpeace.org/static/planet4-sweden-stateless/2022/05/88a9ff10-image2-300x197.png 300w, https://www.greenpeace.org/static/planet4-sweden-stateless/2022/05/88a9ff10-image2-768x504.png 768w, https://www.greenpeace.org/static/planet4-sweden-stateless/2022/05/88a9ff10-image2-1536x1007.png 1536w, https://www.greenpeace.org/static/planet4-sweden-stateless/2022/05/88a9ff10-image2-510x334.png 510w, https://www.greenpeace.org/static/planet4-sweden-stateless/2022/05/88a9ff10-image2.png 1749w" sizes="auto, (max-width: 332px) 100vw, 332px" /></figure>

<p>Planet One är klimatprojektet för dig som är ung!</p>
