{"id":1154,"date":"2019-09-19T13:54:05","date_gmt":"2019-09-19T10:54:05","guid":{"rendered":"https:\/\/master.k8s.p4.greenpeace.org\/turkey\/?page_id=1154"},"modified":"2024-03-26T14:52:03","modified_gmt":"2024-03-26T11:52:03","slug":"degerlerimiz","status":"publish","type":"page","link":"https:\/\/www.greenpeace.org\/turkey\/hakkimizda\/degerlerimiz\/","title":{"rendered":"De\u011ferlerimiz"},"content":{"rendered":"\n                    <div class=\"wp-block-group is-vertical is-layout-flex wp-container-core-group-is-layout-8cf370e7 wp-block-group-is-layout-flex\">\n                    \n\n                    \n                    <\/div>\n                    <h2>\u00a0<\/h2>\n<p>\u00a0<\/p>\n<h2>En g\u00fc\u00e7l\u00fc rehberimiz: \u0130lkelerimiz<\/h2>\n<div data-render=\"planet4-blocks\/submenu\" data-attributes=\"{&quot;attributes&quot;:{&quot;submenu_style&quot;:3,&quot;levels&quot;:[{&quot;heading&quot;:2,&quot;link&quot;:true},{&quot;heading&quot;:3,&quot;link&quot;:true}],&quot;title&quot;:&quot;&quot;}}\"><\/div><p>Greenpeace faaliyetleri baz\u0131 ilkelere dayan\u0131r. Bu ilkeler, t\u00fcm kampanyalar\u0131m\u0131za yans\u0131r, bize nerede ne yaparsak yapal\u0131m rehberlik eder.<\/p>\n<p>D\u00fcnyada Greenpeace, k\u00fcresel \u00e7evre sorunlar\u0131n\u0131 ortaya \u00e7\u0131karmak, ye\u015fil ve bar\u0131\u015f dolu bir gelecek i\u00e7in gereken \u00e7\u00f6z\u00fcmleri sunmak amac\u0131yla \u015fiddetsiz ve yarat\u0131c\u0131 \u00e7\u00f6z\u00fcmler sunan, ba\u011f\u0131ms\u0131z kampanyalar y\u00fcr\u00fcten bir organizasyondur.<\/p>\n<h2>Misyonumuz<\/h2>\n<p>Greenpeace\u2019in amac\u0131, gezegenimizin t\u00fcm \u00e7e\u015fitlili\u011fiyle ya\u015fam\u0131 destekleyebildi\u011finden emin olmakt\u0131r.<\/p>\n<p>Bu y\u00fczden Greenpeace a\u015fa\u011f\u0131daki maddeleri ger\u00e7ekle\u015ftirmek i\u00e7in \u00e7abalar:<\/p>\n<ul>\n<li><strong>KORU:<\/strong> Her t\u00fcrden biyo\u00e7e\u015fitlili\u011fin korunmas\u0131<\/li>\n<li><strong>ENGELLE:<\/strong> Okyanuslar\u0131n, topra\u011f\u0131n, havan\u0131n ve su kaynaklar\u0131n\u0131n tahrip edilmesini engellemek<\/li>\n<li><strong>SON VER:<\/strong> T\u00fcm n\u00fckleer tehditlere son vermek<\/li>\n<li><strong>Y\u00dcCELT:<\/strong> Bar\u0131\u015fa, k\u00fcresel silahs\u0131zlanmaya ve \u015fiddetsizli\u011fe destek vermek<\/li>\n<\/ul>\n<h2>Temel de\u011ferlerimiz<\/h2>\n<h3>Bireysel sorumluluk ve bar\u0131\u015f\u00e7\u0131ll\u0131k<\/h3>\n<p>Harekete ge\u00e7iyor, sorumluluk \u00fcstleniyor ve her zaman \u015fiddetsiz kal\u0131yoruz.<\/p>\n<p>Bu prensipleri olu\u015ftururken harekete ge\u00e7me prati\u011fi diye tan\u0131mlayabilece\u011fimiz \u201ctan\u0131kl\u0131k etme\u201d kavram\u0131ndan esinlendik. Buna bireysel sorumlulu\u011fa dayanan bireysel davran\u0131\u015f da diyebiliriz.<\/p>\n<h3>Ba\u011f\u0131ms\u0131zl\u0131k<\/h3>\n<p>\u015eirketlerden ve h\u00fck\u00fcmetlerden hi\u00e7bir destek kabul etmiyoruz. Ba\u011f\u0131ms\u0131zl\u0131\u011f\u0131m\u0131z, etkin bir bi\u00e7imde g\u00fcc\u00fcm\u00fcz\u00fc g\u00f6sterip ger\u00e7ek bir de\u011fi\u015fim yaratmam\u0131z gerekti\u011finde bize ihtiyac\u0131m\u0131z olan \u00f6zg\u00fcrl\u00fc\u011f\u00fc sa\u011fl\u0131yor.<\/p>\n<h3>Greenpeace\u2019in daimi dostu veya d\u00fc\u015fman\u0131 yoktur<\/h3>\n<p>H\u00fck\u00fcmetler veya \u015firketler \u00e7evrenin ve gezegenimizin yarar\u0131na bir de\u011fi\u015fimi ger\u00e7ekle\u015ftirmek istiyorlarsa bu gibi giri\u015fimleri destekleriz. Bir s\u00f6z vard\u0131r: \u201cAynas\u0131 i\u015ftir ki\u015finin, lafa bak\u0131lmaz.\u201d Yapt\u0131klar\u0131m\u0131z\u0131n amac\u0131 tektir: \u00e7evrenin yarar\u0131na hareket etmek.<\/p>\n<h3>\u00c7\u00f6z\u00fcm \u00fcretmek<\/h3>\n<p>Hepimiz i\u00e7in ye\u015fil ve bar\u0131\u015f dolu bir gelece\u011fe giden somut ad\u0131mlar\u0131 ara\u015ft\u0131r\u0131yoruz, geli\u015ftiriyoruz, Toplumun \u00e7evresel se\u00e7imlerine dair i\u00e7ten ve bilin\u00e7li m\u00fczakereleri destekliyor, bunun i\u00e7in \u00e7\u00f6z\u00fcm \u00fcretiyoruz.<\/p>\n<div data-render=\"planet4-blocks\/happypoint\" data-attributes=\"{&quot;attributes&quot;:{&quot;mailing_list_iframe&quot;:true,&quot;id&quot;:12023,&quot;opacity&quot;:30,&quot;override_default_content&quot;:false,&quot;local_content_provider&quot;:&quot;none&quot;}}\"><\/div>","protected":false},"excerpt":{"rendered":"<p>\u00a0 \u00a0 En g\u00fc\u00e7l\u00fc rehberimiz: \u0130lkelerimiz Greenpeace faaliyetleri baz\u0131 ilkelere dayan\u0131r. Bu ilkeler, t\u00fcm kampanyalar\u0131m\u0131za yans\u0131r, bize nerede ne yaparsak yapal\u0131m rehberlik eder. D\u00fcnyada Greenpeace, k\u00fcresel \u00e7evre sorunlar\u0131n\u0131 ortaya \u00e7\u0131karmak, ye\u015fil ve bar\u0131\u015f dolu bir gelecek i\u00e7in gereken \u00e7\u00f6z\u00fcmleri sunmak amac\u0131yla \u015fiddetsiz ve yarat\u0131c\u0131 \u00e7\u00f6z\u00fcmler sunan, ba\u011f\u0131ms\u0131z kampanyalar y\u00fcr\u00fcten bir organizasyondur. Misyonumuz Greenpeace\u2019in amac\u0131, gezegenimizin [&hellip;]<\/p>\n","protected":false},"author":25,"featured_media":0,"parent":234,"menu_order":0,"comment_status":"closed","ping_status":"closed","template":"","meta":{"ep_exclude_from_search":false,"p4_hide_page_title_checkbox":"","p4_title":"","p4_subtitle":"","p4_description":"","background_image_id":"","background_image":"","p4_button_title":"","p4_button_link":"","p4_button_link_checkbox":"","p4_og_title":"","p4_og_description":"","p4_og_image":"","p4_og_image_id":"","p4_seo_canonical_url":"","p4_campaign_name":"not set","p4_local_project":"","p4_basket_name":"not set","p4_department":"","footnotes":""},"categories":[1],"tags":[],"class_list":["post-1154","page","type-page","status-publish","hentry","category-uncategorized"],"_links":{"self":[{"href":"https:\/\/www.greenpeace.org\/turkey\/wp-json\/wp\/v2\/pages\/1154","targetHints":{"allow":["GET"]}}],"collection":[{"href":"https:\/\/www.greenpeace.org\/turkey\/wp-json\/wp\/v2\/pages"}],"about":[{"href":"https:\/\/www.greenpeace.org\/turkey\/wp-json\/wp\/v2\/types\/page"}],"author":[{"embeddable":true,"href":"https:\/\/www.greenpeace.org\/turkey\/wp-json\/wp\/v2\/users\/25"}],"replies":[{"embeddable":true,"href":"https:\/\/www.greenpeace.org\/turkey\/wp-json\/wp\/v2\/comments?post=1154"}],"version-history":[{"count":16,"href":"https:\/\/www.greenpeace.org\/turkey\/wp-json\/wp\/v2\/pages\/1154\/revisions"}],"predecessor-version":[{"id":8431,"href":"https:\/\/www.greenpeace.org\/turkey\/wp-json\/wp\/v2\/pages\/1154\/revisions\/8431"}],"up":[{"embeddable":true,"href":"https:\/\/www.greenpeace.org\/turkey\/wp-json\/wp\/v2\/pages\/234"}],"wp:attachment":[{"href":"https:\/\/www.greenpeace.org\/turkey\/wp-json\/wp\/v2\/media?parent=1154"}],"wp:term":[{"taxonomy":"category","embeddable":true,"href":"https:\/\/www.greenpeace.org\/turkey\/wp-json\/wp\/v2\/categories?post=1154"},{"taxonomy":"post_tag","embeddable":true,"href":"https:\/\/www.greenpeace.org\/turkey\/wp-json\/wp\/v2\/tags?post=1154"}],"curies":[{"name":"wp","href":"https:\/\/api.w.org\/{rel}","templated":true}]}}