{"id":1229,"date":"2019-09-20T14:55:25","date_gmt":"2019-09-20T11:55:25","guid":{"rendered":"https:\/\/master.k8s.p4.greenpeace.org\/turkey\/?page_id=1229"},"modified":"2024-10-17T13:53:10","modified_gmt":"2024-10-17T10:53:10","slug":"greenpeace-gemileri","status":"publish","type":"page","link":"https:\/\/www.greenpeace.org\/turkey\/hakkimizda\/greenpeace-gemileri\/","title":{"rendered":"Greenpeace Gemileri"},"content":{"rendered":"\n                \n                <div class=\"wp-block-group alignfull is-layout-flow wp-block-group-is-layout-flow\">\n                \n                <div class=\"wp-block-group container is-layout-flow wp-block-group-is-layout-flow\">\n                \n                <div class=\"wp-block-media-text alignfull has-media-on-the-right is-stacked-on-mobile is-pattern-p4-page-header is-style-parallax\">\n\n                <div class=\"wp-block-media-text__content\">\n                    <div class=\"wp-block-group is-layout-flow wp-block-group-is-layout-flow\">\n                    \n                        <h1 class=\"wp-block-heading has-white-background-color has-background\">\n                            Greenpeace filosunu tan\u0131y\u0131n\u00a0\n                        <\/h1>\n                    <\/div>\n                \n\n                \n\n                \n\n                <\/div>\n                <figure class=\"wp-block-media-text__media\">\n                    <img loading=\"lazy\" decoding=\"async\" width=\"1199\" height=\"798\"\n                        src=\"https:\/\/www.greenpeace.org\/static\/planet4-turkey-stateless\/2019\/09\/2db66a3f-gp03byu.jpg\"\n                        alt=\"\"\n                        sizes=\"auto, (min-width: 601px) 50vw, 100vw\" srcset=\"https:\/\/www.greenpeace.org\/static\/planet4-turkey-stateless\/2019\/09\/2db66a3f-gp03byu.jpg 1199w, https:\/\/www.greenpeace.org\/static\/planet4-turkey-stateless\/2019\/09\/2db66a3f-gp03byu-300x200.jpg 300w, https:\/\/www.greenpeace.org\/static\/planet4-turkey-stateless\/2019\/09\/2db66a3f-gp03byu-768x511.jpg 768w, https:\/\/www.greenpeace.org\/static\/planet4-turkey-stateless\/2019\/09\/2db66a3f-gp03byu-1024x682.jpg 1024w, https:\/\/www.greenpeace.org\/static\/planet4-turkey-stateless\/2019\/09\/2db66a3f-gp03byu-510x340.jpg 510w\" class=\"wp-image-1231 size-full\"\n                    \/>\n                <\/figure>\n                <\/div>\n                \n                <\/div>\n                \n                <\/div>\n                \n                <h2>Denizler, u\u00e7suz bucaks\u0131z okyanuslar\u2026<\/h2>\n<p>Greenpeace 1971 y\u0131l\u0131nda, derme \u00e7atma bal\u0131k\u00e7\u0131 teknesi Phyllis Cormack ile n\u00fckleer testlere kar\u015f\u0131 ilk eylemini ger\u00e7ekle\u015ftirdi. Ve o g\u00fcnden beri, denizleri hep evi kabul etti. Emektar gemileriyle birlikte gezegenin d\u00f6rt bir k\u00f6\u015fesine g\u00f6kku\u015fa\u011f\u0131n\u0131 ta\u015f\u0131d\u0131. Bazen zorlu dalgalara, f\u0131rt\u0131nalara g\u00f6\u011f\u00fcs gerdi, bazen bombal\u0131 sald\u0131r\u0131lar\u0131n hedefi oldu. Gemiler de\u011fi\u015fti ama m\u00fccadele ruhu hep ayn\u0131 kald\u0131.<\/p>\n\n        <div class=\"wp-block-group is-layout-flow wp-block-group-is-layout-flow\">\n        \n        \n        <figure class=\"wp-block-embed is-type-1 is-provider-youtube wp-block-embed-youtube wp-embed-aspect-16-9 wp-has-aspect-ratio\"><div class=\"wp-block-embed__wrapper\">\n        <lite-youtube style=\"background-image: url('https:\/\/i.ytimg.com\/vi\/_b8FPJ9M6HY\/hqdefault.jpg');\" videoid=\"_b8FPJ9M6HY\" params=\"rel=0\"><\/lite-youtube>\n        <\/div><\/figure><\/div>\n        \n<h2 class=\"wp-block-heading\">Filo: <\/h2>\n\n<h2 class=\"wp-block-heading\">Arctic Sunrise, Esperanza, Rainbow Warrior<\/h2>\n\n<p><\/p>\n\n<figure class=\"wp-block-image\"><img loading=\"lazy\" decoding=\"async\" width=\"800\" height=\"600\" src=\"https:\/\/www.greenpeace.org\/static\/planet4-turkey-stateless\/2023\/11\/a18332ad-gp0stvo3d_web_size.jpg\" alt=\"\" class=\"wp-image-8291\" srcset=\"https:\/\/www.greenpeace.org\/static\/planet4-turkey-stateless\/2023\/11\/a18332ad-gp0stvo3d_web_size.jpg 800w, https:\/\/www.greenpeace.org\/static\/planet4-turkey-stateless\/2023\/11\/a18332ad-gp0stvo3d_web_size-300x225.jpg 300w, https:\/\/www.greenpeace.org\/static\/planet4-turkey-stateless\/2023\/11\/a18332ad-gp0stvo3d_web_size-768x576.jpg 768w, https:\/\/www.greenpeace.org\/static\/planet4-turkey-stateless\/2023\/11\/a18332ad-gp0stvo3d_web_size-453x340.jpg 453w\" sizes=\"auto, (max-width: 800px) 100vw, 800px\" \/><\/figure>\n\n<figure class=\"wp-block-image size-full\"><img loading=\"lazy\" decoding=\"async\" width=\"800\" height=\"533\" src=\"https:\/\/www.greenpeace.org\/static\/planet4-turkey-stateless\/2023\/11\/b80763ac-gp1sucio_web_size.jpg\" alt=\"\" class=\"wp-image-8290\" srcset=\"https:\/\/www.greenpeace.org\/static\/planet4-turkey-stateless\/2023\/11\/b80763ac-gp1sucio_web_size.jpg 800w, https:\/\/www.greenpeace.org\/static\/planet4-turkey-stateless\/2023\/11\/b80763ac-gp1sucio_web_size-300x200.jpg 300w, https:\/\/www.greenpeace.org\/static\/planet4-turkey-stateless\/2023\/11\/b80763ac-gp1sucio_web_size-768x512.jpg 768w, https:\/\/www.greenpeace.org\/static\/planet4-turkey-stateless\/2023\/11\/b80763ac-gp1sucio_web_size-510x340.jpg 510w\" sizes=\"auto, (max-width: 800px) 100vw, 800px\" \/><\/figure>\n\n        <div class=\"wp-block-group is-layout-flow wp-block-group-is-layout-flow\">\n        \n        \n        <figure class=\"wp-block-embed is-type-1 is-provider-youtube wp-block-embed-youtube wp-embed-aspect-16-9 wp-has-aspect-ratio\"><div class=\"wp-block-embed__wrapper\">\n        <lite-youtube style=\"background-image: url('https:\/\/i.ytimg.com\/vi\/A09cI72oxJ0\/hqdefault.jpg');\" videoid=\"A09cI72oxJ0\" params=\"rel=0\"><\/lite-youtube>\n        <\/div><\/figure><\/div>\n        <h2>Gemiler \u015fu an neredeler?<\/h2>\n<p><iframe loading=\"lazy\" src=\" https:\/\/maps.greenpeace.org\/maps\/gpships\/\" width=\"100%\" height=\"400\" frameborder=\"0\"><\/iframe><\/p>\n","protected":false},"excerpt":{"rendered":"<p>Denizler, u\u00e7suz bucaks\u0131z okyanuslar\u2026 Greenpeace 1971 y\u0131l\u0131nda, derme \u00e7atma bal\u0131k\u00e7\u0131 teknesi Phyllis Cormack ile n\u00fckleer testlere kar\u015f\u0131 ilk eylemini ger\u00e7ekle\u015ftirdi. Ve o g\u00fcnden beri, denizleri hep evi kabul etti. Emektar gemileriyle birlikte gezegenin d\u00f6rt bir k\u00f6\u015fesine g\u00f6kku\u015fa\u011f\u0131n\u0131 ta\u015f\u0131d\u0131. Bazen zorlu dalgalara, f\u0131rt\u0131nalara g\u00f6\u011f\u00fcs gerdi, bazen bombal\u0131 sald\u0131r\u0131lar\u0131n hedefi oldu. Gemiler de\u011fi\u015fti ama m\u00fccadele ruhu hep [&hellip;]<\/p>\n","protected":false},"author":25,"featured_media":1231,"parent":234,"menu_order":0,"comment_status":"closed","ping_status":"closed","template":"","meta":{"ep_exclude_from_search":false,"p4_hide_page_title_checkbox":"on","p4_title":"","p4_subtitle":"","p4_description":"","background_image_id":"","background_image":"","p4_button_title":"","p4_button_link":"","p4_button_link_checkbox":"","p4_og_title":"","p4_og_description":"","p4_og_image":"","p4_og_image_id":"","p4_seo_canonical_url":"","p4_campaign_name":"not set","p4_local_project":"","p4_basket_name":"not set","p4_department":"","footnotes":""},"categories":[1],"tags":[38],"class_list":["post-1229","page","type-page","status-publish","has-post-thumbnail","hentry","category-uncategorized","tag-gemiler"],"_links":{"self":[{"href":"https:\/\/www.greenpeace.org\/turkey\/wp-json\/wp\/v2\/pages\/1229","targetHints":{"allow":["GET"]}}],"collection":[{"href":"https:\/\/www.greenpeace.org\/turkey\/wp-json\/wp\/v2\/pages"}],"about":[{"href":"https:\/\/www.greenpeace.org\/turkey\/wp-json\/wp\/v2\/types\/page"}],"author":[{"embeddable":true,"href":"https:\/\/www.greenpeace.org\/turkey\/wp-json\/wp\/v2\/users\/25"}],"replies":[{"embeddable":true,"href":"https:\/\/www.greenpeace.org\/turkey\/wp-json\/wp\/v2\/comments?post=1229"}],"version-history":[{"count":19,"href":"https:\/\/www.greenpeace.org\/turkey\/wp-json\/wp\/v2\/pages\/1229\/revisions"}],"predecessor-version":[{"id":8797,"href":"https:\/\/www.greenpeace.org\/turkey\/wp-json\/wp\/v2\/pages\/1229\/revisions\/8797"}],"up":[{"embeddable":true,"href":"https:\/\/www.greenpeace.org\/turkey\/wp-json\/wp\/v2\/pages\/234"}],"wp:featuredmedia":[{"embeddable":true,"href":"https:\/\/www.greenpeace.org\/turkey\/wp-json\/wp\/v2\/media\/1231"}],"wp:attachment":[{"href":"https:\/\/www.greenpeace.org\/turkey\/wp-json\/wp\/v2\/media?parent=1229"}],"wp:term":[{"taxonomy":"category","embeddable":true,"href":"https:\/\/www.greenpeace.org\/turkey\/wp-json\/wp\/v2\/categories?post=1229"},{"taxonomy":"post_tag","embeddable":true,"href":"https:\/\/www.greenpeace.org\/turkey\/wp-json\/wp\/v2\/tags?post=1229"}],"curies":[{"name":"wp","href":"https:\/\/api.w.org\/{rel}","templated":true}]}}