{"id":238,"date":"2018-05-14T12:47:19","date_gmt":"2018-05-14T12:47:19","guid":{"rendered":"https:\/\/k8s.p4.greenpeace.org\/defaultcontent\/?page_id=238"},"modified":"2024-08-14T15:29:51","modified_gmt":"2024-08-14T12:29:51","slug":"telif","status":"publish","type":"page","link":"https:\/\/www.greenpeace.org\/turkey\/telif\/","title":{"rendered":"Telif Haklar\u0131"},"content":{"rendered":"\n\n<div class=\"wp-block-group alignfull is-layout-flow wp-block-group-is-layout-flow\">\n<div class=\"wp-block-group container is-layout-flow wp-block-group-is-layout-flow\">\n<div class=\"wp-block-media-text alignfull has-media-on-the-right is-stacked-on-mobile is-pattern-p4-page-header is-style-parallax\"><div class=\"wp-block-media-text__content\">\n<div class=\"wp-block-group is-layout-flow wp-block-group-is-layout-flow\">\n<h1 class=\"wp-block-heading has-white-background-color has-background\">\n                            Telif Haklar\u0131\n                        <\/h1>\n<\/div>\n\n\n\n<p style=\"font-size:1.25rem\">\n                            <span style=\"font-weight: 400\">Greenpeace, isim ve logosunun \u00e7evre sorunlar\u0131n\u0131n ve buna ili\u015fkin \u00e7\u00f6z\u00fcmlerinin g\u00fcndeme ta\u015f\u0131nmas\u0131 amac\u0131 ile&nbsp; bar\u0131\u015f\u00e7\u0131l \u015fekilde kullan\u0131lmas\u0131n\u0131 destekler. Bununla birlikte Greenpeace ad\u0131 ve logosu t\u00fcm haklar\u0131 ile birlikte <\/span><span style=\"font-weight: 400\">Stichting Greenpeace Council <\/span><span style=\"font-weight: 400\">ad\u0131na tescil edilmi\u015f olup T\u00fcrkiye\u2019de bu ad\u0131n ve logonun kullan\u0131lmas\u0131, iletilmesi, payla\u015f\u0131lmas\u0131 \u2026 vb. gibi i\u015flemler i\u00e7in Greenpeace Akdeniz\u2019in yaz\u0131l\u0131 \u00f6n onay\u0131 gerekmektedir.<\/span>\n                        <\/p>\n<\/div><figure class=\"wp-block-media-text__media\"><img loading=\"lazy\" decoding=\"async\" width=\"1024\" height=\"683\" src=\"https:\/\/www.greenpeace.org\/static\/planet4-turkey-stateless\/2018\/05\/63675cec-preparing-the-22planet-earth-first22-hot-air-balloon-in-hamburg.jpg\" alt=\"\" sizes=\"auto, (min-width: 601px) 50vw, 100vw\" srcset=\"https:\/\/www.greenpeace.org\/static\/planet4-turkey-stateless\/2018\/05\/63675cec-preparing-the-22planet-earth-first22-hot-air-balloon-in-hamburg.jpg 1024w, https:\/\/www.greenpeace.org\/static\/planet4-turkey-stateless\/2018\/05\/63675cec-preparing-the-22planet-earth-first22-hot-air-balloon-in-hamburg-300x200.jpg 300w, https:\/\/www.greenpeace.org\/static\/planet4-turkey-stateless\/2018\/05\/63675cec-preparing-the-22planet-earth-first22-hot-air-balloon-in-hamburg-768x512.jpg 768w, https:\/\/www.greenpeace.org\/static\/planet4-turkey-stateless\/2018\/05\/63675cec-preparing-the-22planet-earth-first22-hot-air-balloon-in-hamburg-510x340.jpg 510w\" class=\"wp-image-66 size-full\"\/><\/figure><\/div>\n<\/div>\n<\/div>\n\n<p><span style=\"font-weight: 400;\">Greenpeace; ad\u0131n\u0131n, logosunun veya Greenpeace\u2019e ait herhangi bir i\u00e7eri\u011fin a\u015fa\u011f\u0131daki durumlarda kullan\u0131lmas\u0131na kar\u015f\u0131 \u00e7\u0131kmaktad\u0131r.<\/span><\/p>\n<ul>\n<li style=\"font-weight: 400;\"><span style=\"font-weight: 400;\">Ki\u015fisel,kurumsal veya ticari kazan\u00e7 amac\u0131 ile kullan\u0131m.<\/span><\/li>\n<li style=\"font-weight: 400;\"><span style=\"font-weight: 400;\">Siyasi i\u00e7erikli reklamlar veya herhangi bir siyasi parti aday\u0131n\u0131n kamuoyu taraf\u0131ndan onaylanmas\u0131 \u00f6nerisi amac\u0131 ile kullan\u0131m.<\/span><\/li>\n<li style=\"font-weight: 400;\"><span style=\"font-weight: 400;\">Greenpeace taraf\u0131ndan yap\u0131lmam\u0131\u015f bir \u00fcr\u00fcn veya uygulaman\u0131n onaylanmas\u0131na dair herhangi bir \u00f6neri i\u00e7in kullan\u0131m.<\/span><\/li>\n<li style=\"font-weight: 400;\"><span style=\"font-weight: 400;\">\u015eiddet i\u00e7eren herhangi bir payla\u015f\u0131mda veya eylemde, eyleme davette kullan\u0131m.\u00a0<\/span><\/li>\n<li style=\"font-weight: 400;\"><span style=\"font-weight: 400;\">Kurumu temsil ile yetkilendirilmeyen ki\u015filer taraf\u0131ndan kullan\u0131m.\u00a0<\/span><\/li>\n<\/ul>\n<h2><b>\u0130nternet Sitesi ve Dergideki \u0130\u00e7erikler<\/b><\/h2>\n<p><span style=\"font-weight: 400;\">Dergimiz veya internet sitemizden temin edilen bilgilerin e\u011fitim ve\/veya fark\u0131ndal\u0131k art\u0131rma amac\u0131 ile kullan\u0131lmas\u0131 Greenpeace i\u00e7in mutluluk vericidir bununla birlikte bu t\u00fcr kullan\u0131mlarda internet sitemize veya dergimize at\u0131fta bulunman\u0131z\u0131 \u00f6neririz.<\/span><\/p>\n<h2><b>Foto\u011fraflar ve Videolar<\/b><\/h2>\n<p><span style=\"font-weight: 400;\">Greenpeace Akdeniz\u2019in dergilerinde veya internet sitesinde kullan\u0131lan foto\u011fraflar ve videolarda hem Greenpeace Akdeniz\u2019in mali ve manevi haklar\u0131 hem de foto\u011fraf\u00e7\u0131lar\u0131n devredilemez telif haklar\u0131 oldu\u011fundan bu foto\u011fraflar\u0131 kullanmadan veya payla\u015fmadan \u00f6nce Greenpeace Akdeniz ile irtibata ge\u00e7menizi tavsiye ederiz.<\/span><\/p>\n<h2><b>\u0130leti\u015fim<\/b><\/h2>\n<p><a href=\"mailto:bilgi.tr@greenpeace.org\"><span style=\"font-weight: 400;\">bilgi.tr@greenpeace.org<\/span><\/a><\/p>\n<p><span style=\"font-weight: 400;\">0(212) 292 76 19 <\/span><\/p>\n","protected":false},"excerpt":{"rendered":"<p>Greenpeace; ad\u0131n\u0131n, logosunun veya Greenpeace\u2019e ait herhangi bir i\u00e7eri\u011fin a\u015fa\u011f\u0131daki durumlarda kullan\u0131lmas\u0131na kar\u015f\u0131 \u00e7\u0131kmaktad\u0131r. Ki\u015fisel,kurumsal veya ticari kazan\u00e7 amac\u0131 ile kullan\u0131m. Siyasi i\u00e7erikli reklamlar veya herhangi bir siyasi parti aday\u0131n\u0131n kamuoyu taraf\u0131ndan onaylanmas\u0131 \u00f6nerisi amac\u0131 ile kullan\u0131m. Greenpeace taraf\u0131ndan yap\u0131lmam\u0131\u015f bir \u00fcr\u00fcn veya uygulaman\u0131n onaylanmas\u0131na dair herhangi bir \u00f6neri i\u00e7in kullan\u0131m. \u015eiddet i\u00e7eren herhangi bir [&hellip;]<\/p>\n","protected":false},"author":1,"featured_media":66,"parent":0,"menu_order":0,"comment_status":"closed","ping_status":"closed","template":"","meta":{"ep_exclude_from_search":false,"p4_hide_page_title_checkbox":"on","p4_title":"","p4_subtitle":"","p4_description":"","background_image_id":"","background_image":"","p4_button_title":"","p4_button_link":"","p4_button_link_checkbox":"","p4_og_title":"","p4_og_description":"","p4_og_image":"","p4_og_image_id":"","p4_seo_canonical_url":"","p4_campaign_name":"not set","p4_local_project":"","p4_basket_name":"not set","p4_department":"","footnotes":""},"categories":[1],"tags":[],"class_list":["post-238","page","type-page","status-publish","has-post-thumbnail","hentry","category-uncategorized"],"_links":{"self":[{"href":"https:\/\/www.greenpeace.org\/turkey\/wp-json\/wp\/v2\/pages\/238","targetHints":{"allow":["GET"]}}],"collection":[{"href":"https:\/\/www.greenpeace.org\/turkey\/wp-json\/wp\/v2\/pages"}],"about":[{"href":"https:\/\/www.greenpeace.org\/turkey\/wp-json\/wp\/v2\/types\/page"}],"author":[{"embeddable":true,"href":"https:\/\/www.greenpeace.org\/turkey\/wp-json\/wp\/v2\/users\/1"}],"replies":[{"embeddable":true,"href":"https:\/\/www.greenpeace.org\/turkey\/wp-json\/wp\/v2\/comments?post=238"}],"version-history":[{"count":7,"href":"https:\/\/www.greenpeace.org\/turkey\/wp-json\/wp\/v2\/pages\/238\/revisions"}],"predecessor-version":[{"id":8638,"href":"https:\/\/www.greenpeace.org\/turkey\/wp-json\/wp\/v2\/pages\/238\/revisions\/8638"}],"wp:featuredmedia":[{"embeddable":true,"href":"https:\/\/www.greenpeace.org\/turkey\/wp-json\/wp\/v2\/media\/66"}],"wp:attachment":[{"href":"https:\/\/www.greenpeace.org\/turkey\/wp-json\/wp\/v2\/media?parent=238"}],"wp:term":[{"taxonomy":"category","embeddable":true,"href":"https:\/\/www.greenpeace.org\/turkey\/wp-json\/wp\/v2\/categories?post=238"},{"taxonomy":"post_tag","embeddable":true,"href":"https:\/\/www.greenpeace.org\/turkey\/wp-json\/wp\/v2\/tags?post=238"}],"curies":[{"name":"wp","href":"https:\/\/api.w.org\/{rel}","templated":true}]}}