{"id":240,"date":"2018-05-14T12:50:41","date_gmt":"2018-05-14T12:50:41","guid":{"rendered":"https:\/\/k8s.p4.greenpeace.org\/defaultcontent\/?page_id=240"},"modified":"2025-07-02T10:44:32","modified_gmt":"2025-07-02T07:44:32","slug":"greenpeace-yerel-gruplar","status":"publish","type":"page","link":"https:\/\/www.greenpeace.org\/turkey\/greenpeace-yerel-gruplar\/","title":{"rendered":"Greenpeace\u2019e Kat\u0131l"},"content":{"rendered":"\n                \n                <div class=\"wp-block-group alignfull is-layout-flow wp-block-group-is-layout-flow\">\n                \n                <div class=\"wp-block-group container is-layout-flow wp-block-group-is-layout-flow\">\n                \n                <div class=\"wp-block-media-text alignfull has-media-on-the-right is-stacked-on-mobile is-pattern-p4-page-header is-style-parallax\">\n\n                <div class=\"wp-block-media-text__content\">\n                    <div class=\"wp-block-group is-layout-flow wp-block-group-is-layout-flow\">\n                    \n                        <h1 class=\"wp-block-heading has-white-background-color has-background\">\n                            Greenpeace\u2019e Kat\u0131l!\n                        <\/h1>\n                    <\/div>\n                \n\n                \n\n                \n\n                <\/div>\n                <figure class=\"wp-block-media-text__media\">\n                    <img loading=\"lazy\" decoding=\"async\" width=\"1200\" height=\"799\"\n                        src=\"https:\/\/www.greenpeace.org\/static\/planet4-turkey-stateless\/2019\/09\/74e26928-gp01lqq.jpg\"\n                        alt=\"\"\n                        sizes=\"auto, (min-width: 601px) 50vw, 100vw\" srcset=\"https:\/\/www.greenpeace.org\/static\/planet4-turkey-stateless\/2019\/09\/74e26928-gp01lqq.jpg 1200w, https:\/\/www.greenpeace.org\/static\/planet4-turkey-stateless\/2019\/09\/74e26928-gp01lqq-300x200.jpg 300w, https:\/\/www.greenpeace.org\/static\/planet4-turkey-stateless\/2019\/09\/74e26928-gp01lqq-768x511.jpg 768w, https:\/\/www.greenpeace.org\/static\/planet4-turkey-stateless\/2019\/09\/74e26928-gp01lqq-1024x682.jpg 1024w, https:\/\/www.greenpeace.org\/static\/planet4-turkey-stateless\/2019\/09\/74e26928-gp01lqq-510x340.jpg 510w\" class=\"wp-image-1061 size-full\"\n                    \/>\n                <\/figure>\n                <\/div>\n                \n                <\/div>\n                \n                <\/div>\n                \n                \n<h3 class=\"wp-block-heading\">De\u011fi\u015fime giden yolda k\u00fcresel hareket olu\u015fturma g\u00fcc\u00fcn\u00fc sa\u011flayan yerel gruplar, d\u00fcnyada Greenpeace i\u00e7in b\u00fcy\u00fck \u00f6neme sahip.<\/h3>\n\n<p>Greenpeace yerel gruplar\u0131, sa\u011fl\u0131kl\u0131 bir \u00e7evrede ya\u015fama hakk\u0131n\u0131 korumak i\u00e7in Greenpeace kampanyalar\u0131n\u0131 kendi \u00fclkelerinde ve \u015fehirlerinde desteklemeyi ve geli\u015ftirmeyi ama\u00e7layan kararl\u0131 insanlardan olu\u015fuyor.<\/p>\n<div data-hydrate=\"planet4-blocks\/gallery\" data-attributes=\"{&quot;attributes&quot;:{&quot;multiple_image&quot;:&quot;7697,7696,7698,6869,7128,6523,651&quot;,&quot;gallery_block_focus_points&quot;:&quot;{u0022651u0022:u002250% 50%u0022,u00226523u0022:u002250% 50%u0022,u00226869u0022:u002253% 87%u0022,u00227128u0022:u002250% 50%u0022,u00227696u0022:u002247% 85%u0022,u00227697u0022:u002250% 50%u0022,u00227698u0022:u002251% 69%u0022}&quot;,&quot;image_data&quot;:[{&quot;url&quot;:&quot;https:\\\/\\\/www.greenpeace.org\\\/static\\\/planet4-turkey-stateless\\\/2023\\\/02\\\/4518b284-gp_yuruyus_fix2.jpg&quot;,&quot;focalPoint&quot;:{&quot;x&quot;:&quot;0.50&quot;,&quot;y&quot;:&quot;0.50&quot;},&quot;id&quot;:7697},{&quot;url&quot;:&quot;https:\\\/\\\/www.greenpeace.org\\\/static\\\/planet4-turkey-stateless\\\/2023\\\/02\\\/853efe53-dsc2410.jpg&quot;,&quot;focalPoint&quot;:{&quot;x&quot;:&quot;0.47&quot;,&quot;y&quot;:&quot;0.85&quot;},&quot;id&quot;:7696},{&quot;url&quot;:&quot;https:\\\/\\\/www.greenpeace.org\\\/static\\\/planet4-turkey-stateless\\\/2023\\\/02\\\/15655886-iklim-hub7-.jpg&quot;,&quot;focalPoint&quot;:{&quot;x&quot;:&quot;0.51&quot;,&quot;y&quot;:&quot;0.69&quot;},&quot;id&quot;:7698},{&quot;url&quot;:&quot;https:\\\/\\\/www.greenpeace.org\\\/static\\\/planet4-turkey-stateless\\\/2021\\\/12\\\/657191a9-crow_s-nest-high-res-1-of-4-scaled.jpg&quot;,&quot;focalPoint&quot;:{&quot;x&quot;:&quot;0.53&quot;,&quot;y&quot;:&quot;0.87&quot;},&quot;id&quot;:6869},{&quot;url&quot;:&quot;https:\\\/\\\/www.greenpeace.org\\\/static\\\/planet4-turkey-stateless\\\/2022\\\/04\\\/b6f4a881-ankara-clean-air-blog-22_2.jpg&quot;,&quot;focalPoint&quot;:{&quot;x&quot;:0.5,&quot;y&quot;:0.5},&quot;id&quot;:7128},{&quot;url&quot;:&quot;https:\\\/\\\/www.greenpeace.org\\\/static\\\/planet4-turkey-stateless\\\/2021\\\/08\\\/bf11635b-whatsapp-image-2021-08-07-at-09.46.47.jpeg&quot;,&quot;focalPoint&quot;:{&quot;x&quot;:0.5,&quot;y&quot;:0.5},&quot;id&quot;:6523},{&quot;url&quot;:&quot;https:\\\/\\\/www.greenpeace.org\\\/static\\\/planet4-turkey-stateless\\\/2019\\\/09\\\/80e80516-gp0stssui.jpg&quot;,&quot;focalPoint&quot;:{&quot;x&quot;:0.5,&quot;y&quot;:0.5},&quot;id&quot;:651}],&quot;gallery_block_style&quot;:0,&quot;gallery_block_title&quot;:&quot;&quot;,&quot;gallery_block_description&quot;:&quot;&quot;,&quot;images&quot;:[{&quot;image_src&quot;:&quot;https:\\\/\\\/www.greenpeace.org\\\/static\\\/planet4-turkey-stateless\\\/2023\\\/02\\\/4518b284-gp_yuruyus_fix2.jpg&quot;,&quot;image_srcset&quot;:&quot;https:\\\/\\\/www.greenpeace.org\\\/static\\\/planet4-turkey-stateless\\\/2023\\\/02\\\/4518b284-gp_yuruyus_fix2.jpg 1200w, https:\\\/\\\/www.greenpeace.org\\\/static\\\/planet4-turkey-stateless\\\/2023\\\/02\\\/4518b284-gp_yuruyus_fix2-300x200.jpg 300w, https:\\\/\\\/www.greenpeace.org\\\/static\\\/planet4-turkey-stateless\\\/2023\\\/02\\\/4518b284-gp_yuruyus_fix2-1024x683.jpg 1024w, https:\\\/\\\/www.greenpeace.org\\\/static\\\/planet4-turkey-stateless\\\/2023\\\/02\\\/4518b284-gp_yuruyus_fix2-768x512.jpg 768w, https:\\\/\\\/www.greenpeace.org\\\/static\\\/planet4-turkey-stateless\\\/2023\\\/02\\\/4518b284-gp_yuruyus_fix2-510x340.jpg 510w&quot;,&quot;image_sizes&quot;:false,&quot;alt_text&quot;:&quot;&quot;,&quot;caption&quot;:&quot;&quot;,&quot;focus_image&quot;:&quot;&quot;,&quot;credits&quot;:&quot;&quot;},{&quot;image_src&quot;:&quot;https:\\\/\\\/www.greenpeace.org\\\/static\\\/planet4-turkey-stateless\\\/2023\\\/02\\\/853efe53-dsc2410.jpg&quot;,&quot;image_srcset&quot;:&quot;https:\\\/\\\/www.greenpeace.org\\\/static\\\/planet4-turkey-stateless\\\/2023\\\/02\\\/853efe53-dsc2410.jpg 1200w, https:\\\/\\\/www.greenpeace.org\\\/static\\\/planet4-turkey-stateless\\\/2023\\\/02\\\/853efe53-dsc2410-300x161.jpg 300w, https:\\\/\\\/www.greenpeace.org\\\/static\\\/planet4-turkey-stateless\\\/2023\\\/02\\\/853efe53-dsc2410-1024x550.jpg 1024w, https:\\\/\\\/www.greenpeace.org\\\/static\\\/planet4-turkey-stateless\\\/2023\\\/02\\\/853efe53-dsc2410-768x412.jpg 768w, https:\\\/\\\/www.greenpeace.org\\\/static\\\/planet4-turkey-stateless\\\/2023\\\/02\\\/853efe53-dsc2410-510x274.jpg 510w&quot;,&quot;image_sizes&quot;:false,&quot;alt_text&quot;:&quot;&quot;,&quot;caption&quot;:&quot;&quot;,&quot;focus_image&quot;:&quot;&quot;,&quot;credits&quot;:&quot;&quot;},{&quot;image_src&quot;:&quot;https:\\\/\\\/www.greenpeace.org\\\/static\\\/planet4-turkey-stateless\\\/2023\\\/02\\\/15655886-iklim-hub7-.jpg&quot;,&quot;image_srcset&quot;:&quot;https:\\\/\\\/www.greenpeace.org\\\/static\\\/planet4-turkey-stateless\\\/2023\\\/02\\\/15655886-iklim-hub7-.jpg 1200w, https:\\\/\\\/www.greenpeace.org\\\/static\\\/planet4-turkey-stateless\\\/2023\\\/02\\\/15655886-iklim-hub7--300x200.jpg 300w, https:\\\/\\\/www.greenpeace.org\\\/static\\\/planet4-turkey-stateless\\\/2023\\\/02\\\/15655886-iklim-hub7--1024x683.jpg 1024w, https:\\\/\\\/www.greenpeace.org\\\/static\\\/planet4-turkey-stateless\\\/2023\\\/02\\\/15655886-iklim-hub7--768x512.jpg 768w, https:\\\/\\\/www.greenpeace.org\\\/static\\\/planet4-turkey-stateless\\\/2023\\\/02\\\/15655886-iklim-hub7--510x340.jpg 510w&quot;,&quot;image_sizes&quot;:false,&quot;alt_text&quot;:&quot;&quot;,&quot;caption&quot;:&quot;&quot;,&quot;focus_image&quot;:&quot;&quot;,&quot;credits&quot;:&quot;&quot;},{&quot;image_src&quot;:&quot;https:\\\/\\\/www.greenpeace.org\\\/static\\\/planet4-turkey-stateless\\\/2021\\\/12\\\/657191a9-crow_s-nest-high-res-1-of-4-scaled.jpg&quot;,&quot;image_srcset&quot;:&quot;https:\\\/\\\/www.greenpeace.org\\\/static\\\/planet4-turkey-stateless\\\/2021\\\/12\\\/657191a9-crow_s-nest-high-res-1-of-4-scaled.jpg 2560w, https:\\\/\\\/www.greenpeace.org\\\/static\\\/planet4-turkey-stateless\\\/2021\\\/12\\\/657191a9-crow_s-nest-high-res-1-of-4-300x200.jpg 300w, https:\\\/\\\/www.greenpeace.org\\\/static\\\/planet4-turkey-stateless\\\/2021\\\/12\\\/657191a9-crow_s-nest-high-res-1-of-4-1024x683.jpg 1024w, https:\\\/\\\/www.greenpeace.org\\\/static\\\/planet4-turkey-stateless\\\/2021\\\/12\\\/657191a9-crow_s-nest-high-res-1-of-4-768x512.jpg 768w, https:\\\/\\\/www.greenpeace.org\\\/static\\\/planet4-turkey-stateless\\\/2021\\\/12\\\/657191a9-crow_s-nest-high-res-1-of-4-1536x1024.jpg 1536w, https:\\\/\\\/www.greenpeace.org\\\/static\\\/planet4-turkey-stateless\\\/2021\\\/12\\\/657191a9-crow_s-nest-high-res-1-of-4-2048x1366.jpg 2048w, https:\\\/\\\/www.greenpeace.org\\\/static\\\/planet4-turkey-stateless\\\/2021\\\/12\\\/657191a9-crow_s-nest-high-res-1-of-4-510x340.jpg 510w&quot;,&quot;image_sizes&quot;:false,&quot;alt_text&quot;:&quot;&quot;,&quot;caption&quot;:&quot;&quot;,&quot;focus_image&quot;:&quot;&quot;,&quot;credits&quot;:&quot;&quot;},{&quot;image_src&quot;:&quot;https:\\\/\\\/www.greenpeace.org\\\/static\\\/planet4-turkey-stateless\\\/2022\\\/04\\\/b6f4a881-ankara-clean-air-blog-22_2.jpg&quot;,&quot;image_srcset&quot;:&quot;https:\\\/\\\/www.greenpeace.org\\\/static\\\/planet4-turkey-stateless\\\/2022\\\/04\\\/b6f4a881-ankara-clean-air-blog-22_2.jpg 1200w, https:\\\/\\\/www.greenpeace.org\\\/static\\\/planet4-turkey-stateless\\\/2022\\\/04\\\/b6f4a881-ankara-clean-air-blog-22_2-300x169.jpg 300w, https:\\\/\\\/www.greenpeace.org\\\/static\\\/planet4-turkey-stateless\\\/2022\\\/04\\\/b6f4a881-ankara-clean-air-blog-22_2-1024x575.jpg 1024w, https:\\\/\\\/www.greenpeace.org\\\/static\\\/planet4-turkey-stateless\\\/2022\\\/04\\\/b6f4a881-ankara-clean-air-blog-22_2-768x431.jpg 768w, https:\\\/\\\/www.greenpeace.org\\\/static\\\/planet4-turkey-stateless\\\/2022\\\/04\\\/b6f4a881-ankara-clean-air-blog-22_2-510x286.jpg 510w&quot;,&quot;image_sizes&quot;:false,&quot;alt_text&quot;:&quot;&quot;,&quot;caption&quot;:&quot;&quot;,&quot;focus_image&quot;:&quot;&quot;,&quot;credits&quot;:&quot;&quot;},{&quot;image_src&quot;:&quot;https:\\\/\\\/www.greenpeace.org\\\/static\\\/planet4-turkey-stateless\\\/2021\\\/08\\\/bf11635b-whatsapp-image-2021-08-07-at-09.46.47.jpeg&quot;,&quot;image_srcset&quot;:&quot;https:\\\/\\\/www.greenpeace.org\\\/static\\\/planet4-turkey-stateless\\\/2021\\\/08\\\/bf11635b-whatsapp-image-2021-08-07-at-09.46.47.jpeg 1600w, https:\\\/\\\/www.greenpeace.org\\\/static\\\/planet4-turkey-stateless\\\/2021\\\/08\\\/bf11635b-whatsapp-image-2021-08-07-at-09.46.47-300x225.jpeg 300w, https:\\\/\\\/www.greenpeace.org\\\/static\\\/planet4-turkey-stateless\\\/2021\\\/08\\\/bf11635b-whatsapp-image-2021-08-07-at-09.46.47-1024x768.jpeg 1024w, https:\\\/\\\/www.greenpeace.org\\\/static\\\/planet4-turkey-stateless\\\/2021\\\/08\\\/bf11635b-whatsapp-image-2021-08-07-at-09.46.47-768x576.jpeg 768w, https:\\\/\\\/www.greenpeace.org\\\/static\\\/planet4-turkey-stateless\\\/2021\\\/08\\\/bf11635b-whatsapp-image-2021-08-07-at-09.46.47-1536x1152.jpeg 1536w, https:\\\/\\\/www.greenpeace.org\\\/static\\\/planet4-turkey-stateless\\\/2021\\\/08\\\/bf11635b-whatsapp-image-2021-08-07-at-09.46.47-453x340.jpeg 453w&quot;,&quot;image_sizes&quot;:false,&quot;alt_text&quot;:&quot;&quot;,&quot;caption&quot;:&quot;&quot;,&quot;focus_image&quot;:&quot;&quot;,&quot;credits&quot;:&quot;&quot;},{&quot;image_src&quot;:&quot;https:\\\/\\\/www.greenpeace.org\\\/static\\\/planet4-turkey-stateless\\\/2019\\\/09\\\/80e80516-gp0stssui.jpg&quot;,&quot;image_srcset&quot;:&quot;https:\\\/\\\/www.greenpeace.org\\\/static\\\/planet4-turkey-stateless\\\/2019\\\/09\\\/80e80516-gp0stssui.jpg 1200w, https:\\\/\\\/www.greenpeace.org\\\/static\\\/planet4-turkey-stateless\\\/2019\\\/09\\\/80e80516-gp0stssui-300x200.jpg 300w, https:\\\/\\\/www.greenpeace.org\\\/static\\\/planet4-turkey-stateless\\\/2019\\\/09\\\/80e80516-gp0stssui-768x513.jpg 768w, https:\\\/\\\/www.greenpeace.org\\\/static\\\/planet4-turkey-stateless\\\/2019\\\/09\\\/80e80516-gp0stssui-1024x684.jpg 1024w, https:\\\/\\\/www.greenpeace.org\\\/static\\\/planet4-turkey-stateless\\\/2019\\\/09\\\/80e80516-gp0stssui-510x340.jpg 510w&quot;,&quot;image_sizes&quot;:false,&quot;alt_text&quot;:&quot;MAKE SMTHNG Week in Turkey. MUSTAFA ALKAC \\\/ Greenpeace&quot;,&quot;caption&quot;:&quot;&quot;,&quot;focus_image&quot;:&quot;&quot;,&quot;credits&quot;:&quot;&quot;}]}}\"><section class=\"block carousel-wrap \"><div class=\"carousel slide\"><div class=\"carousel-inner\" role=\"listbox\"><\/div><\/div><\/section><\/div><p><span style=\"font-weight: 400;\">Yerel gruplara ay\u0131rabilece\u011finiz zaman ve yetenekleriniz tamamen size ba\u011fl\u0131d\u0131r. Yerel gruplar; planlamac\u0131lara, grafik\u00e7ilere, d\u00fc\u015f\u00fcn\u00fcrlere, hayalperestlere, organizat\u00f6rlere, tasar\u0131mc\u0131lara, marangozlara, sanat\u00e7\u0131lara, yazarlara, teknikerlere, foto\u011fraf\u00e7\u0131lara, kameramanlara, \u015fof\u00f6rlere, dalg\u0131\u00e7lara, da\u011fc\u0131lara, \u015feflere k\u0131sacas\u0131 Greenpeace\u2019e herhangi bir katk\u0131s\u0131 olaca\u011f\u0131na inanan herkese ihtiya\u00e7 duyar.<\/span><\/p>\n<p><span style=\"font-weight: 400;\">\u00c7evre su\u00e7lar\u0131na kar\u015f\u0131 m\u00fccadelede yerelden k\u00fcresele de\u011fi\u015fimin bir par\u00e7as\u0131 olmak i\u00e7in \u015fimdi aram\u0131za kat\u0131l.<\/span><\/p>\n<p>Not: G\u00f6n\u00fcll\u00fc ba\u015fvurular\u0131na k\u0131sa bir s\u00fcreli\u011fine ara verdik. Form yak\u0131nda yeniden aktif olacakt\u0131r.<\/p>\n\n<div class=\"wp-block-buttons is-layout-flex wp-block-buttons-is-layout-flex\">\n<div class=\"wp-block-button aligncenter is-style-secondary\"><a class=\"wp-block-button__link has-grey-200-color has-white-background-color has-text-color has-background wp-element-button\">G\u00f6n\u00fcll\u00fc Ba\u015fvuru Formu<\/a><\/div>\n<\/div>\n\n<div style=\"height:21px\" aria-hidden=\"true\" class=\"wp-block-spacer\"><\/div>\n<div data-render=\"planet4-blocks\/columns\" data-attributes=\"{&quot;attributes&quot;:{&quot;columns_block_style&quot;:&quot;icons&quot;,&quot;columns_title&quot;:&quot;u003cstrongu003eGreenpeace yani senin gibi insanlar, gezegenin ihtiyac\\u0131 olan d\\u00f6n\\u00fc\\u015f\\u00fcm\\u00fc yaratmak i\\u00e7in nas\\u0131l \\u00e7al\\u0131\\u015f\\u0131yoruz?\\u00a0u003c\\\/strongu003e&quot;,&quot;columns&quot;:[{&quot;title&quot;:&quot;&quot;,&quot;description&quot;:&quot;Greenpeace, zorluklar\\u0131 tan\\u0131mlamada ve net de\\u011fi\\u015fim teorileri sunmada stratejik bir rol oynuyor, ancak kampanyalar\\u0131m\\u0131z\\u0131n hikayesi nihai olarak bizi destekleyenler\\u00a0 taraf\\u0131ndan yarat\\u0131l\\u0131yor ve anlat\\u0131l\\u0131yor.\\u00a0 \\u0130nsanlar, m\\u00fccadelenin kalbinde yer al\\u0131yor.&quot;,&quot;attachment&quot;:&quot;https:\\\/\\\/www.greenpeace.org\\\/static\\\/planet4-turkey-stateless\\\/2023\\\/02\\\/0c3df300-picture1-150x150.png&quot;,&quot;cta_link&quot;:&quot;\\\/turkey\\\/hakkimizda\\\/degerlerimiz\\\/&quot;,&quot;link_new_tab&quot;:false,&quot;cta_text&quot;:&quot;&quot;,&quot;attachment_srcset&quot;:false},{&quot;title&quot;:&quot;&quot;,&quot;description&quot;:&quot;\\u0130nsan g\\u00fcc\\u00fcyle y\\u00fcr\\u00fct\\u00fclen kampanyalar, yaln\\u0131zca g\\u00fc\\u00e7 dengesini lehimize \\u00e7eviren bireylerin, aktivistlerin ve g\\u00f6n\\u00fcll\\u00fclerin stratejik katk\\u0131lar\\u0131yla ba\\u015far\\u0131l\\u0131 olabilir. De\\u011fi\\u015fimi hedefleyen topluluklar\\u0131n yaratt\\u0131\\u011f\\u0131 ilhama inan\\u0131yoruz.&quot;,&quot;attachment&quot;:&quot;https:\\\/\\\/www.greenpeace.org\\\/static\\\/planet4-turkey-stateless\\\/2023\\\/02\\\/4ca249b6-picture2-150x150.png&quot;,&quot;cta_link&quot;:&quot;\\\/turkey\\\/hakkimizda\\\/tarihce\\\/&quot;,&quot;link_new_tab&quot;:false,&quot;cta_text&quot;:&quot;&quot;,&quot;attachment_srcset&quot;:false},{&quot;title&quot;:&quot;&quot;,&quot;description&quot;:&quot;Kampanyalar\\u0131m\\u0131z\\u0131 daha etkili hale getirmek ve destek\\u00e7iler, yeni izleyicilerle, \\u00fc\\u00e7\\u00fcnc\\u00fc ki\\u015filerle daha iyi ili\\u015fkiler kurmak i\\u00e7in mevcut t\\u00fcm yeteneklerimizi kullan\\u0131r\\u0131z. G\\u00f6z\\u00fcm\\u00fcz, kula\\u011f\\u0131m\\u0131z sonuna kadar a\\u00e7\\u0131k. D\\u00fcnya genelinde ve \\u00fclkemizde \\u00e7evre g\\u00fcndeminin takip\\u00e7isiyiz.&quot;,&quot;attachment&quot;:&quot;https:\\\/\\\/www.greenpeace.org\\\/static\\\/planet4-turkey-stateless\\\/2023\\\/02\\\/f69684ee-picture3-150x150.png&quot;,&quot;cta_link&quot;:&quot;\\\/turkey\\\/hakkimizda\\\/&quot;,&quot;link_new_tab&quot;:false,&quot;cta_text&quot;:&quot;&quot;,&quot;attachment_srcset&quot;:false},{&quot;title&quot;:&quot;&quot;,&quot;description&quot;:&quot;M\\u00fccadelenin i\\u00e7indeyiz! Ye\\u015fil ve adil d\\u00f6n\\u00fc\\u015f\\u00fcm\\u00fc ger\\u00e7ekle\\u015ftirmek i\\u00e7in \\u00e7evre su\\u00e7u i\\u015flenen sahalarda yer al\\u0131r, kampanyalar \\u00f6rg\\u00fctler, d\\u00f6n\\u00fc\\u015f\\u00fcme inanan insanlarla birlikte harekete ge\\u00e7eriz!&quot;,&quot;attachment&quot;:&quot;https:\\\/\\\/www.greenpeace.org\\\/static\\\/planet4-turkey-stateless\\\/2023\\\/02\\\/6fa90048-picture4-150x150.png&quot;,&quot;cta_link&quot;:&quot;\\\/turkey\\\/hakkimizda\\\/greenpeace-akdeniz\\\/&quot;,&quot;link_new_tab&quot;:false,&quot;cta_text&quot;:&quot;&quot;,&quot;attachment_srcset&quot;:false}],&quot;className&quot;:&quot;is-style-icons&quot;}}\"><\/div>","protected":false},"excerpt":{"rendered":"<p>De\u011fi\u015fime giden yolda k\u00fcresel hareket olu\u015fturma g\u00fcc\u00fcn\u00fc sa\u011flayan yerel gruplar, d\u00fcnyada Greenpeace i\u00e7in b\u00fcy\u00fck \u00f6neme sahip. Greenpeace yerel gruplar\u0131, sa\u011fl\u0131kl\u0131 bir \u00e7evrede ya\u015fama hakk\u0131n\u0131 korumak i\u00e7in Greenpeace kampanyalar\u0131n\u0131 kendi \u00fclkelerinde ve \u015fehirlerinde desteklemeyi ve geli\u015ftirmeyi ama\u00e7layan kararl\u0131 insanlardan olu\u015fuyor. Yerel gruplara ay\u0131rabilece\u011finiz zaman ve yetenekleriniz tamamen size ba\u011fl\u0131d\u0131r. Yerel gruplar; planlamac\u0131lara, grafik\u00e7ilere, d\u00fc\u015f\u00fcn\u00fcrlere, hayalperestlere, organizat\u00f6rlere, [&hellip;]<\/p>\n","protected":false},"author":1,"featured_media":1061,"parent":0,"menu_order":0,"comment_status":"closed","ping_status":"closed","template":"page-templates\/evergreen.php","meta":{"ep_exclude_from_search":false,"p4_hide_page_title_checkbox":"on","p4_title":"","p4_subtitle":"","p4_description":"","background_image_id":"","background_image":"","p4_button_title":"","p4_button_link":"","p4_button_link_checkbox":"","p4_og_title":"","p4_og_description":"","p4_og_image":"","p4_og_image_id":"","p4_seo_canonical_url":"","p4_campaign_name":"not set","p4_local_project":"not set","p4_basket_name":"not set","p4_department":"","footnotes":""},"categories":[1],"tags":[],"class_list":["post-240","page","type-page","status-publish","has-post-thumbnail","hentry","category-uncategorized"],"_links":{"self":[{"href":"https:\/\/www.greenpeace.org\/turkey\/wp-json\/wp\/v2\/pages\/240","targetHints":{"allow":["GET"]}}],"collection":[{"href":"https:\/\/www.greenpeace.org\/turkey\/wp-json\/wp\/v2\/pages"}],"about":[{"href":"https:\/\/www.greenpeace.org\/turkey\/wp-json\/wp\/v2\/types\/page"}],"author":[{"embeddable":true,"href":"https:\/\/www.greenpeace.org\/turkey\/wp-json\/wp\/v2\/users\/1"}],"replies":[{"embeddable":true,"href":"https:\/\/www.greenpeace.org\/turkey\/wp-json\/wp\/v2\/comments?post=240"}],"version-history":[{"count":20,"href":"https:\/\/www.greenpeace.org\/turkey\/wp-json\/wp\/v2\/pages\/240\/revisions"}],"predecessor-version":[{"id":9284,"href":"https:\/\/www.greenpeace.org\/turkey\/wp-json\/wp\/v2\/pages\/240\/revisions\/9284"}],"wp:featuredmedia":[{"embeddable":true,"href":"https:\/\/www.greenpeace.org\/turkey\/wp-json\/wp\/v2\/media\/1061"}],"wp:attachment":[{"href":"https:\/\/www.greenpeace.org\/turkey\/wp-json\/wp\/v2\/media?parent=240"}],"wp:term":[{"taxonomy":"category","embeddable":true,"href":"https:\/\/www.greenpeace.org\/turkey\/wp-json\/wp\/v2\/categories?post=240"},{"taxonomy":"post_tag","embeddable":true,"href":"https:\/\/www.greenpeace.org\/turkey\/wp-json\/wp\/v2\/tags?post=240"}],"curies":[{"name":"wp","href":"https:\/\/api.w.org\/{rel}","templated":true}]}}