{"id":30,"date":"2019-05-08T15:56:58","date_gmt":"2019-05-08T12:56:58","guid":{"rendered":"https:\/\/k8s.p4.greenpeace.org\/defaultcontent\/?page_id=30"},"modified":"2024-10-17T13:53:18","modified_gmt":"2024-10-17T10:53:18","slug":"gunes-icin-omuz-omuza","status":"publish","type":"page","link":"https:\/\/www.greenpeace.org\/turkey\/gunes-icin-omuz-omuza\/","title":{"rendered":"G\u00fcne\u015f \u0130\u00e7in Omuz Omuza"},"content":{"rendered":"\n\n<div class=\"wp-block-group alignfull is-layout-flow wp-block-group-is-layout-flow\">\n<div class=\"wp-block-group container is-layout-flow wp-block-group-is-layout-flow\">\n<div class=\"wp-block-media-text alignfull has-media-on-the-right is-stacked-on-mobile is-pattern-p4-page-header is-style-parallax\"><div class=\"wp-block-media-text__content\">\n<div class=\"wp-block-group is-layout-flow wp-block-group-is-layout-flow\">\n<h1 class=\"wp-block-heading has-white-background-color has-background\">\n                            G\u00fcne\u015f \u0130\u00e7in Omuz Omuza\n                        <\/h1>\n<\/div>\n<\/div><figure class=\"wp-block-media-text__media\"><img loading=\"lazy\" decoding=\"async\" width=\"1200\" height=\"800\" src=\"https:\/\/www.greenpeace.org\/static\/planet4-turkey-stateless\/2019\/09\/bf1ed669-gp0stthj6.jpg\" alt=\"\" sizes=\"auto, (min-width: 601px) 50vw, 100vw\" srcset=\"https:\/\/www.greenpeace.org\/static\/planet4-turkey-stateless\/2019\/09\/bf1ed669-gp0stthj6.jpg 1200w, https:\/\/www.greenpeace.org\/static\/planet4-turkey-stateless\/2019\/09\/bf1ed669-gp0stthj6-300x200.jpg 300w, https:\/\/www.greenpeace.org\/static\/planet4-turkey-stateless\/2019\/09\/bf1ed669-gp0stthj6-768x512.jpg 768w, https:\/\/www.greenpeace.org\/static\/planet4-turkey-stateless\/2019\/09\/bf1ed669-gp0stthj6-1024x683.jpg 1024w, https:\/\/www.greenpeace.org\/static\/planet4-turkey-stateless\/2019\/09\/bf1ed669-gp0stthj6-510x340.jpg 510w\" class=\"wp-image-1075 size-full\"\/><\/figure><\/div>\n<\/div>\n<\/div>\n\n<div data-render=\"planet4-blocks\/columns\" data-attributes=\"{&quot;attributes&quot;:{&quot;columns&quot;:[{&quot;title&quot;:&quot;Neden \\u00f6nemli?&quot;,&quot;description&quot;:&quot;Stadyumlar her kentin merkezinde yer alan, kitleleri \\u00e7eken ve k\\u00fclt\\u00fcr yaratan yap\\u0131lar ve elektrik kullan\\u0131m\\u0131nda da kayda de\\u011fer bir paya sahipler. 55 bin ki\\u015filik bir stad\\u0131n bir ma\\u00e7ta harcad\\u0131\\u011f\\u0131 enerji 164 hanenin y\\u0131ll\\u0131k t\\u00fcketimine e\\u015fit. Bir statta enerji kayna\\u011f\\u0131 olarak g\\u00fcne\\u015fin kullan\\u0131lmas\\u0131 demek, b\\u00fct\\u00fcn bir kente hatta \\u00fclkeye liderlik edecek bir ad\\u0131m atmak demek. Gerekli d\\u00fczenlemelerle \\u00fcretilen elektri\\u011fin fazlas\\u0131n\\u0131 \\u015febekeye iletebilen kul\\u00fcpler ayr\\u0131ca ek gelir elde edebilir!&quot;,&quot;link_new_tab&quot;:false},{&quot;title&quot;:&quot;Sorun ne?&quot;,&quot;description&quot;:&quot;2018\\u2019de elektrik \\u00fcretimindeki art\\u0131\\u015f\\u0131n \\u00fc\\u00e7te ikisi yeni kurulan g\\u00fcne\\u015f enerjisi santrallerinden geldi. Bug\\u00fcn g\\u00fcne\\u015f bir\\u00e7ok \\u00fclkede \\u015febeke paritesini yakalad\\u0131; g\\u00fcne\\u015f enerjisi \\u00fcretmek, k\\u00f6m\\u00fcr ve n\\u00fckleer kaynaktan enerji \\u00fcretmekten daha ucuz hale geldi. Bu potansiyel hen\\u00fcz de\\u011ferlendirilemiyor, enerji \\u00fcretiminde kullan\\u0131lan fosil yak\\u0131tlar iklime b\\u00fcy\\u00fck zarar vermeye devam ediyor.&quot;,&quot;link_new_tab&quot;:false}],&quot;className&quot;:&quot;is-style-no_image&quot;,&quot;columns_block_style&quot;:&quot;no_image&quot;}}\"><\/div><div data-render=\"planet4-blocks\/columns\" data-attributes=\"{&quot;attributes&quot;:{&quot;columns_block_style&quot;:&quot;tasks&quot;,&quot;columns_title&quot;:&quot;Neler yapabilirsin?&quot;,&quot;columns&quot;:[{&quot;title&quot;:&quot;Harekete Ge\\u00e7&quot;,&quot;description&quot;:&quot;On binlerce ki\\u015fi hem kul\\u00fcb\\u00fcne bir mesaj g\\u00f6ndermek i\\u00e7in hem de kendi g\\u00fcne\\u015f tak\\u0131m\\u0131n\\u0131 kurmak i\\u00e7in harekete ge\\u00e7ip \\u201cg\\u00fcne\\u015f i\\u00e7in omuz omuza\\u201d kampanyam\\u0131za kat\\u0131ld\\u0131. &quot;,&quot;cta_link&quot;:&quot;https:\\\/\\\/omuzomuza.gp\\\/&quot;,&quot;link_new_tab&quot;:false,&quot;cta_text&quot;:&quot;\\u0130MZA VER&quot;},{&quot;title&quot;:&quot;Kulub\\u00fcne Mesaj G\\u00f6nder&quot;,&quot;description&quot;:&quot;Sosyal medyada her kul\\u00fcb\\u00fcn bir resmi sayfas\\u0131 var. Kul\\u00fcb\\u00fcne kulland\\u0131\\u011f\\u0131n sosyal medya kanal\\u0131 arac\\u0131l\\u0131\\u011f\\u0131yla ula\\u015fabilir; \\u201cstad\\u0131m\\u0131z g\\u00fcne\\u015f enerjisiyle ayd\\u0131nlans\\u0131n!\\u201d diyebilirsin. &quot;,&quot;link_new_tab&quot;:false},{&quot;title&quot;:&quot;Bir araya gel&quot;,&quot;description&quot;:&quot;Seninle ayn\\u0131 tak\\u0131ma g\\u00f6n\\u00fcl vermi\\u015f insanlarla bir araya gelebilir, g\\u00fcne\\u015f enerjisi konusunda onlar\\u0131 bilgilendirebilirsin.&quot;,&quot;link_new_tab&quot;:false},{&quot;title&quot;:&quot;Bu sayfay\\u0131 payla\\u015f&quot;,&quot;description&quot;:&quot;Bir ki\\u015fi de olsa, gelecek i\\u00e7in fark eder. Sen de bu sayfay\\u0131 sosyal medya profillerinde payla\\u015f. Onlar da g\\u00fcne\\u015fe pas versin.&quot;,&quot;link_new_tab&quot;:false}],&quot;className&quot;:&quot;is-style-tasks&quot;}}\"><\/div>\n<section class=\"block social-media-block wp-block-planet4-blocks-social-media\"><div class=\"social-media-embed \"><div>Bad Request 400 API access disrupted. Go to the App Dashboard and complete Data Use Checkup.<\/div><\/div><\/section>\n\n        <div class=\"wp-block-group is-layout-flow wp-block-group-is-layout-flow\">\n        \n        \n        <figure class=\"wp-block-embed is-type-1 is-provider-youtube wp-block-embed-youtube wp-embed-aspect-16-9 wp-has-aspect-ratio\"><div class=\"wp-block-embed__wrapper\">\n        <lite-youtube style=\"background-image: url('https:\/\/i.ytimg.com\/vi\/7g8kcWUx22g\/hqdefault.jpg');\" videoid=\"7g8kcWUx22g\" params=\"rel=0\"><\/lite-youtube>\n        <\/div><\/figure><\/div>\n        ","protected":false},"excerpt":{"rendered":"<p>Stadyumlar her kentin merkezinde yer alan, kitleleri \u00e7eken ve k\u00fclt\u00fcr yaratan yap\u0131lar ve elektrik kullan\u0131m\u0131nda da kayda de\u011fer bir paya sahipler.<\/p>\n","protected":false},"author":1,"featured_media":1075,"parent":0,"menu_order":0,"comment_status":"closed","ping_status":"closed","template":"","meta":{"ep_exclude_from_search":false,"p4_hide_page_title_checkbox":"on","p4_title":"","p4_subtitle":"","p4_description":"","background_image_id":"","background_image":"","p4_button_title":"","p4_button_link":"","p4_button_link_checkbox":"","p4_og_title":"","p4_og_description":"","p4_og_image":"","p4_og_image_id":"","p4_seo_canonical_url":"","p4_campaign_name":"not set","p4_local_project":"","p4_basket_name":"not set","p4_department":"","footnotes":""},"categories":[24],"tags":[7,25],"class_list":["post-30","page","type-page","status-publish","has-post-thumbnail","hentry","category-iklim-krizi","tag-yenilenebilir-enerji","tag-iklim-degisikligi"],"_links":{"self":[{"href":"https:\/\/www.greenpeace.org\/turkey\/wp-json\/wp\/v2\/pages\/30","targetHints":{"allow":["GET"]}}],"collection":[{"href":"https:\/\/www.greenpeace.org\/turkey\/wp-json\/wp\/v2\/pages"}],"about":[{"href":"https:\/\/www.greenpeace.org\/turkey\/wp-json\/wp\/v2\/types\/page"}],"author":[{"embeddable":true,"href":"https:\/\/www.greenpeace.org\/turkey\/wp-json\/wp\/v2\/users\/1"}],"replies":[{"embeddable":true,"href":"https:\/\/www.greenpeace.org\/turkey\/wp-json\/wp\/v2\/comments?post=30"}],"version-history":[{"count":19,"href":"https:\/\/www.greenpeace.org\/turkey\/wp-json\/wp\/v2\/pages\/30\/revisions"}],"predecessor-version":[{"id":8802,"href":"https:\/\/www.greenpeace.org\/turkey\/wp-json\/wp\/v2\/pages\/30\/revisions\/8802"}],"wp:featuredmedia":[{"embeddable":true,"href":"https:\/\/www.greenpeace.org\/turkey\/wp-json\/wp\/v2\/media\/1075"}],"wp:attachment":[{"href":"https:\/\/www.greenpeace.org\/turkey\/wp-json\/wp\/v2\/media?parent=30"}],"wp:term":[{"taxonomy":"category","embeddable":true,"href":"https:\/\/www.greenpeace.org\/turkey\/wp-json\/wp\/v2\/categories?post=30"},{"taxonomy":"post_tag","embeddable":true,"href":"https:\/\/www.greenpeace.org\/turkey\/wp-json\/wp\/v2\/tags?post=30"}],"curies":[{"name":"wp","href":"https:\/\/api.w.org\/{rel}","templated":true}]}}

Güneş İçin Omuz Omuza

<div class="wp-block-group alignfull is-layout-flow wp-block-group-is-layout-flow">
<div class="wp-block-group container is-layout-flow wp-block-group-is-layout-flow">
<div class="wp-block-media-text alignfull has-media-on-the-right is-stacked-on-mobile is-pattern-p4-page-header is-style-parallax"><div class="wp-block-media-text__content">
<div class="wp-block-group is-layout-flow wp-block-group-is-layout-flow">
<h1 class="wp-block-heading has-white-background-color has-background">
                            Güneş İçin Omuz Omuza
                        </h1>
</div>
</div><figure class="wp-block-media-text__media"><img loading="lazy" decoding="async" width="1200" height="800" src="https://www.greenpeace.org/static/planet4-turkey-stateless/2019/09/bf1ed669-gp0stthj6.jpg" alt="" sizes="auto, (min-width: 601px) 50vw, 100vw" srcset="https://www.greenpeace.org/static/planet4-turkey-stateless/2019/09/bf1ed669-gp0stthj6.jpg 1200w, https://www.greenpeace.org/static/planet4-turkey-stateless/2019/09/bf1ed669-gp0stthj6-300x200.jpg 300w, https://www.greenpeace.org/static/planet4-turkey-stateless/2019/09/bf1ed669-gp0stthj6-768x512.jpg 768w, https://www.greenpeace.org/static/planet4-turkey-stateless/2019/09/bf1ed669-gp0stthj6-1024x683.jpg 1024w, https://www.greenpeace.org/static/planet4-turkey-stateless/2019/09/bf1ed669-gp0stthj6-510x340.jpg 510w" class="wp-image-1075 size-full"/></figure></div>
</div>
</div>

<div data-render="planet4-blocks/columns" data-attributes="{&quot;attributes&quot;:{&quot;columns&quot;:[{&quot;title&quot;:&quot;Neden \u00f6nemli?&quot;,&quot;description&quot;:&quot;Stadyumlar her kentin merkezinde yer alan, kitleleri \u00e7eken ve k\u00fclt\u00fcr yaratan yap\u0131lar ve elektrik kullan\u0131m\u0131nda da kayda de\u011fer bir paya sahipler. 55 bin ki\u015filik bir stad\u0131n bir ma\u00e7ta harcad\u0131\u011f\u0131 enerji 164 hanenin y\u0131ll\u0131k t\u00fcketimine e\u015fit. Bir statta enerji kayna\u011f\u0131 olarak g\u00fcne\u015fin kullan\u0131lmas\u0131 demek, b\u00fct\u00fcn bir kente hatta \u00fclkeye liderlik edecek bir ad\u0131m atmak demek. Gerekli d\u00fczenlemelerle \u00fcretilen elektri\u011fin fazlas\u0131n\u0131 \u015febekeye iletebilen kul\u00fcpler ayr\u0131ca ek gelir elde edebilir!&quot;,&quot;link_new_tab&quot;:false},{&quot;title&quot;:&quot;Sorun ne?&quot;,&quot;description&quot;:&quot;2018\u2019de elektrik \u00fcretimindeki art\u0131\u015f\u0131n \u00fc\u00e7te ikisi yeni kurulan g\u00fcne\u015f enerjisi santrallerinden geldi. Bug\u00fcn g\u00fcne\u015f bir\u00e7ok \u00fclkede \u015febeke paritesini yakalad\u0131; g\u00fcne\u015f enerjisi \u00fcretmek, k\u00f6m\u00fcr ve n\u00fckleer kaynaktan enerji \u00fcretmekten daha ucuz hale geldi. Bu potansiyel hen\u00fcz de\u011ferlendirilemiyor, enerji \u00fcretiminde kullan\u0131lan fosil yak\u0131tlar iklime b\u00fcy\u00fck zarar vermeye devam ediyor.&quot;,&quot;link_new_tab&quot;:false}],&quot;className&quot;:&quot;is-style-no_image&quot;,&quot;columns_block_style&quot;:&quot;no_image&quot;}}"></div><div data-render="planet4-blocks/columns" data-attributes="{&quot;attributes&quot;:{&quot;columns_block_style&quot;:&quot;tasks&quot;,&quot;columns_title&quot;:&quot;Neler yapabilirsin?&quot;,&quot;columns&quot;:[{&quot;title&quot;:&quot;Harekete Ge\u00e7&quot;,&quot;description&quot;:&quot;On binlerce ki\u015fi hem kul\u00fcb\u00fcne bir mesaj g\u00f6ndermek i\u00e7in hem de kendi g\u00fcne\u015f tak\u0131m\u0131n\u0131 kurmak i\u00e7in harekete ge\u00e7ip \u201cg\u00fcne\u015f i\u00e7in omuz omuza\u201d kampanyam\u0131za kat\u0131ld\u0131. &quot;,&quot;cta_link&quot;:&quot;https:\/\/omuzomuza.gp\/&quot;,&quot;link_new_tab&quot;:false,&quot;cta_text&quot;:&quot;\u0130MZA VER&quot;},{&quot;title&quot;:&quot;Kulub\u00fcne Mesaj G\u00f6nder&quot;,&quot;description&quot;:&quot;Sosyal medyada her kul\u00fcb\u00fcn bir resmi sayfas\u0131 var. Kul\u00fcb\u00fcne kulland\u0131\u011f\u0131n sosyal medya kanal\u0131 arac\u0131l\u0131\u011f\u0131yla ula\u015fabilir; \u201cstad\u0131m\u0131z g\u00fcne\u015f enerjisiyle ayd\u0131nlans\u0131n!\u201d diyebilirsin. &quot;,&quot;link_new_tab&quot;:false},{&quot;title&quot;:&quot;Bir araya gel&quot;,&quot;description&quot;:&quot;Seninle ayn\u0131 tak\u0131ma g\u00f6n\u00fcl vermi\u015f insanlarla bir araya gelebilir, g\u00fcne\u015f enerjisi konusunda onlar\u0131 bilgilendirebilirsin.&quot;,&quot;link_new_tab&quot;:false},{&quot;title&quot;:&quot;Bu sayfay\u0131 payla\u015f&quot;,&quot;description&quot;:&quot;Bir ki\u015fi de olsa, gelecek i\u00e7in fark eder. Sen de bu sayfay\u0131 sosyal medya profillerinde payla\u015f. Onlar da g\u00fcne\u015fe pas versin.&quot;,&quot;link_new_tab&quot;:false}],&quot;className&quot;:&quot;is-style-tasks&quot;}}"></div>
<section class="block social-media-block wp-block-planet4-blocks-social-media"><div class="social-media-embed "><div>Bad Request 400 API access disrupted. Go to the App Dashboard and complete Data Use Checkup.</div></div></section>

        <div class="wp-block-group is-layout-flow wp-block-group-is-layout-flow">
        
        
        <figure class="wp-block-embed is-type-1 is-provider-youtube wp-block-embed-youtube wp-embed-aspect-16-9 wp-has-aspect-ratio"><div class="wp-block-embed__wrapper">
        <lite-youtube style="background-image: url('https://i.ytimg.com/vi/7g8kcWUx22g/hqdefault.jpg');" videoid="7g8kcWUx22g" params="rel=0"></lite-youtube>
        </div></figure></div>

<p>Stadyumlar her kentin merkezinde yer alan, kitleleri çeken ve kültür yaratan yapılar ve elektrik kullanımında da kayda değer bir paya sahipler.</p>
