{"id":5894,"date":"2021-05-04T15:32:38","date_gmt":"2021-05-04T12:32:38","guid":{"rendered":"https:\/\/www.greenpeace.org\/turkey\/25-yil\/"},"modified":"2026-04-08T11:59:04","modified_gmt":"2026-04-08T08:59:04","slug":"25-yil","status":"publish","type":"page","link":"https:\/\/www.greenpeace.org\/turkey\/25-yil\/","title":{"rendered":"#25. Y\u0131l"},"content":{"rendered":"\n        <div class=\"wp-block-query actions-list p4-query-loop is-custom-layout-actions-list is-custom-layout-grid is-layout-grid wp-container-core-query-is-layout-29f43435 wp-block-query-is-layout-grid\"><h2 class=\"wp-block-heading\">Things you can do<\/h2>\n        <p style=\"margin-top: 24px; margin-bottom: 32px;\">We want you to take action because together we&#8217;re strong.<\/p>\n        <div class=\"wp-block-query-no-results\">\n        <p >No posts found.<\/p>\n        <\/div>\n        \n        \n<div class=\"wp-block-buttons carousel-controls is-horizontal is-content-justification-space-between is-nowrap is-layout-flex wp-container-core-buttons-is-layout-044bd602 wp-block-buttons-is-layout-flex\">\n            <div class=\"wp-block-button carousel-control-prev\"><button type=\"button\" class=\"wp-block-button__link wp-element-button\">Prev<\/button><\/div>\n        \n\n            <div class=\"wp-block-button carousel-control-next\"><button type=\"button\" class=\"wp-block-button__link wp-element-button\">Next<\/button><\/div>\n        <\/div>\n\n        \n<div class=\"wp-block-buttons load-more-actions-container is-content-justification-center is-layout-flex wp-container-core-buttons-is-layout-16018d1d wp-block-buttons-is-layout-flex\">\n                <div class=\"wp-block-button is-style-secondary\"><button type=\"button\" class=\"wp-block-button__link wp-element-button\">Daha Fazlas\u0131<\/button><\/div>\n            \n<\/div>\n<\/div>\n        \n    <div class=\"wp-block-query posts-list p4-query-loop is-custom-layout-list is-layout-flow wp-block-query-is-layout-flow\">\n        <div class=\"wp-block-group is-content-justification-space-between is-layout-flex wp-container-core-group-is-layout-3d213aab wp-block-group-is-layout-flex\"><h2 class=\"wp-block-heading\">\u0130lgili Yaz\u0131lar<\/h2>\n        <li class=\" wp-block-navigation-item see-all-link wp-block-navigation-link\"><a class=\"wp-block-navigation-item__content\"  href=\"http:\/\/www.greenpeace.org\/turkey\/news-stories\/?tag=25inci-yil\"><span class=\"wp-block-navigation-item__label\">See all stories<\/span><\/a><\/li>\n        \n        <\/div>\n        \n\n    <p style=\"margin-top: 24px; margin-bottom: 36px;\"><\/p>\n\n    \n\n    <ul class=\"wp-block-post-template is-layout-flow wp-block-post-template-is-layout-flow\"><li class=\"wp-block-post post-5590 post type-post status-publish format-standard has-post-thumbnail hentry category-uncategorized tag-25inci-yil p4-page-type-blog\">\n            \n<div class=\"wp-block-columns is-layout-flex wp-container-core-columns-is-layout-9d6595d7 wp-block-columns-is-layout-flex\"><figure class=\"wp-block-post-featured-image\"><a href=\"https:\/\/www.greenpeace.org\/turkey\/blog\/25-yilimizi-kutluyoruz\/\" target=\"_self\"  ><img loading=\"lazy\" decoding=\"async\" width=\"660\" height=\"275\" src=\"https:\/\/www.greenpeace.org\/static\/planet4-turkey-stateless\/2021\/05\/c8c6e7ea-25inciyil-3.jpg\" class=\"attachment-post-thumbnail size-post-thumbnail wp-post-image wp-stateless-item\" alt=\"25. y\u0131l\u0131m\u0131z\u0131 kutluyoruz\" style=\"object-fit:cover;\" srcset=\"https:\/\/www.greenpeace.org\/static\/planet4-turkey-stateless\/2021\/05\/c8c6e7ea-25inciyil-3.jpg 660w, https:\/\/www.greenpeace.org\/static\/planet4-turkey-stateless\/2021\/05\/c8c6e7ea-25inciyil-3-300x125.jpg 300w, https:\/\/www.greenpeace.org\/static\/planet4-turkey-stateless\/2021\/05\/c8c6e7ea-25inciyil-3-510x213.jpg 510w\" sizes=\"auto, (max-width: 660px) 100vw, 660px\" data-image-size=\"post-thumbnail\" data-stateless-media-bucket=\"planet4-turkey-stateless\" data-stateless-media-name=\"2021\/05\/c8c6e7ea-25inciyil-3.jpg\" \/><\/a><\/figure>\n\n        <div class=\"wp-block-group is-layout-flow wp-block-group-is-layout-flow\">\n                <div class=\"wp-block-group is-layout-flex wp-block-group-is-layout-flex\"><div class=\"wp-block-post-terms\"><a href=\"https:\/\/www.greenpeace.org\/turkey\/category\/uncategorized\/\">Uncategorized<\/a><\/div>\n                <div class=\"taxonomy-post_tag wp-block-post-terms\"><a href=\"https:\/\/www.greenpeace.org\/turkey\/tag\/25inci-yil\/\" rel=\"tag\">25. Y\u0131l<\/a><\/div>\n                \n                <\/div>\n                \n        <h3 class=\"wp-block-post-title\"><a href=\"https:\/\/www.greenpeace.org\/turkey\/blog\/25-yilimizi-kutluyoruz\/\" target=\"_self\" >25. y\u0131l\u0131m\u0131z\u0131 kutluyoruz<\/a><\/h3>\n        <div class=\"wp-block-post-excerpt\"><p class=\"wp-block-post-excerpt__excerpt\">Bu \u00e7eyrek as\u0131rda T\u00fcrkiye\u2019de g\u00fcn\u00fc geldi asbestli gemilerin s\u00f6k\u00fcm\u00fcn\u00fc durdurduk, g\u00fcn\u00fc geldi Taksim\u2019in ortas\u0131nda n\u00fckleer santral felaketine dikkat \u00e7ektik, g\u00fcn\u00fc geldi tek tek bal\u0131klar\u0131n boyunu ezberledik, g\u00fcn\u00fc geldi k\u00f6m\u00fcrl\u00fc termik santrale kar\u015f\u0131 Soma\u2019da zeytin a\u011fa\u00e7lar\u0131n\u0131n n\u00f6betini tuttuk, g\u00fcn\u00fc geldi ar\u0131lar\u0131 \u00f6ld\u00fcren pestisitleri yasaklatt\u0131k, g\u00fcn\u00fc geldi bal\u0131klar\u0131n midesindeki plastikleri inceledik&#8230; <\/p><\/div>\n        \n        <div class=\"wp-block-group posts-list-meta is-layout-flow wp-block-group-is-layout-flow\"><span class='article-list-item-author'><a href='https:\/\/www.greenpeace.org\/turkey\/author\/gp_turkey\/'>Greenpeace T\u00fcrkiye<\/a><\/span>\n        <div class=\"wp-block-post-date\"><time datetime=\"2021-05-04T15:33:17+03:00\">4 May\u0131s 2021<\/time><\/div>\n        \n        <\/div>\n        <\/div>\n        <\/div>\n\n            <\/li><\/ul>\n\n    \n<div class=\"wp-block-buttons carousel-controls is-horizontal is-content-justification-space-between is-nowrap is-layout-flex wp-container-core-buttons-is-layout-044bd602 wp-block-buttons-is-layout-flex\">\n            <div class=\"wp-block-button carousel-control-prev\"><button type=\"button\" class=\"wp-block-button__link wp-element-button\">Prev<\/button><\/div>\n        \n\n            <div class=\"wp-block-button carousel-control-next\"><button type=\"button\" class=\"wp-block-button__link wp-element-button\">Next<\/button><\/div>\n        <\/div>\n\n\n    <li class=\" wp-block-navigation-item see-all-link wp-block-navigation-link\"><a class=\"wp-block-navigation-item__content\"  href=\"http:\/\/www.greenpeace.org\/turkey\/news-stories\/?tag=25inci-yil\"><span class=\"wp-block-navigation-item__label\">See all stories<\/span><\/a><\/li><\/div>\n    \n    <div class=\"wp-block-query posts-list p4-query-loop is-custom-layout-grid is-layout-grid wp-container-core-query-is-layout-b8bb0bd1 wp-block-query-is-layout-grid\">\n        <div class=\"wp-block-group is-content-justification-space-between is-layout-flex wp-container-core-group-is-layout-3d213aab wp-block-group-is-layout-flex\"><h2 class=\"wp-block-heading\">Publications<\/h2>\n        <li class=\" wp-block-navigation-item see-all-link wp-block-navigation-link\"><a class=\"wp-block-navigation-item__content\"  href=\"http:\/\/www.greenpeace.org\/turkey\/news-stories\/?tag=25inci-yil&#038;post-type=\"><span class=\"wp-block-navigation-item__label\">See all stories<\/span><\/a><\/li>\n        \n        <\/div>\n        \n\n    <p style=\"margin-top: 24px; margin-bottom: 36px;\"><\/p>\n\n    <div class=\"wp-block-query-no-results\">\n        <p style=\"\">No posts found.<\/p>\n        <\/div>\n\n    \n\n    \n<div class=\"wp-block-buttons carousel-controls is-horizontal is-content-justification-space-between is-nowrap is-layout-flex wp-container-core-buttons-is-layout-044bd602 wp-block-buttons-is-layout-flex\">\n            <div class=\"wp-block-button carousel-control-prev\"><button type=\"button\" class=\"wp-block-button__link wp-element-button\">Prev<\/button><\/div>\n        \n\n            <div class=\"wp-block-button carousel-control-next\"><button type=\"button\" class=\"wp-block-button__link wp-element-button\">Next<\/button><\/div>\n        <\/div>\n\n\n    <li class=\" wp-block-navigation-item see-all-link wp-block-navigation-link\"><a class=\"wp-block-navigation-item__content\"  href=\"http:\/\/www.greenpeace.org\/turkey\/news-stories\/?tag=25inci-yil&#038;post-type=\"><span class=\"wp-block-navigation-item__label\">See all stories<\/span><\/a><\/li><\/div>\n    <div data-render=\"planet4-blocks\/happypoint\" data-attributes=\"{&quot;attributes&quot;:{&quot;mailing_list_iframe&quot;:true,&quot;opacity&quot;:30,&quot;override_default_content&quot;:false,&quot;local_content_provider&quot;:&quot;none&quot;}}\"><\/div>","protected":false},"excerpt":{"rendered":"","protected":false},"author":25,"featured_media":0,"parent":0,"menu_order":0,"comment_status":"closed","ping_status":"closed","template":"","meta":{"ep_exclude_from_search":false,"p4_hide_page_title_checkbox":"","p4_title":"","p4_subtitle":"","p4_description":"","background_image_id":"","background_image":"","p4_button_title":"","p4_button_link":"","p4_button_link_checkbox":"","p4_og_title":"","p4_og_description":"","p4_og_image":"","p4_og_image_id":"","p4_seo_canonical_url":"","p4_campaign_name":"","p4_local_project":"","p4_basket_name":"","p4_department":"","footnotes":""},"categories":[],"tags":[],"class_list":["post-5894","page","type-page","status-publish","hentry"],"_links":{"self":[{"href":"https:\/\/www.greenpeace.org\/turkey\/wp-json\/wp\/v2\/pages\/5894","targetHints":{"allow":["GET"]}}],"collection":[{"href":"https:\/\/www.greenpeace.org\/turkey\/wp-json\/wp\/v2\/pages"}],"about":[{"href":"https:\/\/www.greenpeace.org\/turkey\/wp-json\/wp\/v2\/types\/page"}],"author":[{"embeddable":true,"href":"https:\/\/www.greenpeace.org\/turkey\/wp-json\/wp\/v2\/users\/25"}],"replies":[{"embeddable":true,"href":"https:\/\/www.greenpeace.org\/turkey\/wp-json\/wp\/v2\/comments?post=5894"}],"version-history":[{"count":11,"href":"https:\/\/www.greenpeace.org\/turkey\/wp-json\/wp\/v2\/pages\/5894\/revisions"}],"predecessor-version":[{"id":10032,"href":"https:\/\/www.greenpeace.org\/turkey\/wp-json\/wp\/v2\/pages\/5894\/revisions\/10032"}],"wp:attachment":[{"href":"https:\/\/www.greenpeace.org\/turkey\/wp-json\/wp\/v2\/media?parent=5894"}],"wp:term":[{"taxonomy":"category","embeddable":true,"href":"https:\/\/www.greenpeace.org\/turkey\/wp-json\/wp\/v2\/categories?post=5894"},{"taxonomy":"post_tag","embeddable":true,"href":"https:\/\/www.greenpeace.org\/turkey\/wp-json\/wp\/v2\/tags?post=5894"}],"curies":[{"name":"wp","href":"https:\/\/api.w.org\/{rel}","templated":true}]}}

#25. Yıl

<div class="wp-block-query actions-list p4-query-loop is-custom-layout-actions-list is-custom-layout-grid is-layout-grid wp-container-core-query-is-layout-29f43435 wp-block-query-is-layout-grid"><h2 class="wp-block-heading">Things you can do</h2>
        <p style="margin-top: 24px; margin-bottom: 32px;">We want you to take action because together we&#8217;re strong.</p>
        <div class="wp-block-query-no-results">
        <p >No posts found.</p>
        </div>
        
        
<div class="wp-block-buttons carousel-controls is-horizontal is-content-justification-space-between is-nowrap is-layout-flex wp-container-core-buttons-is-layout-044bd602 wp-block-buttons-is-layout-flex">
            <div class="wp-block-button carousel-control-prev"><button type="button" class="wp-block-button__link wp-element-button">Prev</button></div>
        

            <div class="wp-block-button carousel-control-next"><button type="button" class="wp-block-button__link wp-element-button">Next</button></div>
        </div>

        
<div class="wp-block-buttons load-more-actions-container is-content-justification-center is-layout-flex wp-container-core-buttons-is-layout-16018d1d wp-block-buttons-is-layout-flex">
                <div class="wp-block-button is-style-secondary"><button type="button" class="wp-block-button__link wp-element-button">Daha Fazlası</button></div>
            
</div>
</div>
        
    <div class="wp-block-query posts-list p4-query-loop is-custom-layout-list is-layout-flow wp-block-query-is-layout-flow">
        <div class="wp-block-group is-content-justification-space-between is-layout-flex wp-container-core-group-is-layout-3d213aab wp-block-group-is-layout-flex"><h2 class="wp-block-heading">İlgili Yazılar</h2>
        <li class=" wp-block-navigation-item see-all-link wp-block-navigation-link"><a class="wp-block-navigation-item__content"  href="http://www.greenpeace.org/turkey/news-stories/?tag=25inci-yil"><span class="wp-block-navigation-item__label">See all stories</span></a></li>
        
        </div>
        

    <p style="margin-top: 24px; margin-bottom: 36px;"></p>

    

    <ul class="wp-block-post-template is-layout-flow wp-block-post-template-is-layout-flow"><li class="wp-block-post post-5590 post type-post status-publish format-standard has-post-thumbnail hentry category-uncategorized tag-25inci-yil p4-page-type-blog">
            
<div class="wp-block-columns is-layout-flex wp-container-core-columns-is-layout-9d6595d7 wp-block-columns-is-layout-flex"><figure class="wp-block-post-featured-image"><a href="https://www.greenpeace.org/turkey/blog/25-yilimizi-kutluyoruz/" target="_self"  ><img loading="lazy" decoding="async" width="660" height="275" src="https://www.greenpeace.org/static/planet4-turkey-stateless/2021/05/c8c6e7ea-25inciyil-3.jpg" class="attachment-post-thumbnail size-post-thumbnail wp-post-image wp-stateless-item" alt="25. yılımızı kutluyoruz" style="object-fit:cover;" srcset="https://www.greenpeace.org/static/planet4-turkey-stateless/2021/05/c8c6e7ea-25inciyil-3.jpg 660w, https://www.greenpeace.org/static/planet4-turkey-stateless/2021/05/c8c6e7ea-25inciyil-3-300x125.jpg 300w, https://www.greenpeace.org/static/planet4-turkey-stateless/2021/05/c8c6e7ea-25inciyil-3-510x213.jpg 510w" sizes="auto, (max-width: 660px) 100vw, 660px" data-image-size="post-thumbnail" data-stateless-media-bucket="planet4-turkey-stateless" data-stateless-media-name="2021/05/c8c6e7ea-25inciyil-3.jpg" /></a></figure>

        <div class="wp-block-group is-layout-flow wp-block-group-is-layout-flow">
                <div class="wp-block-group is-layout-flex wp-block-group-is-layout-flex"><div class="wp-block-post-terms"><a href="https://www.greenpeace.org/turkey/category/uncategorized/">Uncategorized</a></div>
                <div class="taxonomy-post_tag wp-block-post-terms"><a href="https://www.greenpeace.org/turkey/tag/25inci-yil/" rel="tag">25. Yıl</a></div>
                
                </div>
                
        <h3 class="wp-block-post-title"><a href="https://www.greenpeace.org/turkey/blog/25-yilimizi-kutluyoruz/" target="_self" >25. yılımızı kutluyoruz</a></h3>
        <div class="wp-block-post-excerpt"><p class="wp-block-post-excerpt__excerpt">Bu çeyrek asırda Türkiye’de günü geldi asbestli gemilerin sökümünü durdurduk, günü geldi Taksim’in ortasında nükleer santral felaketine dikkat çektik, günü geldi tek tek balıkların boyunu ezberledik, günü geldi kömürlü termik santrale karşı Soma’da zeytin ağaçlarının nöbetini tuttuk, günü geldi arıları öldüren pestisitleri yasaklattık, günü geldi balıkların midesindeki plastikleri inceledik&#8230; </p></div>
        
        <div class="wp-block-group posts-list-meta is-layout-flow wp-block-group-is-layout-flow"><span class='article-list-item-author'><a href='https://www.greenpeace.org/turkey/author/gp_turkey/'>Greenpeace Türkiye</a></span>
        <div class="wp-block-post-date"><time datetime="2021-05-04T15:33:17+03:00">4 Mayıs 2021</time></div>
        
        </div>
        </div>
        </div>

            </li></ul>

    
<div class="wp-block-buttons carousel-controls is-horizontal is-content-justification-space-between is-nowrap is-layout-flex wp-container-core-buttons-is-layout-044bd602 wp-block-buttons-is-layout-flex">
            <div class="wp-block-button carousel-control-prev"><button type="button" class="wp-block-button__link wp-element-button">Prev</button></div>
        

            <div class="wp-block-button carousel-control-next"><button type="button" class="wp-block-button__link wp-element-button">Next</button></div>
        </div>


    <li class=" wp-block-navigation-item see-all-link wp-block-navigation-link"><a class="wp-block-navigation-item__content"  href="http://www.greenpeace.org/turkey/news-stories/?tag=25inci-yil"><span class="wp-block-navigation-item__label">See all stories</span></a></li></div>
    
    <div class="wp-block-query posts-list p4-query-loop is-custom-layout-grid is-layout-grid wp-container-core-query-is-layout-b8bb0bd1 wp-block-query-is-layout-grid">
        <div class="wp-block-group is-content-justification-space-between is-layout-flex wp-container-core-group-is-layout-3d213aab wp-block-group-is-layout-flex"><h2 class="wp-block-heading">Publications</h2>
        <li class=" wp-block-navigation-item see-all-link wp-block-navigation-link"><a class="wp-block-navigation-item__content"  href="http://www.greenpeace.org/turkey/news-stories/?tag=25inci-yil&#038;post-type="><span class="wp-block-navigation-item__label">See all stories</span></a></li>
        
        </div>
        

    <p style="margin-top: 24px; margin-bottom: 36px;"></p>

    <div class="wp-block-query-no-results">
        <p style="">No posts found.</p>
        </div>

    

    
<div class="wp-block-buttons carousel-controls is-horizontal is-content-justification-space-between is-nowrap is-layout-flex wp-container-core-buttons-is-layout-044bd602 wp-block-buttons-is-layout-flex">
            <div class="wp-block-button carousel-control-prev"><button type="button" class="wp-block-button__link wp-element-button">Prev</button></div>
        

            <div class="wp-block-button carousel-control-next"><button type="button" class="wp-block-button__link wp-element-button">Next</button></div>
        </div>


    <li class=" wp-block-navigation-item see-all-link wp-block-navigation-link"><a class="wp-block-navigation-item__content"  href="http://www.greenpeace.org/turkey/news-stories/?tag=25inci-yil&#038;post-type="><span class="wp-block-navigation-item__label">See all stories</span></a></li></div>
    <div data-render="planet4-blocks/happypoint" data-attributes="{&quot;attributes&quot;:{&quot;mailing_list_iframe&quot;:true,&quot;opacity&quot;:30,&quot;override_default_content&quot;:false,&quot;local_content_provider&quot;:&quot;none&quot;}}"></div>
