{"id":5979,"date":"2021-05-31T18:23:48","date_gmt":"2021-05-31T15:23:48","guid":{"rendered":"https:\/\/www.greenpeace.org\/turkey\/?page_id=5979"},"modified":"2025-07-02T10:43:11","modified_gmt":"2025-07-02T07:43:11","slug":"sikca-sorulan-sorular","status":"publish","type":"page","link":"https:\/\/www.greenpeace.org\/turkey\/sikca-sorulan-sorular\/","title":{"rendered":"S\u0131k\u00e7a Sorulan Sorular"},"content":{"rendered":"\n\n<div class=\"wp-block-group alignfull is-layout-flow wp-block-group-is-layout-flow\">\n<div class=\"wp-block-group container is-layout-flow wp-block-group-is-layout-flow\">\n<div class=\"wp-block-media-text alignfull has-media-on-the-right is-stacked-on-mobile is-pattern-p4-page-header is-style-parallax\"><div class=\"wp-block-media-text__content\">\n<div class=\"wp-block-group is-layout-flow wp-block-group-is-layout-flow\">\n<h1 class=\"wp-block-heading has-white-background-color has-background\">\n                            S\u0131k Sorulan Sorular\n                        <\/h1>\n<\/div>\n<\/div><figure class=\"wp-block-media-text__media\"><img loading=\"lazy\" decoding=\"async\" width=\"1300\" height=\"650\" src=\"https:\/\/www.greenpeace.org\/static\/planet4-turkey-stateless\/2021\/05\/60406d25-25inciyil-9.jpg\" alt=\"\" sizes=\"auto, (min-width: 601px) 50vw, 100vw\" srcset=\"https:\/\/www.greenpeace.org\/static\/planet4-turkey-stateless\/2021\/05\/60406d25-25inciyil-9.jpg 1300w, https:\/\/www.greenpeace.org\/static\/planet4-turkey-stateless\/2021\/05\/60406d25-25inciyil-9-300x150.jpg 300w, https:\/\/www.greenpeace.org\/static\/planet4-turkey-stateless\/2021\/05\/60406d25-25inciyil-9-1024x512.jpg 1024w, https:\/\/www.greenpeace.org\/static\/planet4-turkey-stateless\/2021\/05\/60406d25-25inciyil-9-768x384.jpg 768w, https:\/\/www.greenpeace.org\/static\/planet4-turkey-stateless\/2021\/05\/60406d25-25inciyil-9-510x255.jpg 510w\" class=\"wp-image-5884 size-full\"\/><\/figure><\/div>\n<\/div>\n<\/div>\n\n\n<section class=\"block accordion-block wp-block-planet4-blocks-accordion is-style-light\"><div class=\"accordion-content\"><div class=\"accordion-headline\" name=\"Greenpeace nedir?\">Greenpeace nedir?<\/div><div class=\"panel panel-hidden\"><p class=\"accordion-text\">Greenpeace, uluslararas\u0131 bir \u00e7evre kurulu\u015fudur.<br><strong>Ba\u011f\u0131ms\u0131zd\u0131r:<\/strong> Hi\u00e7bir \u015firketten, sanayi kurulu\u015fundan, siyasi partiden ya da devletten maddi destek ya da sponsorluk kabul etmez. Yaln\u0131zca bireylerden ald\u0131\u011f\u0131 maddi destekle ayakta durur.<br><strong>Aktivisttir:<\/strong> Greenpeace, gezegenimizi ya\u015fanmaz hale getiren \u00e7evre su\u00e7lar\u0131na \u015fiddet i\u00e7ermeyen, yarat\u0131c\u0131 ve do\u011frudan eylemlerle tan\u0131kl\u0131k eder, \u00e7evre skandallar\u0131n\u0131 ortaya \u00e7\u0131kar\u0131r ve kamuoyuna duyurur.<br><strong>Bilimseldir:<\/strong> Gerek kendi laboratuvar\u0131, gerek kendisiyle i\u015fbirli\u011fi yapan onlarca bilim insan\u0131n\u0131n yapt\u0131\u011f\u0131 ara\u015ft\u0131rmalar ve sundu\u011fu bulgular do\u011frultusunda bilimsel raporlar haz\u0131rlar.<br><strong>Etkindir:<\/strong> Greenpeace, uluslararas\u0131 anla\u015fmalara lobi etkinlikleriyle a\u011f\u0131rl\u0131\u011f\u0131n\u0131 koyan, taslaklar \u00f6neren ve kabul ettirebilen az say\u0131da sivil toplum kurulu\u015fundan biridir. D\u00fcnyada 55 \u00fclkede toplam 27 ba\u011f\u0131ms\u0131z ulusal ya da b\u00f6lgesel ofisi ile faaliyet g\u00f6stermektedir. Ayn\u0131 zamanda \u00e7evre konusunda m\u00fccadele veren yerel hareketlerle de yak\u0131n \u00e7al\u0131\u015fmaktad\u0131r.<\/p><\/div><\/div><div class=\"accordion-content\"><div class=\"accordion-headline\" name=\"Greenpeace nas\u0131l do\u011fdu?\">Greenpeace nas\u0131l do\u011fdu?<\/div><div class=\"panel panel-hidden\"><p class=\"accordion-text\">Greenpeace 1971 y\u0131l\u0131nda Kanadal\u0131 k\u00fc\u00e7\u00fck bir grubun, Amerika&#8217;n\u0131n Kanada&#8217;da yapt\u0131\u011f\u0131 n\u00fckleer denemelere kar\u015f\u0131 n\u00fckleer deneme alan\u0131na gitmek \u00fczere k\u00fc\u00e7\u00fck bir bal\u0131k\u00e7\u0131 teknesiyle yola \u00e7\u0131kmalar\u0131yla ortaya \u00e7\u0131kt\u0131. Onlar\u0131n cesareti, inanc\u0131 ve protestolar\u0131ndaki bar\u0131\u015f\u00e7\u0131l yap\u0131 binlerce insan\u0131 heyecanland\u0131rd\u0131 ve bir araya getirdi.<\/p><\/div><\/div><div class=\"accordion-content\"><div class=\"accordion-headline\" name=\"Greenpeace'in temel hedefi nedir?\">Greenpeace&#8217;in temel hedefi nedir?<\/div><div class=\"panel panel-hidden\"><p class=\"accordion-text\">Greenpeace&#8217;in \u00e7evresel y\u0131k\u0131m\u0131 durdurmak d\u0131\u015f\u0131nda hi\u00e7bir amac\u0131 yoktur. Greenpeace d\u00fcnyay\u0131 tehdit eden en \u00f6nemli \u00e7evre sorunlar\u0131 \u00fczerinde \u00e7al\u0131\u015f\u0131r ve \u00e7\u00f6z\u00fcmler \u00f6nerir.<\/p><\/div><\/div><div class=\"accordion-content\"><div class=\"accordion-headline\" name=\"Greenpeace nas\u0131l \u00e7al\u0131\u015f\u0131r?\">Greenpeace nas\u0131l \u00e7al\u0131\u015f\u0131r?<\/div><div class=\"panel panel-hidden\"><p class=\"accordion-text\">Greenpeace t\u00fcm d\u00fcnyada \u00e7evreye kar\u015f\u0131 i\u015flenen su\u00e7lara kar\u015f\u0131 kampanyalar y\u00fcr\u00fct\u00fcr. Bu kampanyalar; bar\u0131\u015f\u00e7\u0131l do\u011frudan eylemler, yetkililerle g\u00f6r\u00fc\u015fmeler, uluslararas\u0131 anla\u015fmalara g\u00f6zlemci olarak kat\u0131lma ve lobi faaliyetleri, se\u00e7enekler ve \u00e7\u00f6z\u00fcmler \u00fcretmek (bu konuda \u00e7al\u0131\u015fmalar yap\u0131p, onlar\u0131 raporlar, bas\u0131n toplant\u0131lar\u0131 vb. y\u00f6ntemler ile kamuoyuna sunmak) gibi etkinlikleri i\u00e7erir. Numuneler al\u0131n\u0131r, analizler yap\u0131l\u0131r, bunlar\u0131 kamuoyuna a\u00e7\u0131klamak i\u00e7in bas\u0131n toplant\u0131lar\u0131 d\u00fczenlenir.<br>Greenpeace&#8217;in g\u00fcc\u00fc, eylem ve kampanyalar\u0131m\u0131zla ilgili haberleri insanlara ula\u015ft\u0131ran, yetkililere \u00e7\u00f6z\u00fcmler i\u00e7in bask\u0131 uygulayarak bizi destekleyen bireylerden gelir.<br>Bar\u0131\u015f\u00e7\u0131l do\u011frudan eylemler, t\u00fcm kampanya \u00e7al\u0131\u015fmalar\u0131n\u0131n sadece g\u00f6r\u00fcnen y\u00fcz\u00fcd\u00fcr. \u015eiddet i\u00e7ermeyen do\u011frudan eylemlerle su\u00e7lara tan\u0131kl\u0131k etmek, su\u00e7lular \u00fczerinde bask\u0131 olu\u015fturmak ve kamuoyu yaratmak, bir Greenpeace kampanyas\u0131n\u0131n en \u00e7ok dikkat \u00e7eken yan\u0131d\u0131r.<\/p><\/div><\/div><div class=\"accordion-content\"><div class=\"accordion-headline\" name=\"Greenpeace T\u00fcrkiye'de ne zamand\u0131r var, ne kadar etkin?\">Greenpeace T\u00fcrkiye&#8217;de ne zamand\u0131r var, ne kadar etkin?<\/div><div class=\"panel panel-hidden\"><p class=\"accordion-text\">Greenpeace Akdeniz ofisi, T\u00fcrkiye\u2019de Aral\u0131k 1995 y\u0131l\u0131nda faaliyet g\u00f6stermeye ba\u015flad\u0131. O g\u00fcnden bug\u00fcne iklim krizi ve enerji alanlar\u0131 ba\u015fta olmak \u00fczere; plastikler, okyanuslar, denizler, tar\u0131m ve g\u0131da alanlar\u0131nda bir\u00e7ok farkl\u0131 kampanya y\u00fcr\u00fct\u00fcld\u00fc ve y\u00fcr\u00fct\u00fclmeye devam ediyor.<\/p><\/div><\/div><div class=\"accordion-content\"><div class=\"accordion-headline\" name=\"Greenpeace kampanya konular\u0131n\u0131 nas\u0131l se\u00e7iyor?\">Greenpeace kampanya konular\u0131n\u0131 nas\u0131l se\u00e7iyor?<\/div><div class=\"panel panel-hidden\"><p class=\"accordion-text\">Greenpeace d\u00fcnyay\u0131 tehdit eden en b\u00fcy\u00fck \u00e7evre felaketlerini durdurmaya y\u00f6nelik \u00e7al\u0131\u015fmalar y\u00fcr\u00fct\u00fcr. Son y\u0131llarda d\u00fcnyam\u0131z\u0131n en b\u00fcy\u00fck tehdidi olan iklim krizi, Greenpeace\u2019in de en \u00f6nemli \u00e7al\u0131\u015fma alan\u0131d\u0131r. \u0130klim krizi ile ba\u011flant\u0131l\u0131 olarak, enerji, okyanuslar, ormanlar, g\u0131da&amp;tar\u0131m, plastik ve hava kirlili\u011fi gibi alanlarda da faaliyet g\u00f6stermektedir.\u00a0<br>K\u0131s\u0131tl\u0131 kaynaklar nedeniyle Greenpeace, T\u00fcrkiye&#8217;de t\u00fcm bu konu ba\u015fl\u0131klar\u0131 \u00fczerine \u00e7al\u0131\u015fma y\u00fcr\u00fctemiyor. Bu se\u00e7imi etkileyen bir\u00e7ok fakt\u00f6r var; konunun \u00f6nemi, bilgi kayna\u011f\u0131, maddi kaynak gibi.<br>Mevcut kampanyalar kazan\u0131ld\u0131\u011f\u0131nda ve\/veya daha fazla bireyin maddi destek vermesiyle, Greenpeace T\u00fcrkiye&#8217;de de daha fazla konuda \u00e7al\u0131\u015fma y\u00fcr\u00fctebilir.<\/p><\/div><\/div><div class=\"accordion-content\"><div class=\"accordion-headline\" name=\"Greenpeace T\u00fcrkiye'de \u015fu anda hangi konular \u00fczerinde \u00e7al\u0131\u015f\u0131yor?\">Greenpeace T\u00fcrkiye&#8217;de \u015fu anda hangi konular \u00fczerinde \u00e7al\u0131\u015f\u0131yor?<\/div><div class=\"panel panel-hidden\"><p class=\"accordion-text\">Greenpeace Akdeniz ofisi olarak T\u00fcrkiye\u2019de \u015fu anda aktif kampanya y\u00fcr\u00fct\u00fclen alanlar \u015f\u00f6yle;<br>&#8211; \u0130klim Krizi\u00a0<br>&#8211; Enerji &#8211; (K\u00f6m\u00fcrl\u00fc Termik Santraller- Yenilenebilir enerji)<br>&#8211; G\u0131da&amp;Tar\u0131m<br>&#8211; Plastik<br>&#8211; Okyanuslar<br>&#8211; Hava Kirlili\u011fi<\/p><\/div><\/div><div class=\"accordion-content\"><div class=\"accordion-headline\" name=\"Greenpeace bunlardan farkl\u0131 alanlar \u00fczerine \u00e7al\u0131\u015f\u0131yor mu?\">Greenpeace bunlardan farkl\u0131 alanlar \u00fczerine \u00e7al\u0131\u015f\u0131yor mu?<\/div><div class=\"panel panel-hidden\"><p class=\"accordion-text\">Evet Greenpeace Akdeniz, \u00fclke g\u00fcndeminde ortaya \u00e7\u0131kan farkl\u0131 alanlar \u00fczerinde de \u00e7al\u0131\u015fmalar y\u00fcr\u00fct\u00fcyor.<\/p><\/div><\/div><div class=\"accordion-content\"><div class=\"accordion-headline\" name=\"Greenpeace'in merkezi nerede, nas\u0131l y\u00f6netiliyor?\">Greenpeace&#8217;in merkezi nerede, nas\u0131l y\u00f6netiliyor?<\/div><div class=\"panel panel-hidden\"><p class=\"accordion-text\">Merkezi Hollanda, Amsterdam&#8217;da bulunan Greenpeace&#8217;in Ba\u015fkan\u0131 Mats Flarup Christiensen\u2019dir.\u00a0<br>Her Greenpeace ofisinin kendi y\u00f6netim kurulu, y\u00f6neticileri ve \u00fclkenin\/b\u00f6lgenin yap\u0131s\u0131na uygun bir yap\u0131lanmas\u0131 bulunmaktad\u0131r. Bu ofisler Uluslararas\u0131 Greenpeace&#8217;in bir par\u00e7as\u0131yken, ayn\u0131 zamanda Greenpeace&#8217;in genel prensipleri \u00e7er\u00e7evesinde kendi kampanya \u00f6nceliklerini ve stratejilerini belirleyebilirler. Greenpeace ofislerinin y\u00f6neticileri y\u0131lda bir kez bir araya gelerek bilgi payla\u015f\u0131m\u0131, strateji geli\u015ftirme toplant\u0131lar\u0131yla k\u00fcresel organizasyona y\u00f6n verir.<\/p><\/div><\/div><div class=\"accordion-content\"><div class=\"accordion-headline\" name=\"Greenpeace ger\u00e7ek\u00e7i \u00e7\u00f6z\u00fcmler \u00f6neriyor mu?\">Greenpeace ger\u00e7ek\u00e7i \u00e7\u00f6z\u00fcmler \u00f6neriyor mu?<\/div><div class=\"panel panel-hidden\"><p class=\"accordion-text\">Greenpeace&#8217;in sundu\u011fu \u00e7\u00f6z\u00fcmlerin t\u00fcm\u00fc uygulanan veya uygulanabilece\u011fi kan\u0131tlanm\u0131\u015f \u00e7\u00f6z\u00fcmlerdir. \u00d6rne\u011fin Greenpeace Almanya taraf\u0131ndan geli\u015ftirilen &#8216;ozonla dost&#8217; buzdolab\u0131, bir\u00e7ok \u00fclkede yo\u011fun olarak kullan\u0131lan g\u00fcne\u015f ve r\u00fczg\u00e2r enerjisi, Birle\u015fmi\u015f Milletler&#8217;in de kabul etti\u011fi temiz \u00fcretim y\u00f6ntemleri gibi.<\/p><\/div><\/div><div class=\"accordion-content\"><div class=\"accordion-headline\" name=\"Greenpeace'e nas\u0131l kat\u0131labilirim?\">Greenpeace&#8217;e nas\u0131l kat\u0131labilirim?<\/div><div class=\"panel panel-hidden\"><p class=\"accordion-text\">&#8211; Greenpeace&#8217;in \u00e7al\u0131\u015fmalar\u0131n\u0131 desteklemek i\u00e7in internet sitemizden d\u00fczenli  ba\u011f\u0131\u015f\u00e7\u0131m\u0131z olabilirsiniz.<br>&#8211; \u015eehrinizdeki Greenpeace yerel grubuna kat\u0131larak Greenpeace g\u00f6n\u00fcll\u00fcs\u00fc olabilir, kampanya \u00e7al\u0131\u015fmalar\u0131na aktif katk\u0131da <a href=\"https:\/\/www.greenpeace.org\/turkey\/greenpeace-yerel-gruplar\/\">bulunabilirsiniz.<\/a><\/p><\/div><\/div><div class=\"accordion-content\"><div class=\"accordion-headline\" name=\"Greenpeace'e nas\u0131l yard\u0131m edebilirim?\">Greenpeace&#8217;e nas\u0131l yard\u0131m edebilirim?<\/div><div class=\"panel panel-hidden\"><p class=\"accordion-text\">&#8211; \u00c7evrenizdeki ki\u015filere \u00e7al\u0131\u015fmalar\u0131m\u0131zdan s\u00f6z edebilirsiniz.<br>&#8211; Ki\u015fisel ba\u011flant\u0131lar\u0131n\u0131zla Greenpeace&#8217;e \u00e7e\u015fitli konularda \u00fccretsiz ya da indirimli olanaklar yaratabilirsiniz. (Matbaa, k\u00e2\u011f\u0131t, grafik tasar\u0131m, reklam vs.)<br>&#8211; Bir yay\u0131nda \u00fccretsiz Greenpeace ilan\u0131 \u00e7\u0131kmas\u0131n\u0131 sa\u011flayabilirsiniz.<br>&#8211; Bir kul\u00fcp, oda ya da derne\u011fin d\u00fczenledi\u011fi \u00f6zel bir g\u00fcn veya gecede Greenpeace&#8217;in stand a\u00e7mas\u0131n\u0131 sa\u011flayabilirsiniz.<\/p><\/div><\/div><div class=\"accordion-content\"><div class=\"accordion-headline\" name=\"Greenpeace, maddi kayna\u011f\u0131n\u0131 nereden sa\u011fl\u0131yor?\">Greenpeace, maddi kayna\u011f\u0131n\u0131 nereden sa\u011fl\u0131yor?<\/div><div class=\"panel panel-hidden\"><p class=\"accordion-text\">Greenpeace, tam ba\u011f\u0131ms\u0131z yap\u0131s\u0131n\u0131 korumak amac\u0131yla \u015firketlerden, h\u00fck\u00fcmetlerden veya siyasi partilerden para kabul etmez. Bu hususta ciddiyiz ve gelen yard\u0131mlar\u0131 kontrol edip \u015firket hesaplar\u0131ndan geldi\u011fi takdirde gelen ba\u011f\u0131\u015flar\/destekler t\u00fcm d\u00fcnyada iade ediliyor. \u015eirketlere ve h\u00fck\u00fcmetlere kar\u015f\u0131 finansal ba\u011f\u0131ms\u0131zl\u0131k kuruldu\u011fumuz g\u00fcnden beri temel de\u011ferlerimiz aras\u0131nda. \u00c7evreyi korumak ad\u0131na bar\u0131\u015f\u00e7\u0131l kampanyalar y\u00fcr\u00fctmede bireysel desteklerden faydalan\u0131yoruz. \u00c7al\u0131\u015fmalar d\u00fcnyada 3 milyon bireyin d\u00fczenli maddi deste\u011fiyle s\u00fcrd\u00fcr\u00fclmektedir.<\/p><\/div><\/div><div class=\"accordion-content\"><div class=\"accordion-headline\" name=\"Param\u0131n \u00e7evre yarar\u0131na kullan\u0131ld\u0131\u011f\u0131ndan nas\u0131l emin olabilirim?\">Param\u0131n \u00e7evre yarar\u0131na kullan\u0131ld\u0131\u011f\u0131ndan nas\u0131l emin olabilirim?<\/div><div class=\"panel panel-hidden\"><p class=\"accordion-text\">\u015eeffafl\u0131k politikas\u0131n\u0131n somut kan\u0131t\u0131 olarak Greenpeace t\u00fcm gelir ve gider kay\u0131tlar\u0131n\u0131 kontrol eden ba\u011f\u0131ms\u0131z bir audit\/denetim firmas\u0131 taraf\u0131ndan denetlenmektedir. Her y\u0131l Greenpeace&#8217;in gelir\/giderleri denetlenir ve web sitesinde bir rapor yay\u0131mlan\u0131r. Bu rapor, isteyen medya mensuplar\u0131na\/destek\u00e7ilere sunulur.<\/p><\/div><\/div><div class=\"accordion-content\"><div class=\"accordion-headline\" name=\"Greenpeace T\u00fcrkiye'de ne ba\u015fard\u0131?\">Greenpeace T\u00fcrkiye&#8217;de ne ba\u015fard\u0131?<\/div><div class=\"panel panel-hidden\"><p class=\"accordion-text\"><a href=\"https:\/\/www.greenpeace.org\/turkey\/greenpeace-turkiyenin-elde-ettigi-basarilar\/\">Ba\u015far\u0131lar<\/a> b\u00f6l\u00fcm\u00fcn\u00fc inceleyiniz.<\/p><\/div><\/div><div class=\"accordion-content\"><div class=\"accordion-headline\" name=\"Greenpeace'in T\u00fcrkiye'nin ba\u015fka illerinde temsilcilikleri var m\u0131?\">Greenpeace&#8217;in T\u00fcrkiye&#8217;nin ba\u015fka illerinde temsilcilikleri var m\u0131?<\/div><div class=\"panel panel-hidden\"><p class=\"accordion-text\">Temsilciliklerimiz yok. Ancak farkl\u0131 \u015fehirlerde Greenpeace yerel g\u00f6n\u00fcll\u00fc gruplar\u0131 bulunuyor.<\/p><\/div><\/div><div class=\"accordion-content\"><div class=\"accordion-headline\" name=\"Greenpeace gemilerinde g\u00f6rev almak i\u00e7in neler gerekli?\">Greenpeace gemilerinde g\u00f6rev almak i\u00e7in neler gerekli?<\/div><div class=\"panel panel-hidden\"><p class=\"accordion-text\">Greenpeace&#8217;in gemilerde y\u00fcr\u00fct\u00fclen \u00e7al\u0131\u015fmalar\u0131n\u0131 koordine eden bir birimi var. Gemilerde g\u00f6rev almak i\u00e7in ba\u015fvurular\u0131n\u0131z\u0131 <a href=\"https:\/\/www.greenpeace.org\/international\/act\/sail-aboard-a-greenpeace-ship\/\">buradan<\/a> yapabilirsiniz.<\/p><\/div><\/div><div class=\"accordion-content\"><div class=\"accordion-headline\" name=\"Greenpeace Shell'e\/BP'ye ortak m\u0131?\">Greenpeace Shell&#8217;e\/BP&#8217;ye ortak m\u0131?<\/div><div class=\"panel panel-hidden\"><p class=\"accordion-text\">Greenpeace, Shell ya da BP&#8217;ye ORTAK DE\u011e\u0130LD\u0130R.<br>Mart 2000&#8217;de Greenpeace&#8217;in yapt\u0131\u011f\u0131 bir eylem, d\u00fcnya bas\u0131n\u0131nda Greenpeace&#8217;in yarat\u0131c\u0131 ve etkili eylem bi\u00e7imlerinden biri olarak yorumlan\u0131rken, T\u00fcrkiye&#8217;de bir haber ajans\u0131n\u0131n haberin \u00e7evirisinde yapt\u0131\u011f\u0131 bir yanl\u0131\u015fl\u0131ktan dolay\u0131 haberin &#8220;GREENPEACE, SHELL&#8217;E ORTAK OLDU&#8221;, &#8220;YE\u015e\u0130LE PETROL BULA\u015eTI&#8221; gibi man\u015fetlerle yay\u0131mlanmas\u0131na ve dolay\u0131s\u0131yla eylemin yanl\u0131\u015f anla\u015f\u0131lmas\u0131na ve Greenpeace&#8217;in yanl\u0131\u015f tan\u0131nmas\u0131na neden olmu\u015ftur. Bu eylem, Shell&#8217;in petrol arama faaliyetlerini durdurmak ve temiz enerjilere yat\u0131r\u0131m yap\u0131lmas\u0131 \u00e7a\u011fr\u0131s\u0131nda bulunmak i\u00e7in yapt\u0131\u011f\u0131m\u0131z \u00e7al\u0131\u015fmalardan sadece biriydi:<br>Greenpeace, Shell&#8217;in hissedarlar toplant\u0131s\u0131na kat\u0131lmak i\u00e7in gerekli olacak kadar hisse sat\u0131n alm\u0131\u015f, bu toplant\u0131ya kat\u0131larak Shell&#8217;in di\u011fer hissedarlar\u0131na \u015firketin yapt\u0131\u011f\u0131 kirli yat\u0131r\u0131mlar\u0131, \u00e7evreyi nas\u0131l kirletti\u011fini ve neler yap\u0131lmas\u0131 gerekti\u011fi anlat\u0131lm\u0131\u015f ve art\u0131k petrol \u00e7\u0131karmaktan vazge\u00e7ilmesi gerekti\u011fi hat\u0131rlatm\u0131\u015ft\u0131r.<br>Bu hisseler sat\u0131n al\u0131n\u0131rken \u00fcyelerimizin paralar\u0131 kullan\u0131lmam\u0131\u015ft\u0131r. Hisseler banka kredisi ile K\u00c2R ya da ZARAR etmemek ko\u015fulu ile al\u0131nm\u0131\u015ft\u0131r ve toplant\u0131n\u0131n hemen sonras\u0131nda hisseler k\u00e2r edilmeden sat\u0131lm\u0131\u015ft\u0131r.<br>Eyleme farkl\u0131 bir yorum ise Greenpeace&#8217;in di\u011fer petrol \u015firketlerinin bask\u0131s\u0131 ve yard\u0131m\u0131yla Shell&#8217;e kar\u015f\u0131 eylem yapm\u0131\u015f oldu\u011fu \u015feklindedir.<br><\/p><\/div><\/div><\/section>\n\n<p><\/p>\n","protected":false},"excerpt":{"rendered":"<p>Greenpeace T\u00fcrkiye hakk\u0131nda s\u0131k\u00e7a sorulan sorular.<\/p>\n","protected":false},"author":26,"featured_media":5884,"parent":0,"menu_order":0,"comment_status":"closed","ping_status":"closed","template":"","meta":{"ep_exclude_from_search":false,"p4_hide_page_title_checkbox":"on","p4_title":"","p4_subtitle":"","p4_description":"","background_image_id":"","background_image":"","p4_button_title":"","p4_button_link":"","p4_button_link_checkbox":"","p4_og_title":"","p4_og_description":"","p4_og_image":"","p4_og_image_id":"","p4_seo_canonical_url":"","p4_campaign_name":"not set","p4_local_project":"not set","p4_basket_name":"not set","p4_department":"","footnotes":""},"categories":[1],"tags":[],"class_list":["post-5979","page","type-page","status-publish","has-post-thumbnail","hentry","category-uncategorized"],"_links":{"self":[{"href":"https:\/\/www.greenpeace.org\/turkey\/wp-json\/wp\/v2\/pages\/5979","targetHints":{"allow":["GET"]}}],"collection":[{"href":"https:\/\/www.greenpeace.org\/turkey\/wp-json\/wp\/v2\/pages"}],"about":[{"href":"https:\/\/www.greenpeace.org\/turkey\/wp-json\/wp\/v2\/types\/page"}],"author":[{"embeddable":true,"href":"https:\/\/www.greenpeace.org\/turkey\/wp-json\/wp\/v2\/users\/26"}],"replies":[{"embeddable":true,"href":"https:\/\/www.greenpeace.org\/turkey\/wp-json\/wp\/v2\/comments?post=5979"}],"version-history":[{"count":19,"href":"https:\/\/www.greenpeace.org\/turkey\/wp-json\/wp\/v2\/pages\/5979\/revisions"}],"predecessor-version":[{"id":9268,"href":"https:\/\/www.greenpeace.org\/turkey\/wp-json\/wp\/v2\/pages\/5979\/revisions\/9268"}],"wp:featuredmedia":[{"embeddable":true,"href":"https:\/\/www.greenpeace.org\/turkey\/wp-json\/wp\/v2\/media\/5884"}],"wp:attachment":[{"href":"https:\/\/www.greenpeace.org\/turkey\/wp-json\/wp\/v2\/media?parent=5979"}],"wp:term":[{"taxonomy":"category","embeddable":true,"href":"https:\/\/www.greenpeace.org\/turkey\/wp-json\/wp\/v2\/categories?post=5979"},{"taxonomy":"post_tag","embeddable":true,"href":"https:\/\/www.greenpeace.org\/turkey\/wp-json\/wp\/v2\/tags?post=5979"}],"curies":[{"name":"wp","href":"https:\/\/api.w.org\/{rel}","templated":true}]}}